000
CXUS54 KHGX 011510
CF6ARM
PRELIMINARY LOCAL CLIMATOLOGICAL DATA (WS FORM: F-6)
STATION: Wharton
MONTH: NOVEMBER
YEAR: 2022
LATITUDE: 29 15 N
LONGITUDE: 96 9 W
TEMPERATURE IN F: :PCPN: SNOW: WIND :SUNSHINE: SKY :PK WND
================================================================================
1 2 3 4 5 6A 6B 7 8 9 10 11 12 13 14 15 16 17 18
12Z AVG MX 2MIN
DY MAX MIN AVG DEP HDD CDD WTR SNW DPTH SPD SPD DIR MIN PSBL S-S WX SPD DR
================================================================================
1 65 60 63 M 2 0 0.83 0.0 0 6.8 15 110 M M 9 23 110
2 79 60 70 M 0 5 0.00 0.0 0 6.4 10 90 M M 9 1 M M
3 85 69 77 M 0 12 0.00 0.0 0 7.6 15 150 M M 7 1 20 160
4 84 60 72 M 0 7 0.19 0.0 0 13.5 24 170 M M 8 31 170
5 74 57 66 M 0 1 0.11 0.0 0 4.7 9 80 M M 3 21 340
6 86 57 72 M 0 7 0.00 0.0 0 6.8 20 170 M M 7 23 170
7 86 67 77 M 0 12 M 0.0 0 5.3 9 100 M M 6 12 M M
8 84 67 76 M 0 11 M 0.0 0 5.7 12 130 M M 5 1 17 130
9 84 64 74 M 0 9 M 0.0 0 5.4 15 150 M M 5 12 18 140
10 82 64 73 M 0 8 0.00 0.0 0 5.9 12 170 M M 4 12 16 170
11 83 46 65 M 0 0 0.24 0.0 0 8.6 24 360 M M 7 1 32 350
12 60 39 50 M 15 0 0.00 0.0 0 13.7 22 360 M M 1 30 350
13 61 33 47 M 18 0 0.00 0.0 0 5.5 10 100 M M 3 M M
14 65 47 56 M 9 0 1.05 0.0 0 9.5 24 330 M M 10 1 30 330
15 54 41 48 M 17 0 0.00 0.0 0 13.5 21 340 M M 7 29 350
16 51 39 45 M 20 0 0.00 0.0 0 6.5 10 10 M M 7 M M
17 56 40 48 M 17 0 M 0.0 0 2.4 7 90 M M 9 M M
18 57 47 52 M 13 0 0.01 0.0 0 4.9 10 70 M M 10 M M
19 48 41 45 M 20 0 0.33 0.0 0 10.7 16 10 M M 10 23 20
20 54 40 47 M 18 0 M 0.0 0 8.2 10 10 M M 9 18 360
21 47 43 45 M 20 0 0.30 0.0 0 6.7 9 10 M M 10 M M
22 56 43 50 M 15 0 0.29 0.0 0 4.6 9 50 M M 10 M M
23 72 47 60 M 5 0 0.00 0.0 0 4.4 9 100 M M 5 1 M M
24 73 61 67 M 0 2 1.70 0.0 0 7.0 17 50 M M 10 1 29 50
25 61 58 60 M 5 0 1.02 0.0 0 9.0 15 30 M M 9 23 30
26 63 49 56 M 9 0 0.63 0.0 0 11.1 22 310 M M 4 32 310
27 73 49 61 M 4 0 0.00 0.0 0 5.5 10 220 M M 0 M M
28 75 48 62 M 3 0 M 0.0 0 4.7 12 150 M M 2 M M
29 79 66 73 M 0 8 M 0.0 0 11.6 21 190 M M 9 1 31 190
30 69 42 56 M 9 0 0.00 0.0 0 11.6 20 360 M M 2 12 31 330
================================================================================
SM 2066 1544 219 82 6.70 0.0 227.8 M 197
================================================================================
AV 68.9 51.5 7.6 FASTST M M 7 MAX(MPH)
MISC ----> # 24 170 # 32 350
================================================================================
NOTES:
# LAST OF SEVERAL OCCURRENCES
COLUMN 17 PEAK WIND IN M.P.H.
PRELIMINARY LOCAL CLIMATOLOGICAL DATA (WS FORM: F-6) , PAGE 2
STATION: Wharton
MONTH: NOVEMBER
YEAR: 2022
LATITUDE: 29 15 N
LONGITUDE: 96 9 W
[TEMPERATURE DATA] [PRECIPITATION DATA] SYMBOLS USED IN COLUMN 16
AVERAGE MONTHLY: 60.2 TOTAL FOR MONTH: 6.70 1 = FOG OR MIST
DPTR FM NORMAL: 0.0 DPTR FM NORMAL: M 2 = FOG REDUCING VISIBILITY
HIGHEST: 86 ON 7, 6 GRTST 24HR 1.70 ON 24-24 TO 1/4 MILE OR LESS
LOWEST: 33 ON 13 3 = THUNDER
SNOW, ICE PELLETS, HAIL 4 = ICE PELLETS
TOTAL MONTH: 0.0 INCH 5 = HAIL
GRTST 24HR 0.0 6 = FREEZING RAIN OR DRIZZLE
GRTST DEPTH: 0 7 = DUSTSTORM OR SANDSTORM:
VSBY 1/2 MILE OR LESS
8 = SMOKE OR HAZE
[NO. OF DAYS WITH] [WEATHER - DAYS WITH] 9 = BLOWING SNOW
X = TORNADO
MAX 32 OR BELOW: 0 0.01 INCH OR MORE: 12
MAX 90 OR ABOVE: 0 0.10 INCH OR MORE: 11
MIN 32 OR BELOW: 0 0.50 INCH OR MORE: 5
MIN 0 OR BELOW: 0 1.00 INCH OR MORE: 3
[HDD (BASE 65) ]
TOTAL THIS MO. 219 CLEAR (SCALE 0-3) 5
DPTR FM NORMAL M PTCLDY (SCALE 4-7) 12
TOTAL FM JUL 1 248 CLOUDY (SCALE 8-10) 13
DPTR FM NORMAL M
[CDD (BASE 65) ]
TOTAL THIS MO. 82
DPTR FM NORMAL M [PRESSURE DATA]
TOTAL FM JAN 1 3276 HIGHEST SLP M ON M
DPTR FM NORMAL M LOWEST SLP M ON M
[REMARKS]
#FINAL-11-22#