000
CXUS53 KARX 012113
CF6AUM
PRELIMINARY LOCAL CLIMATOLOGICAL DATA (WS FORM: F-6)
STATION: AUSTIN MUNI MN
MONTH: JUNE
YEAR: 2023
LATITUDE: 43 40 N
LONGITUDE: 92 56 W
TEMPERATURE IN F: :PCPN: SNOW: WIND :SUNSHINE: SKY :PK WND
================================================================================
1 2 3 4 5 6A 6B 7 8 9 10 11 12 13 14 15 16 17 18
12Z AVG MX 2MIN
DY MAX MIN AVG DEP HDD CDD WTR SNW DPTH SPD SPD DIR MIN PSBL S-S WX SPD DR
================================================================================
1 81 64 73 M 0 8 M 0.0 0 6.3 16 180 M M 2 23 180
2 88 64 76 M 0 11 M 0.0 0 4.1 16 90 M M 1 29 210
3 90 64 77 M 0 12 0.00 0.0 0 4.0 14 70 M M 1 18 70
4 90 64 77 M 0 12 0.00 0.0 0 5.1 13 100 M M 1 17 70
5 88 61 75 M 0 10 0.00 0.0 0 1.9 6 340 M M 1 8 M M
6 86 66 76 M 0 11 0.00 0.0 0 2.4 15 330 M M 3 M M
7 81 64 73 M 0 8 0.00 0.0 0 6.2 10 150 M M 2 1 10 60
8 81 61 71 M 0 6 0.00 0.0 0 3.8 8 100 M M 3 M M
9 82 54 68 M 0 3 0.00 0.0 0 4.9 12 220 M M 0 17 250
10 75 57 66 M 0 1 M 0.0 0 3.2 12 50 M M 6 20 50
11 70 48 59 M 6 0 0.00 0.0 0 10.0 14 30 M M 5 23 10
12 77 45 61 M 4 0 0.00 0.0 0 5.8 14 330 M M 3 22 340
13 84 52 68 M 0 3 0.00 0.0 0 7.0 18 300 M M 1 27 300
14 86 54 70 M 0 5 0.00 0.0 0 2.7 9 310 M M 0 8 M M
15 79 55 67 M 0 2 0.00 0.0 0 5.3 10 60 M M 0 18 16 60
16 77 46 62 M 3 0 0.00 0.0 0 4.4 9 100 M M 0 M M
17 82 54 68 M 0 3 M 0.0 0 4.7 12 190 M M 1 20 170
18 81 64 73 M 0 8 M 0.0 0 5.2 8 290 M M 7 16 180
19 88 63 76 M 0 11 0.00 0.0 0 4.7 8 170 M M 3 12 16 210
20 88 64 76 M 0 11 0.00 0.0 0 8.1 17 110 M M 0 21 110
21 90 61 76 M 0 11 0.00 0.0 0 5.8 10 110 M M 0 17 140
22 90 64 77 M 0 12 0.00 0.0 0 3.1 7 100 M M 2 M M
23 90 63 77 M 0 12 0.00 0.0 0 3.1 8 230 M M 2 M M
24 82 64 73 M 0 8 0.01 0.0 0 7.0 14 180 M M 4 3 23 170
25 75 63 69 M 0 4 M 0.0 0 9.7 16 330 M M 6 24 330
26 77 63 70 M 0 5 M 0.0 0 9.3 16 320 M M 6 1 25 320
27 82 57 70 M 0 5 M 0.0 0 2.8 9 180 M M 0 8 17 180
28 84 64 74 M 0 9 M 0.0 0 9.4 22 200 M M 2 18 25 190
29 88 63 76 M 0 11 M 0.0 0 2.5 8 330 M M 2 12 17 280
30 82 64 73 M 0 8 0.00 0.0 0 1.9 8 310 M M 3 M M
================================================================================
SM 2494 1790 13 210 0.01 0.0 154.4 M 67
================================================================================
AV 83.1 59.7 5.1 FASTST M M 2 MAX(MPH)
MISC ----> 22 200 29 210
================================================================================
NOTES:
# LAST OF SEVERAL OCCURRENCES
COLUMN 17 PEAK WIND IN M.P.H.
PRELIMINARY LOCAL CLIMATOLOGICAL DATA (WS FORM: F-6) , PAGE 2
STATION: AUSTIN MUNI MN
MONTH: JUNE
YEAR: 2023
LATITUDE: 43 40 N
LONGITUDE: 92 56 W
[TEMPERATURE DATA] [PRECIPITATION DATA] SYMBOLS USED IN COLUMN 16
AVERAGE MONTHLY: 71.4 TOTAL FOR MONTH: 0.01 1 = FOG OR MIST
DPTR FM NORMAL: 0.0 DPTR FM NORMAL: M 2 = FOG REDUCING VISIBILITY
HIGHEST: 90 ON 23,22 GRTST 24HR 0.01 ON 24-24 TO 1/4 MILE OR LESS
LOWEST: 45 ON 12 3 = THUNDER
SNOW, ICE PELLETS, HAIL 4 = ICE PELLETS
TOTAL MONTH: 0.0 INCH 5 = HAIL
GRTST 24HR 0.0 6 = FREEZING RAIN OR DRIZZLE
GRTST DEPTH: 0 7 = DUSTSTORM OR SANDSTORM:
VSBY 1/2 MILE OR LESS
8 = SMOKE OR HAZE
[NO. OF DAYS WITH] [WEATHER - DAYS WITH] 9 = BLOWING SNOW
X = TORNADO
MAX 32 OR BELOW: 0 0.01 INCH OR MORE: 1
MAX 90 OR ABOVE: 5 0.10 INCH OR MORE: 0
MIN 32 OR BELOW: 0 0.50 INCH OR MORE: 0
MIN 0 OR BELOW: 0 1.00 INCH OR MORE: 0
[HDD (BASE 65) ]
TOTAL THIS MO. 13 CLEAR (SCALE 0-3) 24
DPTR FM NORMAL M PTCLDY (SCALE 4-7) 6
TOTAL FM JUL 1 7263 CLOUDY (SCALE 8-10) 0
DPTR FM NORMAL M
[CDD (BASE 65) ]
TOTAL THIS MO. 210
DPTR FM NORMAL M [PRESSURE DATA]
TOTAL FM JAN 1 278 HIGHEST SLP M ON M
DPTR FM NORMAL M LOWEST SLP M ON M
[REMARKS]
#FINAL-06-23#