000
CXUS53 KARX 011000
CF6AUM
PRELIMINARY LOCAL CLIMATOLOGICAL DATA (WS FORM: F-6)
STATION: AUSTIN MUNI MN
MONTH: JANUARY
YEAR: 2022
LATITUDE: 43 40 N
LONGITUDE: 92 56 W
TEMPERATURE IN F: :PCPN: SNOW: WIND :SUNSHINE: SKY :PK WND
================================================================================
1 2 3 4 5 6A 6B 7 8 9 10 11 12 13 14 15 16 17 18
12Z AVG MX 2MIN
DY MAX MIN AVG DEP HDD CDD WTR SNW DPTH SPD SPD DIR MIN PSBL S-S WX SPD DR
================================================================================
1 9 -9 0 M 65 0 0.00 0.0 M 11.5 16 330 M M 0 24 350
2 7 -15 -4 M 69 0 0.00 0.0 M 4.0 7 170 M M 0 M M
3 21 1 11 M 54 0 0.00 0.0 M 7.3 10 180 M M 0 M M
4 30 16 23 M 42 0 M M M 12.1 28 290 M M 2 1 35 290
5 14 0 7 M 58 0 M M M 20.4 28 280 M M 0 189 39 280
6 0 -11 -5 M 70 0 M M M 14.3 18 310 M M 0 8 24 300
7 9 -9 0 M 65 0 M M M 7.1 15 160 M M 0 24 160
8 28 9 19 M 46 0 M M M 16.2 25 310 M M 3 18 31 170
9 10 -2 4 M 61 0 0.00 M M 12.9 23 310 M M 0 30 310
10 9 -4 3 M 62 0 0.00 M M 6.4 13 310 M M 0 17 330
11 45 3 24 M 41 0 0.00 M M 12.2 20 190 M M 0 28 170
12 45 30 38 M 27 0 0.00 M M 3.4 8 250 M M 3 1 M M
13 39 27 33 M 32 0 0.00 M M 5.9 16 320 M M 6 1 20 320
14 32 14 23 M 42 0 M M M 12.2 20 60 M M 10 28 60
15 14 -2 6 M 59 0 0.00 0.0 M 4.7 13 40 M M 0 18 40
16 27 1 14 M 51 0 M M M 9.9 16 190 M M 4 21 190
17 28 16 22 M 43 0 0.00 0.0 M 8.4 16 320 M M 9 24 310
18 39 10 25 M 40 0 0.00 0.0 M 14.3 25 300 M M 6 37 310
19 10 -6 2 M 63 0 0.00 0.0 M 19.4 25 310 M M 1 37 300
20 0 -15 -7 M 72 0 0.00 0.0 M 5.1 10 320 M M 0 M M
21 18 -17 1 M 64 0 M M M 11.2 22 190 M M 3 25 190
22 27 10 19 M 46 0 M M M 10.7 18 290 M M 8 28 290
23 10 -4 3 M 62 0 M M M 8.3 15 190 M M 5 22 190
24 23 -6 9 M 56 0 M M M 11.9 18 340 M M 5 8 27 350
25 0 -15 -7 M 72 0 0.00 0.0 M 9.1 14 290 M M 0 18 300
26 25 -20 3 M 62 0 0.00 0.0 M 11.9 22 190 M M 2 32 190
27 32 3 18 M 47 0 M M M 11.1 20 320 M M 8 27 320
28 10 -8 1 M 64 0 0.00 0.0 M 5.1 9 320 M M 3 1 M M
29 25 7 16 M 49 0 0.00 0.0 M 9.6 16 320 M M 0 21 310
30 19 12 16 M 49 0 T T M 6.6 16 320 M M 6 21 320
31 34 10 22 M 43 0 M M M 9.0 13 160 M M 0 21 150
================================================================================
SM 639 26 1676 0 T T 312.2 M 84
================================================================================
AV 20.6 0.8 10.1 FASTST M M 3 MAX(MPH)
MISC ----> # 28 290 39 280
================================================================================
NOTES:
# LAST OF SEVERAL OCCURRENCES
COLUMN 17 PEAK WIND IN M.P.H.
PRELIMINARY LOCAL CLIMATOLOGICAL DATA (WS FORM: F-6) , PAGE 2
STATION: AUSTIN MUNI MN
MONTH: JANUARY
YEAR: 2022
LATITUDE: 43 40 N
LONGITUDE: 92 56 W
[TEMPERATURE DATA] [PRECIPITATION DATA] SYMBOLS USED IN COLUMN 16
AVERAGE MONTHLY: 10.7 TOTAL FOR MONTH: T 1 = FOG OR MIST
DPTR FM NORMAL: 0.0 DPTR FM NORMAL: M 2 = FOG REDUCING VISIBILITY
HIGHEST: 45 ON 12,11 GRTST 24HR 0.44 ON 14-14 TO 1/4 MILE OR LESS
LOWEST: -20 ON 26 3 = THUNDER
SNOW, ICE PELLETS, HAIL 4 = ICE PELLETS
TOTAL MONTH: T 5 = HAIL
GRTST 24HR T ON 30-30 6 = FREEZING RAIN OR DRIZZLE
GRTST DEPTH: M ON M 7 = DUSTSTORM OR SANDSTORM:
VSBY 1/2 MILE OR LESS
8 = SMOKE OR HAZE
[NO. OF DAYS WITH] [WEATHER - DAYS WITH] 9 = BLOWING SNOW
X = TORNADO
MAX 32 OR BELOW: 26 0.01 INCH OR MORE: 0
MAX 90 OR ABOVE: 0 0.10 INCH OR MORE: 0
MIN 32 OR BELOW: 31 0.50 INCH OR MORE: 0
MIN 0 OR BELOW: 16 1.00 INCH OR MORE: 0
[HDD (BASE 65) ]
TOTAL THIS MO. 1676 CLEAR (SCALE 0-3) 19
DPTR FM NORMAL M PTCLDY (SCALE 4-7) 10
TOTAL FM JUL 1 4114 CLOUDY (SCALE 8-10) 2
DPTR FM NORMAL M
[CDD (BASE 65) ]
TOTAL THIS MO. 0
DPTR FM NORMAL M [PRESSURE DATA]
TOTAL FM JAN 1 0 HIGHEST SLP M ON M
DPTR FM NORMAL M LOWEST SLP M ON M
[REMARKS]
#FINAL-01-22#