000
CXUS53 KGRB 020005
CLSAUW
CLIMATE REPORT
NATIONAL WEATHER SERVICE GREEN BAY
605 PM CST TUE MAR 01 2022
...................................
...THE WAUSAU WI CLIMATE SUMMARY FOR THE SEASON, FROM
12/1/2021 TO 2/28/2022...
CLIMATE NORMAL PERIOD: 1991 TO 2020
CLIMATE RECORD PERIOD: 1896 TO 2022
WEATHER OBSERVED NORMAL DEPART LAST YEAR`S
VALUE DATE(S) VALUE FROM VALUE DATE(S)
NORMAL
................................................................
TEMPERATURE (F)
RECORD
HIGH 61 12/05/2001
12/02/1982
LOW -40 01/30/1951
01/18/1948
02/10/1899
HIGHEST 58 12/15 49 9 49 12/10
LOWEST -22 01/26 -22 0 -21 02/07
AVG. MAXIMUM 26.5 26.1 0.4 25.7
AVG. MINIMUM 7.9 9.9 -2.0 10.5
MEAN 17.2 18.0 -0.8 18.1
DAYS MAX >= 90 0 0.0 0.0 0
DAYS MAX <= 32 42 63.0 -21.0 65
DAYS MIN <= 32 61 87.4 -26.4 90
DAYS MIN <= 0 17 22.5 -5.5 17
PRECIPITATION (INCHES)
RECORD
MAXIMUM 6.60 2017
MINIMUM 1.07 1963
TOTALS 4.11 3.82 0.29 2.26
DAILY AVG. 0.06 0.04 0.01 0.03
DAYS >= .01 25 29.4 -4.4 MM
DAYS >= .10 8 11.6 -3.6 MM
DAYS >= .50 1 1.2 -0.2 MM
DAYS >= 1.00 0 0.2 -0.2 MM
SNOWFALL (INCHES)
RECORDS
TOTAL 64.5 2014
24 HR TOTAL 5.5
TOTALS 46.9 41.9 5.0 23.7
SINCE 7/1 50.8 49.3 1.5 30.3
DAYS >= TRACE 32 30.6 1.4 MM
DAYS >= 1.0 15 13.3 1.7 MM
GREATEST
SNOW DEPTH 12 12/11 14 02/09
02/10
02/11
24 HR TOTAL MM
DEGREE DAYS
HEATING TOTAL 4280 4234 46 4172
SINCE 7/1 5544 6049 505 6017
COOLING TOTAL 0 0 0 0
SINCE 1/1 0 0 0 0
FREEZE DATES
RECORD
EARLIEST 08/30/1915
LATEST 06/12/1903
EARLIEST 10/22
LATEST 05/12
................................................................
WIND (MPH)
AVERAGE WIND SPEED 8.1
RESULTANT WIND SPEED/DIRECTION 3/260
HIGHEST WIND SPEED/DIRECTION 38/200 DATE 12/16
HIGHEST GUST SPEED/DIRECTION 62/200 DATE 12/16
SKY COVER
POSSIBLE SUNSHINE (PERCENT) MM
AVERAGE SKY COVER 0.54
NUMBER OF DAYS FAIR 18
NUMBER OF DAYS PC 21
NUMBER OF DAYS CLOUDY 23
AVERAGE RH (PERCENT) 67
WEATHER CONDITIONS. NUMBER OF DAYS WITH
THUNDERSTORM 1 MIXED PRECIP 1
HEAVY RAIN 1 RAIN 2
LIGHT RAIN 3 FREEZING RAIN 0
LT FREEZING RAIN 3 HAIL 0
HEAVY SNOW 6 SNOW 9
LIGHT SNOW 32 SLEET 0
FOG 23 FOG W/VIS <= 1/4 MILE 4
HAZE 34
- INDICATES NEGATIVE NUMBERS.
R INDICATES RECORD WAS SET OR TIED.
MM INDICATES DATA IS MISSING.
T INDICATES TRACE AMOUNT.
$$