000
CXUS51 KBOX 010910
CF6BDL
PRELIMINARY LOCAL CLIMATOLOGICAL DATA (WS FORM: F-6)
STATION: HARTFORD CT
MONTH: FEBRUARY
YEAR: 2023
LATITUDE: 41 55 N
LONGITUDE: 72 41 W
TEMPERATURE IN F: :PCPN: SNOW: WIND :SUNSHINE: SKY :PK WND
================================================================================
1 2 3 4 5 6A 6B 7 8 9 10 11 12 13 14 15 16 17 18
12Z AVG MX 2MIN
DY MAX MIN AVG DEP HDD CDD WTR SNW DPTH SPD SPD DIR MIN PSBL S-S WX SPD DR
================================================================================
1 36 20 28 1 37 0 0.00 0.0 0 6.4 15 310 M M 4 18 310
2 39 16 28 1 37 0 0.00 0.0 0 7.7 18 210 M M 4 22 230
3 32 -5 14 -13 51 0 0.00 0.0 0 19.9 37 300 M M 5 50 300
4 16 -9 4 -23 61 0 0.00 0.0 0 9.3 31 310 M M 4 44 320
5 51 13 32 4 33 0 0.00 0.0 0 8.8 20 200 M M 7 24 200
6 52 26 39 11 26 0 0.00 0.0 0 8.9 25 10 M M 6 36 30
7 39 21 30 2 35 0 0.04 T 0 8.0 18 200 M M 5 14 23 200
8 50 30 40 12 25 0 0.00 0.0 0 7.7 25 300 M M 5 18 33 310
9 41 27 34 6 31 0 0.01 0.0 0 1.2 9 190 M M 8 11 200
10 62 32 47 19 18 0 0.00 0.0 0 10.1 26 300 M M 4 1 33 310
11 44 27 36 7 29 0 0.00 0.0 0 10.6 26 330 M M 3 37 320
12 48 25 37 8 28 0 0.00 0.0 0 3.6 10 190 M M 6 13 180
13 50 32 41 12 24 0 T 0.0 0 7.6 20 10 M M 6 24 10
14 53 31 42 13 23 0 0.00 0.0 0 9.5 21 320 M M 4 31 320
15 62 28 45 15 20 0 0.00 0.0 0 9.9 26 190 M M 5 38 180
16 61 35 48 18 17 0 0.03 0.0 0 3.6 12 170 M M 7 13 170
17 57 29 43 13 22 0 0.19 T 0 12.0 29 320 M M 10 1 37 320
18 42 23 33 3 32 0 0.00 0.0 0 9.6 22 340 M M 2 30 340
19 48 27 38 8 27 0 0.00 0.0 0 7.2 24 200 M M 8 27 190
20 63 39 51 20 14 0 0.00 0.0 0 8.7 22 280 M M 7 27 290
21 43 33 38 7 27 0 0.20 0.5 1 3.9 14 330 M M 9 1 17 300
22 41 25 33 2 32 0 0.10 T 0 4.8 14 290 M M 7 14 17 280
23 34 30 32 0 33 0 0.49 T 0 8.5 17 20 M M 10 146 21 350
24 36 20 28 -4 37 0 0.01 0.0 0 14.8 38 330 M M 6 16 51 290
25 22 14 18 -14 47 0 0.04 0.5 0 4.7 15 320 M M 8 18 18 310
26 39 9 24 -8 41 0 T 0.0 1 5.4 20 250 M M 7 16 26 340
27 40 27 34 1 31 0 0.23 1.5 1 7.1 20 160 M M 7 14 25 160
28 34 26 30 -3 35 0 0.49 4.4 5 6.8 15 50 M M 10 1 19 50
================================================================================
SM 1235 651 873 0 1.83 6.9 226.3 M 174
================================================================================
AV 44.1 23.3 8.1 FASTST M M 6 MAX(MPH)
MISC ----> 38 330 51 290
================================================================================
NOTES:
# LAST OF SEVERAL OCCURRENCES
COLUMN 17 PEAK WIND IN M.P.H.
PRELIMINARY LOCAL CLIMATOLOGICAL DATA (WS FORM: F-6) , PAGE 2
STATION: HARTFORD CT
MONTH: FEBRUARY
YEAR: 2023
LATITUDE: 41 55 N
LONGITUDE: 72 41 W
[TEMPERATURE DATA] [PRECIPITATION DATA] SYMBOLS USED IN COLUMN 16
AVERAGE MONTHLY: 33.7 TOTAL FOR MONTH: 1.83 1 = FOG OR MIST
DPTR FM NORMAL: 4.1 DPTR FM NORMAL: -1.30 2 = FOG REDUCING VISIBILITY
HIGHEST: 63 ON 20 GRTST 24HR 0.72 ON 27-28 TO 1/4 MILE OR LESS
LOWEST: -9 ON 4 3 = THUNDER
SNOW, ICE PELLETS, HAIL 4 = ICE PELLETS
TOTAL MONTH: 6.9 INCHES 5 = HAIL
GRTST 24HR 4.4 ON 28-28 6 = FREEZING RAIN OR DRIZZLE
GRTST DEPTH: 5 ON 28 7 = DUSTSTORM OR SANDSTORM:
VSBY 1/2 MILE OR LESS
8 = SMOKE OR HAZE
[NO. OF DAYS WITH] [WEATHER - DAYS WITH] 9 = BLOWING SNOW
X = TORNADO
MAX 32 OR BELOW: 3 0.01 INCH OR MORE: 11
MAX 90 OR ABOVE: 0 0.10 INCH OR MORE: 6
MIN 32 OR BELOW: 25 0.50 INCH OR MORE: 0
MIN 0 OR BELOW: 2 1.00 INCH OR MORE: 0
[HDD (BASE 65) ]
TOTAL THIS MO. 873 CLEAR (SCALE 0-3) 2
DPTR FM NORMAL -118 PTCLDY (SCALE 4-7) 22
TOTAL FM JUL 1 3668 CLOUDY (SCALE 8-10) 4
DPTR FM NORMAL -671
[CDD (BASE 65) ]
TOTAL THIS MO. 0
DPTR FM NORMAL 0 [PRESSURE DATA]
TOTAL FM JAN 1 0 HIGHEST SLP 30.63 ON 4
DPTR FM NORMAL 0 LOWEST SLP 29.47 ON 17
[REMARKS]
#FINAL-02-23#