000
CXUS51 KCTP 011211
CF6BFD
PRELIMINARY LOCAL CLIMATOLOGICAL DATA (WS FORM: F-6)
STATION: BRADFORD
MONTH: DECEMBER
YEAR: 2021
LATITUDE: 41 47 N
LONGITUDE: 78 38 W
TEMPERATURE IN F: :PCPN: SNOW: WIND :SUNSHINE: SKY :PK WND
================================================================================
1 2 3 4 5 6A 6B 7 8 9 10 11 12 13 14 15 16 17 18
12Z AVG MX 2MIN
DY MAX MIN AVG DEP HDD CDD WTR SNW DPTH SPD SPD DIR MIN PSBL S-S WX SPD DR
================================================================================
1 38 32 35 3 30 0 0.03 M M 6.3 14 150 M M 9 8 19 270
2 50 36 43 11 22 0 T M M 12.2 30 310 M M 10 18 40 320
3 36 33 35 3 30 0 0.00 M M 8.6 20 310 M M 10 26 290
4 42 32 37 5 28 0 0.00 M M 5.8 21 280 M M 7 26 270
5 45 29 37 6 28 0 0.01 M M 9.3 22 150 M M 8 36 150
6 51 28 40 9 25 0 0.75 M M 11.5 28 280 M M 10 1 42 270
7 29 21 25 -6 40 0 T M M 6.9 21 280 M M 9 29 290
8 28 18 23 -7 42 0 0.03 M M 5.7 13 280 M M 9 8 18 280
9 33 25 29 -1 36 0 T M M 6.4 18 150 M M 9 8 24 140
10 52 33 43 13 22 0 0.01 M M 6.3 14 140 M M 6 19 170
11 60 33 47 17 18 0 0.02 M M 15.4 31 270 M M 9 138 47 290
12 42 31 37 8 28 0 T M M 10.7 24 300 M M 5 32 310
13 47 29 38 9 27 0 0.00 M M 6.4 14 240 M M 0 24 230
14 49 24 37 8 28 0 0.00 M M 4.0 13 130 M M 0 18 130
15 49 36 43 15 22 0 0.02 M M 11.1 17 150 M M 7 26 130
16 59 46 53 25 12 0 0.03 M M 11.2 22 220 M M 7 34 230
17 46 31 39 11 26 0 0.00 M M 6.8 20 270 M M 1 32 270
18 44 31 38 10 27 0 0.44 M M 8.8 18 320 M M 10 168 27 350
19 31 15 23 -5 42 0 T M M 9.2 22 320 M M 8 8 29 310
20 36 13 25 -2 40 0 0.00 M M 4.8 13 190 M M 2 23 230
21 37 28 33 6 32 0 0.00 M M 6.1 14 160 M M 5 20 150
22 33 22 28 1 37 0 T M M 12.2 26 290 M M 9 36 300
23 30 20 25 -2 40 0 0.05 M M 6.7 12 140 M M 10 19 310
24 49 28 39 13 26 0 T M M 4.9 10 150 M M 7 15 140
25 54 39 47 21 18 0 0.50 M M 8.7 22 330 M M 10 18 28 310
26 39 30 35 9 30 0 0.00 M M 9.6 17 290 M M 9 22 290
27 39 28 34 8 31 0 0.13 M M 8.2 20 140 M M 9 168 30 140
28 41 33 37 11 28 0 0.30 M M 7.0 21 280 M M 6 18 26 290
29 38 35 37 12 28 0 T M M 4.0 12 140 M M 10 128 18 140
30 43 35 39 14 26 0 T M M 2.1 7 240 M M 10 128 11 260
31 48 39 44 19 21 0 T M M 3.8 10 280 M M 7 18 15 250
================================================================================
SM 1318 913 890 0 2.32 M 240.7 M 228
================================================================================
AV 42.5 29.5 7.8 FASTST M M 7 MAX(MPH)
MISC ----> 31 270 47 290
================================================================================
NOTES:
# LAST OF SEVERAL OCCURRENCES
COLUMN 17 PEAK WIND IN M.P.H.
PRELIMINARY LOCAL CLIMATOLOGICAL DATA (WS FORM: F-6) , PAGE 2
STATION: BRADFORD
MONTH: DECEMBER
YEAR: 2021
LATITUDE: 41 47 N
LONGITUDE: 78 38 W
[TEMPERATURE DATA] [PRECIPITATION DATA] SYMBOLS USED IN COLUMN 16
AVERAGE MONTHLY: 36.0 TOTAL FOR MONTH: 2.32 1 = FOG OR MIST
DPTR FM NORMAL: 7.5 DPTR FM NORMAL: -0.85 2 = FOG REDUCING VISIBILITY
HIGHEST: 60 ON 11 GRTST 24HR 0.76 ON 5- 6 TO 1/4 MILE OR LESS
LOWEST: 13 ON 20 3 = THUNDER
SNOW, ICE PELLETS, HAIL 4 = ICE PELLETS
TOTAL MONTH: M 5 = HAIL
GRTST 24HR M ON M 6 = FREEZING RAIN OR DRIZZLE
GRTST DEPTH: M ON M 7 = DUSTSTORM OR SANDSTORM:
VSBY 1/2 MILE OR LESS
8 = SMOKE OR HAZE
[NO. OF DAYS WITH] [WEATHER - DAYS WITH] 9 = BLOWING SNOW
X = TORNADO
MAX 32 OR BELOW: 4 0.01 INCH OR MORE: 13
MAX 90 OR ABOVE: 0 0.10 INCH OR MORE: 5
MIN 32 OR BELOW: 20 0.50 INCH OR MORE: 2
MIN 0 OR BELOW: 0 1.00 INCH OR MORE: 0
[HDD (BASE 65) ]
TOTAL THIS MO. 890 CLEAR (SCALE 0-3) 4
DPTR FM NORMAL -243 PTCLDY (SCALE 4-7) 11
TOTAL FM JUL 1 2238 CLOUDY (SCALE 8-10) 16
DPTR FM NORMAL -541
[CDD (BASE 65) ]
TOTAL THIS MO. 0
DPTR FM NORMAL 0 [PRESSURE DATA]
TOTAL FM JAN 1 428 HIGHEST SLP 30.57 ON 14
DPTR FM NORMAL 146 LOWEST SLP 29.34 ON 11
[REMARKS]
#FINAL-12-21#