000
CXUS55 KCYS 161131
CF6BFF
PRELIMINARY LOCAL CLIMATOLOGICAL DATA (WS FORM: F-6)...CORRECTED
STATION: SCOTTSBLUFF NE AIRPORT
MONTH: OCTOBER
YEAR: 2021
LATITUDE: 41 52 N
LONGITUDE: 103 36 W
TEMPERATURE IN F: :PCPN: SNOW: WIND :SUNSHINE: SKY :PK WND
================================================================================
1 2 3 4 5 6A 6B 7 8 9 10 11 12 13 14 15 16 17 18
12Z AVG MX 2MIN
DY MAX MIN AVG DEP HDD CDD WTR SNW DPTH SPD SPD DIR MIN PSBL S-S WX SPD DR
================================================================================
1 73 36 55 -1 10 0 0.00 0.0 0 4.9 10 60 M M 0 13 310
2 78 38 58 2 7 0 0.00 0.0 0 7.2 16 290 M M 0 22 20
3 83 36 60 5 5 0 0.00 0.0 0 5.3 17 270 M M 0 23 270
4 85 35 60 5 5 0 0.00 0.0 0 6.6 12 110 M M 0 15 110
5 88 44 66 12 0 1 0.00 0.0 0 11.0 20 160 M M 0 26 160
6 87 45 66 12 0 1 0.00 0.0 0 10.2 24 120 M M 1 31 120
7 82 49 66 13 0 1 0.01 0.0 0 6.6 15 310 M M 1 22 310
8 79 47 63 10 2 0 T 0.0 0 5.0 17 190 M M 2 24 220
9 75 46 61 9 4 0 T 0.0 0 15.3 29 280 M M 3 39 280
10 70 41 56 4 9 0 0.00 0.0 0 10.4 21 310 M M 2 28 310
11 69 35 52 1 13 0 0.00 0.0 0 11.4 20 110 M M 2 27 100
12 60 33 47 -4 18 0 0.84 2.1 0 17.0 30 20 M M 6 13 40 30
13 47 30 39 -11 26 0 0.05 0.9 2 20.7 41 290 M M 4 18 56 280
14 52 27 40 -10 25 0 0.00 0.0 0 4.8 15 330 M M 6 8 19 320
15 54 30 42 -7 23 0 0.00 0.0 0 8.5 25 320 M M 4 36 310
16 68 29 49 0 16 0 0.00 0.0 0 4.9 13 310 M M 0 18 270
17 79 29 54 5 11 0 0.00 0.0 0 5.7 16 110 M M 0 22 100
18 79 33 56 8 9 0 0.00 0.0 0 4.5 12 100 M M 0 8 M M
19 57 36 47 -1 18 0 0.39 0.0 0 10.6 23 20 M M 6 18 33 10
20 58 35 47 0 18 0 T 0.0 0 7.1 18 300 M M 6 8 24 310
21 68 30 49 2 16 0 0.00 0.0 0 4.8 14 310 M M 0 18 19 280
22 73 32 53 7 12 0 0.00 0.0 0 6.8 17 110 M M 0 23 100
23 57 37 47 1 18 0 T 0.0 0 6.6 14 120 M M 4 12 18 110
24 63 37 50 4 15 0 0.00 0.0 0 8.9 21 300 M M 0 30 290
25 67 36 52 7 13 0 0.00 0.0 0 15.4 23 130 M M 0 30 120
26 57 40 49 4 16 0 0.26 0.0 0 15.3 32 320 M M 8 1 41 320
27 60 36 48 3 17 0 T 0.0 0 15.2 29 320 M M 4 43 10
28 57 30 44 0 21 0 0.00 0.0 0 15.1 32 330 M M 1 44 330
29 72 27 50 6 15 0 0.00 0.0 0 4.0 9 20 M M 0 13 20
30 62 38 50 6 15 0 0.00 0.0 0 8.5 21 10 M M 4 26 10
31 41 32 37 -6 28 0 0.31 2.0 0 8.9 16 90 M M 10 18 21 70
================================================================================
SM 2100 1109 405 3 1.86 5.0 287.2 M 74
================================================================================
AV 67.7 35.8 9.3 FASTST M M 2 MAX(MPH)
MISC ----> 41 290 56 280
================================================================================
NOTES:
# LAST OF SEVERAL OCCURRENCES
COLUMN 17 PEAK WIND IN M.P.H.
PRELIMINARY LOCAL CLIMATOLOGICAL DATA (WS FORM: F-6) , PAGE 2
STATION: SCOTTSBLUFF NE AIRPORT
MONTH: OCTOBER
YEAR: 2021
LATITUDE: 41 52 N
LONGITUDE: 103 36 W
[TEMPERATURE DATA] [PRECIPITATION DATA] SYMBOLS USED IN COLUMN 16
AVERAGE MONTHLY: 51.8 TOTAL FOR MONTH: 1.86 1 = FOG OR MIST
DPTR FM NORMAL: 2.5 DPTR FM NORMAL: 0.63 2 = FOG REDUCING VISIBILITY
HIGHEST: 88 ON 5 GRTST 24HR 0.89 ON 12-13 TO 1/4 MILE OR LESS
LOWEST: 27 ON 29,14 3 = THUNDER
SNOW, ICE PELLETS, HAIL 4 = ICE PELLETS
TOTAL MONTH: 5.0 INCHES 5 = HAIL
GRTST 24HR 2.1 ON 12-12 6 = FREEZING RAIN OR DRIZZLE
GRTST DEPTH: 2 ON 13 7 = DUSTSTORM OR SANDSTORM:
VSBY 1/2 MILE OR LESS
8 = SMOKE OR HAZE
[NO. OF DAYS WITH] [WEATHER - DAYS WITH] 9 = BLOWING SNOW
X = TORNADO
MAX 32 OR BELOW: 0 0.01 INCH OR MORE: 6
MAX 90 OR ABOVE: 0 0.10 INCH OR MORE: 4
MIN 32 OR BELOW: 10 0.50 INCH OR MORE: 1
MIN 0 OR BELOW: 0 1.00 INCH OR MORE: 0
[HDD (BASE 65) ]
TOTAL THIS MO. 405 CLEAR (SCALE 0-3) 20
DPTR FM NORMAL -85 PTCLDY (SCALE 4-7) 9
TOTAL FM JUL 1 459 CLOUDY (SCALE 8-10) 2
DPTR FM NORMAL -172
[CDD (BASE 65) ]
TOTAL THIS MO. 3
DPTR FM NORMAL 1 [PRESSURE DATA]
TOTAL FM JAN 1 1094 HIGHEST SLP 30.38 ON 31
DPTR FM NORMAL 241 LOWEST SLP 29.43 ON 26
[REMARKS]
OCTOBER 18...PEAK WIND MISSING.
#FINAL-10-21#