000
CXUS55 KCYS 101059
CF6BFF
PRELIMINARY LOCAL CLIMATOLOGICAL DATA (WS FORM: F-6)
STATION: SCOTTSBLUFF NE AIRPORT
MONTH: MAY
YEAR: 2021
LATITUDE: 41 52 N
LONGITUDE: 103 36 W
TEMPERATURE IN F: :PCPN: SNOW: WIND :SUNSHINE: SKY :PK WND
================================================================================
1 2 3 4 5 6A 6B 7 8 9 10 11 12 13 14 15 16 17 18
12Z AVG MX 2MIN
DY MAX MIN AVG DEP HDD CDD WTR SNW DPTH SPD SPD DIR MIN PSBL S-S WX SPD DR
================================================================================
1 87 46 67 15 0 2 T 0.0 0 9.6 25 30 M M 1 45 320
2 73 48 61 9 4 0 0.01 0.0 0 15.1 31 30 M M 5 3 42 360
3 55 35 45 -7 20 0 0.00 0.0 0 11.8 24 30 M M 7 31 30
4 62 29 46 -7 19 0 T 0.0 0 9.0 28 240 M M 2 35 240
5 66 33 50 -3 15 0 0.02 0.0 0 9.8 30 300 M M 3 41 290
6 73 34 54 0 11 0 0.00 0.0 0 6.9 13 210 M M 2 19 210
7 78 39 59 5 6 0 0.00 0.0 0 13.1 25 130 M M 1 34 120
8 69 41 55 1 10 0 T 0.0 0 15.1 30 310 M M 3 39 310
9 63 31 47 -8 18 0 0.00 0.0 0 5.1 18 210 M M 5 25 210
10 45 37 41 -14 24 0 0.46 T 0 7.4 16 100 M M 9 1 21 120
11 54 39 47 -9 18 0 0.09 T 0 9.6 20 120 M M 8 27 120
12 64 35 50 -6 15 0 0.05 0.0 0 9.2 29 290 M M 1 13 40 290
13 78 39 59 3 6 0 0.00 0.0 0 7.4 26 50 M M 2 35 60
14 72 42 57 0 8 0 0.07 0.0 0 6.3 18 80 M M 3 26 60
15 68 45 57 0 8 0 0.01 0.0 0 7.3 16 110 M M 7 13 23 110
16 70 49 60 2 5 0 0.27 0.0 0 7.6 21 160 M M 7 13 32 150
17 72 46 59 1 6 0 0.00 0.0 0 9.0 22 120 M M 6 128 27 110
18 75 50 63 4 2 0 0.00 0.0 0 9.8 20 140 M M 4 27 180
19 81 49 65 6 0 0 0.00 0.0 0 10.5 23 130 M M 0 30 130
20 84 51 68 9 0 3 T 0.0 0 16.3 33 170 M M 2 12 47 180
21 75 49 62 2 3 0 0.27 0.0 0 10.4 23 130 M M 6 13 32 130
22 54 46 50 -10 15 0 0.02 0.0 0 7.6 20 80 M M 10 1 24 90
23 78 42 60 -1 5 0 0.49 0.0 0 13.7 32 290 M M 6 13 47 300
24 76 39 58 -3 7 0 0.00 0.0 0 5.4 20 320 M M 1 25 300
25 77 44 61 -1 4 0 0.00 0.0 0 9.2 18 270 M M 0 27 260
26 82 51 67 5 0 2 0.00 0.0 0 15.5 38 30 M M 2 3 49 30
27 72 43 58 -4 7 0 0.00 0.0 0 12.8 22 320 M M 2 32 300
28 75 43 59 -4 6 0 T 0.0 0 14.6 23 110 M M 4 13 31 110
29 70 52 61 -2 4 0 T 0.0 0 9.3 20 120 M M 8 1 26 130
30 64 46 55 -8 10 0 0.02 0.0 0 7.0 25 40 M M 7 35 60
31 73 40 57 -7 8 0 0.00 0.0 0 6.1 16 120 M M 0 23 180
================================================================================
SM 2185 1313 264 7 1.78 T 307.5 M 124
================================================================================
AV 70.5 42.4 9.9 FASTST M M 4 MAX(MPH)
MISC ----> 38 30 49 30
================================================================================
NOTES:
# LAST OF SEVERAL OCCURRENCES
COLUMN 17 PEAK WIND IN M.P.H.
PRELIMINARY LOCAL CLIMATOLOGICAL DATA (WS FORM: F-6) , PAGE 2
STATION: SCOTTSBLUFF NE AIRPORT
MONTH: MAY
YEAR: 2021
LATITUDE: 41 52 N
LONGITUDE: 103 36 W
[TEMPERATURE DATA] [PRECIPITATION DATA] SYMBOLS USED IN COLUMN 16
AVERAGE MONTHLY: 56.4 TOTAL FOR MONTH: 1.78 1 = FOG OR MIST
DPTR FM NORMAL: -1.3 DPTR FM NORMAL: -1.00 2 = FOG REDUCING VISIBILITY
HIGHEST: 87 ON 1 GRTST 24HR 0.51 ON 22-23 TO 1/4 MILE OR LESS
LOWEST: 29 ON 4 3 = THUNDER
SNOW, ICE PELLETS, HAIL 4 = ICE PELLETS
TOTAL MONTH: T 5 = HAIL
GRTST 24HR T ON 10-10 6 = FREEZING RAIN OR DRIZZLE
GRTST DEPTH: 0 7 = DUSTSTORM OR SANDSTORM:
VSBY 1/2 MILE OR LESS
8 = SMOKE OR HAZE
[NO. OF DAYS WITH] [WEATHER - DAYS WITH] 9 = BLOWING SNOW
X = TORNADO
MAX 32 OR BELOW: 0 0.01 INCH OR MORE: 12
MAX 90 OR ABOVE: 0 0.10 INCH OR MORE: 4
MIN 32 OR BELOW: 2 0.50 INCH OR MORE: 0
MIN 0 OR BELOW: 0 1.00 INCH OR MORE: 0
[HDD (BASE 65) ]
TOTAL THIS MO. 264 CLEAR (SCALE 0-3) 15
DPTR FM NORMAL 9 PTCLDY (SCALE 4-7) 13
TOTAL FM JUL 1 6377 CLOUDY (SCALE 8-10) 3
DPTR FM NORMAL 108
[CDD (BASE 65) ]
TOTAL THIS MO. 7
DPTR FM NORMAL -21 [PRESSURE DATA]
TOTAL FM JAN 1 7 HIGHEST SLP 30.36 ON 6
DPTR FM NORMAL -22 LOWEST SLP 29.47 ON 1
[REMARKS]
#FINAL-05-21#