000
CXUS55 KCYS 082041
CF6BFF
PRELIMINARY LOCAL CLIMATOLOGICAL DATA (WS FORM: F-6)
STATION: SCOTTSBLUFF NE AIRPORT
MONTH: MARCH
YEAR: 2020
LATITUDE: 41 52 N
LONGITUDE: 103 36 W
TEMPERATURE IN F: :PCPN: SNOW: WIND :SUNSHINE: SKY :PK WND
================================================================================
1 2 3 4 5 6A 6B 7 8 9 10 11 12 13 14 15 16 17 18
12Z AVG MX 2MIN
DY MAX MIN AVG DEP HDD CDD WTR SNW DPTH SPD SPD DIR MIN PSBL S-S WX SPD DR
================================================================================
1 42 25 34 0 31 0 0.02 0.2 0 9.1 22 340 M M 6 18 27 340
2 46 17 32 -2 33 0 0.00 0.0 0 12.7 33 270 M M 3 1 44 260
3 59 20 40 6 25 0 0.00 0.0 0 13.5 37 320 M M 1 46 300
4 64 19 42 7 23 0 0.00 0.0 0 16.1 43 270 M M 1 58 270
5 54 28 41 6 24 0 0.00 0.0 0 10.4 22 330 M M 3 27 340
6 73 22 48 12 17 0 0.00 0.0 0 5.5 17 240 M M 0 23 230
7 74 24 49 13 16 0 0.00 0.0 0 6.1 28 250 M M 0 36 250
8 69 30 50 14 15 0 0.09 T 0 11.3 31 300 M M 4 1 37 300
9 57 27 42 6 23 0 0.00 0.0 0 5.7 10 140 M M 4 14 60
10 63 31 47 10 18 0 T 0.0 0 9.8 36 280 M M 4 43 280
11 68 28 48 11 17 0 0.00 0.0 0 16.0 35 280 M M 0 45 280
12 54 26 40 3 25 0 T T 0 11.5 25 230 M M 8 32 220
13 37 28 33 -5 32 0 0.47 5.0 5 18.0 32 140 M M 10 12 40 140
14 33 27 30 -8 35 0 0.01 0.1 4 17.4 25 150 M M 10 1 31 150
15 50 30 40 2 25 0 0.00 0.0 2 12.5 20 150 M M 5 12 27 190
16 39 32 36 -2 29 0 0.00 0.0 0 7.2 13 50 M M 10 1 16 30
17 55 33 44 5 21 0 0.00 0.0 0 12.3 22 170 M M 6 12 29 180
18 47 32 40 1 25 0 0.05 0.0 0 7.6 16 120 M M 10 12 20 80
19 40 20 30 -9 35 0 0.12 1.2 1 17.1 37 30 M M 9 128 47 30
20 25 11 18 -21 47 0 T T 0 11.0 21 30 M M 6 27 190
21 58 19 39 -1 26 0 0.00 0.0 0 7.0 16 220 M M 3 21 270
22 61 26 44 4 21 0 0.00 0.0 0 8.1 29 310 M M 3 37 310
23 64 22 43 3 22 0 0.00 0.0 0 4.9 23 240 M M 4 12 36 230
24 66 30 48 8 17 0 0.00 0.0 0 12.0 32 280 M M 2 51 280
25 62 32 47 6 18 0 0.00 0.0 0 9.8 21 310 M M 2 27 310
26 55 32 44 3 21 0 0.00 0.0 0 7.7 15 120 M M 5 17 160
27 50 35 43 2 22 0 0.25 0.0 0 10.7 26 20 M M 10 1 33 20
28 54 31 43 2 22 0 0.06 0.2 0 14.2 33 340 M M 8 1 45 330
29 59 26 43 1 22 0 0.00 0.0 0 7.0 15 170 M M 3 19 180
30 65 31 48 6 17 0 T 0.0 0 5.3 21 70 M M 4 26 60
31 73 30 52 10 13 0 0.00 0.0 0 11.5 33 260 M M 2 41 290
================================================================================
SM 1716 824 737 0 1.07 6.7 329.0 M 146
================================================================================
AV 55.4 26.6 10.6 FASTST M M 5 MAX(MPH)
MISC ----> # 43 270 # 58 270
================================================================================
NOTES:
# LAST OF SEVERAL OCCURRENCES
COLUMN 17 PEAK WIND IN M.P.H.
PRELIMINARY LOCAL CLIMATOLOGICAL DATA (WS FORM: F-6) , PAGE 2
STATION: SCOTTSBLUFF NE AIRPORT
MONTH: MARCH
YEAR: 2020
LATITUDE: 41 52 N
LONGITUDE: 103 36 W
[TEMPERATURE DATA] [PRECIPITATION DATA] SYMBOLS USED IN COLUMN 16
AVERAGE MONTHLY: 41.0 TOTAL FOR MONTH: 1.07 1 = FOG OR MIST
DPTR FM NORMAL: 2.8 DPTR FM NORMAL: 0.07 2 = FOG REDUCING VISIBILITY
HIGHEST: 74 ON 7 GRTST 24HR 0.47 ON 13-13 TO 1/4 MILE OR LESS
LOWEST: 11 ON 20 3 = THUNDER
SNOW, ICE PELLETS, HAIL 4 = ICE PELLETS
TOTAL MONTH: 6.7 INCHES 5 = HAIL
GRTST 24HR 5.0 ON 13-13 6 = FREEZING RAIN OR DRIZZLE
GRTST DEPTH: 5 ON 13 7 = DUSTSTORM OR SANDSTORM:
VSBY 1/2 MILE OR LESS
8 = SMOKE OR HAZE
[NO. OF DAYS WITH] [WEATHER - DAYS WITH] 9 = BLOWING SNOW
X = TORNADO
MAX 32 OR BELOW: 1 0.01 INCH OR MORE: 8
MAX 90 OR ABOVE: 0 0.10 INCH OR MORE: 3
MIN 32 OR BELOW: 29 0.50 INCH OR MORE: 0
MIN 0 OR BELOW: 0 1.00 INCH OR MORE: 0
[HDD (BASE 65) ]
TOTAL THIS MO. 737 CLEAR (SCALE 0-3) 12
DPTR FM NORMAL -92 PTCLDY (SCALE 4-7) 13
TOTAL FM JUL 1 5409 CLOUDY (SCALE 8-10) 6
DPTR FM NORMAL -332
[CDD (BASE 65) ]
TOTAL THIS MO. 0
DPTR FM NORMAL 0 [PRESSURE DATA]
TOTAL FM JAN 1 0 HIGHEST SLP 30.62 ON 20
DPTR FM NORMAL 0 LOWEST SLP 29.58 ON 11
[REMARKS]
#FINAL-03-20#