000
CXUS55 KCYS 011530
CLMBFF
CLIMATE REPORT
NATIONAL WEATHER SERVICE CHEYENNE WY
930 AM MDT MON MAY 01 2023
...................................
...THE SCOTTSBLUFF NE AIRPORT CLIMATE SUMMARY FOR THE MONTH OF APRIL 2023...
CLIMATE NORMAL PERIOD 1991 TO 2020
CLIMATE RECORD PERIOD 1871 TO 2023
WEATHER OBSERVED NORMAL DEPART LAST YEAR`S
VALUE DATE(S) VALUE FROM VALUE DATE(S)
NORMAL
................................................................
TEMPERATURE (F)
RECORD
HIGH 93 04/24/2012
04/30/1992
04/28/1910
LOW -8 04/02/1975
HIGHEST 92 04/11 61 31 91
LOWEST 18 04/05 33 -15 9
04/07
AVG. MAXIMUM 63.7 62.3 1.4 62.6
AVG. MINIMUM 30.5 32.6 -2.1 28.6
MEAN 47.1 47.5 -0.4 45.6
DAYS MAX >= 90 2 0.1 1.9 1
DAYS MAX <= 32 1 0.9 0.1 0
DAYS MIN <= 32 18 14.8 3.2 19
DAYS MIN <= 0 0 0.0 0.0 0
PRECIPITATION (INCHES)
RECORD
MAXIMUM 6.13 1942
TOTALS 0.44 1.92 -1.48 0.42
DAYS >= .01 4 9.4 -5.4 5
DAYS >= .10 2 4.9 -2.9 2
DAYS >= .50 0 1.1 -1.1 0
DAYS >= 1.00 0 0.2 -0.2 0
GREATEST
24 HR. TOTAL 0.22 04/27 TO 04/27 0.18 04/23 TO 04/23
SNOWFALL (INCHES)
RECORDS
TOTAL MM 2022
24 HR TOTAL 3.4 04/15/2021 TO 04/15/2021
TOTALS 1.0 5.2 -4.2 0.5
SINCE 7/1 54.0 41.6 12.4 MM
DAYS >= 1.0 1 1.7 -0.7 MM
GREATEST
SNOW DEPTH 1 04/04 -1
04/05
24 HR TOTAL MM MM
DEGREE DAYS
HEATING TOTAL 530 528 2 580
SINCE 7/1 6415 6013 402 MM
COOLING TOTAL 1 1 0 6
SINCE 1/1 1 1 0 MM
................................................................
WIND (MPH)
AVERAGE WIND SPEED 10.9
HIGHEST WIND SPEED/DIRECTION 43/310 DATE 04/27
HIGHEST GUST SPEED/DIRECTION 59/310 DATE 04/27
SKY COVER
POSSIBLE SUNSHINE (PERCENT) MM
AVERAGE SKY COVER 0.32
NUMBER OF DAYS FAIR 18
NUMBER OF DAYS PC 8
NUMBER OF DAYS CLOUDY 4
AVERAGE RH (PERCENT) 61
WEATHER CONDITIONS. NUMBER OF DAYS WITH
THUNDERSTORM 1 MIXED PRECIP 0
HEAVY RAIN 1 RAIN 2
LIGHT RAIN 7 FREEZING RAIN 0
LT FREEZING RAIN 2 HAIL 0
HEAVY SNOW 0 SNOW 0
LIGHT SNOW 4 SLEET 0
FOG 6 FOG W/VIS <= 1/4 MILE 0
HAZE 2
- INDICATES NEGATIVE NUMBERS.
R INDICATES RECORD WAS SET OR TIED.
MM INDICATES DATA IS MISSING.
T INDICATES TRACE AMOUNT.
$$