000
CXUS55 KBYZ 011100
CF6BHK
PRELIMINARY LOCAL CLIMATOLOGICAL DATA (WS FORM: F-6)
STATION: BAKER MT
MONTH: FEBRUARY
YEAR: 2024
LATITUDE: 46 20 N
LONGITUDE: 104 15 W
TEMPERATURE IN F: :PCPN: SNOW: WIND :SUNSHINE: SKY :PK WND
================================================================================
1 2 3 4 5 6A 6B 7 8 9 10 11 12 13 14 15 16 17 18
12Z AVG MX 2MIN
DY MAX MIN AVG DEP HDD CDD WTR SNW DPTH SPD SPD DIR MIN PSBL S-S WX SPD DR
================================================================================
1 56 28 42 24 23 0 0.00 M M 12.5 23 140 M M 0 30 130
2 39 30 35 17 30 0 0.00 M M 21.5 32 140 M M 9 12 41 130
3 43 32 38 20 27 0 T M M 13.3 29 150 M M 10 12 34 140
4 39 32 36 18 29 0 T M M 11.7 21 140 M M 10 12 26 140
5 50 26 38 19 27 0 0.00 M M 6.2 14 150 M M 4 12 19 230
6 43 25 34 15 31 0 T M M 14.1 31 120 M M 5 12 38 120
7 32 29 31 12 34 0 0.26 M M 13.4 30 110 M M 10 126 37 110
8 29 22 26 7 39 0 0.08 M M 17.1 29 300 M M 9 1 40 310
9 25 20 23 4 42 0 T M M 10.8 15 330 M M 10 18 21 310
10 28 6 17 -3 48 0 T M M 5.2 16 320 M M 8 1 21 310
11 36 6 21 1 44 0 0.00 M M 11.1 24 270 M M 4 31 280
12 35 19 27 7 38 0 0.01 M M 3.1 15 250 M M 9 1 19 260
13 34 12 23 3 42 0 0.01 M M 9.4 20 310 M M 7 1 24 320
14 22 15 19 -1 46 0 0.01 M M 5.8 13 320 M M 10 1 16 340
15 19 5 12 -9 53 0 T M M 7.1 16 360 M M 9 20 330
16 13 -4 5 -16 60 0 0.00 M M 12.1 22 270 M M 5 29 320
17 33 8 21 0 44 0 0.00 M M 17.3 29 270 M M 0 36 270
18 40 6 23 2 42 0 0.00 M M 4.2 15 130 M M 0 17 130
19 38 18 28 6 37 0 0.00 M M 8.2 23 300 M M 1 31 280
20 50 17 34 12 31 0 0.00 M M 4.7 17 270 M M 1 21 290
21 51 28 40 18 25 0 0.00 M M 7.5 15 290 M M 1 20 310
22 49 25 37 14 28 0 0.00 M M 12.7 26 290 M M 0 37 300
23 49 30 40 17 25 0 0.00 M M 14.8 26 290 M M 0 37 280
24 51 32 42 19 23 0 0.02 M M 14.3 29 290 M M 4 39 300
25 51 32 42 18 23 0 0.01 M M 9.1 21 230 M M 9 28 220
26 58 9 34 10 31 0 0.01 M M 16.9 31 340 M M 6 1 43 330
27 9 -2 4 -20 61 0 T M M 13.8 28 330 M M 6 1 37 330
28 41 -4 19 -6 46 0 0.00 M M 8.5 18 240 M M 2 23 230
29 61 33 47 22 18 0 0.00 M M 9.7 18 190 M M 0 24 180
================================================================================
SM 1124 535 1047 0 0.41 M 316.1 M 149
================================================================================
AV 38.8 18.4 10.9 FASTST M M 5 MAX(MPH)
MISC ----> 32 140 43 330
================================================================================
NOTES:
# LAST OF SEVERAL OCCURRENCES
COLUMN 17 PEAK WIND IN M.P.H.
PRELIMINARY LOCAL CLIMATOLOGICAL DATA (WS FORM: F-6) , PAGE 2
STATION: BAKER MT
MONTH: FEBRUARY
YEAR: 2024
LATITUDE: 46 20 N
LONGITUDE: 104 15 W
[TEMPERATURE DATA] [PRECIPITATION DATA] SYMBOLS USED IN COLUMN 16
AVERAGE MONTHLY: 28.6 TOTAL FOR MONTH: 0.41 1 = FOG OR MIST
DPTR FM NORMAL: 7.7 DPTR FM NORMAL: 0.16 2 = FOG REDUCING VISIBILITY
HIGHEST: 61 ON 29 GRTST 24HR 0.34 ON 7- 8 TO 1/4 MILE OR LESS
LOWEST: -4 ON 28,16 3 = THUNDER
SNOW, ICE PELLETS, HAIL 4 = ICE PELLETS
TOTAL MONTH: M 5 = HAIL
GRTST 24HR M ON M 6 = FREEZING RAIN OR DRIZZLE
GRTST DEPTH: M ON M 7 = DUSTSTORM OR SANDSTORM:
VSBY 1/2 MILE OR LESS
8 = SMOKE OR HAZE
[NO. OF DAYS WITH] [WEATHER - DAYS WITH] 9 = BLOWING SNOW
X = TORNADO
MAX 32 OR BELOW: 8 0.01 INCH OR MORE: 8
MAX 90 OR ABOVE: 0 0.10 INCH OR MORE: 1
MIN 32 OR BELOW: 28 0.50 INCH OR MORE: 0
MIN 0 OR BELOW: 3 1.00 INCH OR MORE: 0
[HDD (BASE 65) ]
TOTAL THIS MO. 1047 CLEAR (SCALE 0-3) 10
DPTR FM NORMAL -189 PTCLDY (SCALE 4-7) 9
TOTAL FM JUL 1 5406 CLOUDY (SCALE 8-10) 10
DPTR FM NORMAL -725
[CDD (BASE 65) ]
TOTAL THIS MO. 0
DPTR FM NORMAL 0 [PRESSURE DATA]
TOTAL FM JAN 1 0 HIGHEST SLP 30.61 ON 16
DPTR FM NORMAL 0 LOWEST SLP 29.31 ON 26
[REMARKS]
#FINAL-02-24#