000
CXUS54 KBMX 011110
CF6BHM
PRELIMINARY LOCAL CLIMATOLOGICAL DATA (WS FORM: F-6)
STATION: BIRMINGHAM
MONTH: JANUARY
YEAR: 2022
LATITUDE: 33 34 N
LONGITUDE: 86 45 W
TEMPERATURE IN F: :PCPN: SNOW: WIND :SUNSHINE: SKY :PK WND
================================================================================
1 2 3 4 5 6A 6B 7 8 9 10 11 12 13 14 15 16 17 18
12Z AVG MX 2MIN
DY MAX MIN AVG DEP HDD CDD WTR SNW DPTH SPD SPD DIR MIN PSBL S-S WX SPD DR
================================================================================
1 80 71 76 31 0 11 0.02 0.0 0 18.2 25 200 M M 7 36 210
2 74 33 54 9 11 0 1.03 0.6 0 10.8 22 220 M M 10 1235 36 210
3 37 32 35 -10 30 0 T T T 10.2 M 20 M M 10 12 M M
4 54 29 42 -3 23 0 0.00 0.0 0 6.9 16 160 M M 3 20 180
5 60 42 51 6 14 0 0.00 0.0 M 4.1 10 240 M M 5 10 240
6 57 32 45 0 20 0 0.25 0.0 M 9.3 17 330 M M 8 1 23 330
7 42 24 33 -12 32 0 0.00 0.0 0 5.8 14 350 M M 7 14 350
8 58 30 44 0 21 0 0.00 0.0 0 7.7 16 140 M M 2 23 140
9 63 45 54 10 11 0 0.91 0.0 0 10.4 18 350 M M 9 13 30 350
10 48 33 41 -3 24 0 0.00 0.0 M 9.2 16 360 M M 2 25 350
11 51 28 40 -4 25 0 0.00 0.0 M 3.8 9 340 M M 0 9 340
12 56 29 43 -1 22 0 0.00 0.0 0 1.7 9 170 M M 3 9 170
13 61 36 49 5 16 0 0.00 0.0 0 4.7 14 280 M M 5 14 280
14 55 33 44 0 21 0 0.00 0.0 0 2.3 8 330 M M 6 8 330
15 52 41 47 3 18 0 0.53 0.0 0 7.9 18 90 M M 10 1 32 90
16 48 35 42 -2 23 0 0.84 0.0 0 13.2 26 100 M M 10 13 39 100
17 41 28 35 -9 30 0 0.00 0.0 0 7.9 15 280 M M 7 1 26 290
18 56 28 42 -2 23 0 0.00 0.0 0 2.4 7 170 M M 4 M M
19 68 44 56 12 9 0 0.49 0.0 0 10.8 26 270 M M 6 13 35 270
20 55 27 41 -3 24 0 0.28 0.0 0 12.6 21 350 M M 10 13 25 10
21 34 27 31 -13 34 0 0.00 0.0 0 9.3 12 360 M M 8 M M
22 45 26 36 -9 29 0 0.00 0.0 0 4.7 12 320 M M 3 15 330
23 50 21 36 -9 29 0 0.00 0.0 0 3.1 16 270 M M 0 20 250
24 61 28 45 0 20 0 0.00 0.0 0 5.2 16 230 M M 4 20 240
25 59 35 47 2 18 0 0.00 0.0 0 5.9 20 350 M M 6 22 350
26 48 27 38 -7 27 0 0.00 0.0 0 7.0 16 360 M M 2 8 22 40
27 59 26 43 -2 22 0 0.00 0.0 0 3.1 9 130 M M 3 14 80
28 49 30 40 -5 25 0 0.00 0.0 M 11.8 28 310 M M 5 35 310
29 41 23 32 -13 33 0 0.00 0.0 M 6.9 24 320 M M 1 34 350
30 62 26 44 -2 21 0 0.00 0.0 0 7.7 18 250 M M 1 22 250
31 65 30 48 2 17 0 0.00 0.0 0 1.0 8 170 M M 2 10 260
================================================================================
SM 1689 999 672 11 4.35 0.6 225.6 M 159
================================================================================
AV 54.5 32.2 7.3 FASTST M M 5 MAX(MPH)
MISC ----> 28 310 39 100
================================================================================
NOTES:
# LAST OF SEVERAL OCCURRENCES
COLUMN 17 PEAK WIND IN M.P.H.
PRELIMINARY LOCAL CLIMATOLOGICAL DATA (WS FORM: F-6) , PAGE 2
STATION: BIRMINGHAM
MONTH: JANUARY
YEAR: 2022
LATITUDE: 33 34 N
LONGITUDE: 86 45 W
[TEMPERATURE DATA] [PRECIPITATION DATA] SYMBOLS USED IN COLUMN 16
AVERAGE MONTHLY: 43.4 TOTAL FOR MONTH: 4.35 1 = FOG OR MIST
DPTR FM NORMAL: -1.3 DPTR FM NORMAL: -0.68 2 = FOG REDUCING VISIBILITY
HIGHEST: 80 ON 1 GRTST 24HR 1.64 ON 15-16 TO 1/4 MILE OR LESS
LOWEST: 21 ON 23 3 = THUNDER
SNOW, ICE PELLETS, HAIL 4 = ICE PELLETS
TOTAL MONTH: 0.6 INCH 5 = HAIL
GRTST 24HR 0.6 ON 2- 2 6 = FREEZING RAIN OR DRIZZLE
GRTST DEPTH: T 7 = DUSTSTORM OR SANDSTORM:
VSBY 1/2 MILE OR LESS
8 = SMOKE OR HAZE
[NO. OF DAYS WITH] [WEATHER - DAYS WITH] 9 = BLOWING SNOW
X = TORNADO
MAX 32 OR BELOW: 0 0.01 INCH OR MORE: 8
MAX 90 OR ABOVE: 0 0.10 INCH OR MORE: 7
MIN 32 OR BELOW: 20 0.50 INCH OR MORE: 4
MIN 0 OR BELOW: 0 1.00 INCH OR MORE: 1
[HDD (BASE 65) ]
TOTAL THIS MO. 672 CLEAR (SCALE 0-3) 10
DPTR FM NORMAL 41 PTCLDY (SCALE 4-7) 13
TOTAL FM JUL 1 1371 CLOUDY (SCALE 8-10) 8
DPTR FM NORMAL -266
[CDD (BASE 65) ]
TOTAL THIS MO. 11
DPTR FM NORMAL 9 [PRESSURE DATA]
TOTAL FM JAN 1 11 HIGHEST SLP 30.59 ON 11
DPTR FM NORMAL 9 LOWEST SLP 29.50 ON 16
[REMARKS]
#FINAL-01-22#