000
CXUS55 KVEF 011133
CF6BIH
PRELIMINARY LOCAL CLIMATOLOGICAL DATA (WS FORM: F-6)
STATION: BISHOP CA
MONTH: NOVEMBER
YEAR: 2023
LATITUDE: 37 22 N
LONGITUDE: 118 22 W
TEMPERATURE IN F: :PCPN: SNOW: WIND :SUNSHINE: SKY :PK WND
================================================================================
1 2 3 4 5 6A 6B 7 8 9 10 11 12 13 14 15 16 17 18
12Z AVG MX 2MIN
DY MAX MIN AVG DEP HDD CDD WTR SNW DPTH SPD SPD DIR MIN PSBL S-S WX SPD DR
================================================================================
1 71 25 48 -3 17 0 0.00 0.0 0 5.6 10 310 M M 0 13 170
2 74 27 51 0 14 0 0.00 0.0 0 5.6 12 170 M M 0 16 160
3 77 30 54 4 11 0 0.00 0.0 0 5.1 15 160 M M 0 20 170
4 75 33 54 4 11 0 0.00 0.0 0 5.3 16 160 M M 0 22 180
5 74 34 54 4 11 0 0.00 0.0 0 4.3 10 350 M M 0 14 240
6 80 35 58 9 7 0 T 0.0 0 8.8 25 120 M M 0 34 280
7 67 41 54 5 11 0 M 0.0 0 11.2 26 360 M M 2 37 350
8 61 30 46 -2 19 0 0.00 0.0 0 7.5 16 350 M M 1 22 330
9 62 21 42 -6 23 0 0.00 0.0 0 5.3 12 300 M M 0 13 330
10 63 21 42 -6 23 0 0.00 0.0 0 4.6 12 150 M M 0 14 150
11 67 21 44 -3 21 0 0.00 0.0 0 5.3 10 300 M M 0 12 160
12 67 23 45 -2 20 0 0.00 0.0 0 9.2 25 150 M M 0 35 160
13 66 25 46 0 19 0 0.00 0.0 0 12.2 28 160 M M 0 36 130
14 64 25 45 -1 20 0 0.00 0.0 0 6.0 16 140 M M 0 20 140
15 64 30 47 1 18 0 0.07 0.0 0 10.1 35 160 M M 3 1 46 150
16 56 32 44 -1 21 0 0.00 0.0 0 2.1 8 300 M M 8 1 10 360
17 59 29 44 -1 21 0 T 0.0 0 8.1 21 150 M M 6 28 160
18 62 37 50 6 15 0 T 0.0 0 6.9 17 320 M M 5 25 310
19 61 40 51 7 14 0 0.00 0.0 0 20.8 33 360 M M 1 46 350
20 63 29 46 2 19 0 0.00 0.0 0 15.0 31 340 M M 0 44 350
21 62 20 41 -2 24 0 0.00 0.0 0 4.8 13 290 M M 0 15 290
22 64 20 42 -1 23 0 0.00 0.0 0 4.4 10 280 M M 0 8 13 60
23 68 34 51 8 14 0 0.00 0.0 0 11.8 37 340 M M 2 51 340
24 52 33 43 1 22 0 0.00 0.0 0 15.0 25 360 M M 2 36 350
25 50 24 37 -5 28 0 0.00 0.0 0 9.3 23 350 M M 0 32 350
26 56 17 37 -5 28 0 0.00 0.0 0 5.6 12 310 M M 0 16 330
27 61 16 39 -2 26 0 0.00 0.0 0 5.5 13 290 M M 0 16 300
28 56 15 36 -5 29 0 0.00 0.0 0 5.8 17 160 M M 0 23 160
29 58 19 39 -2 26 0 0.00 0.0 0 4.8 10 290 M M 0 14 280
30 56 19 38 -2 27 0 T 0.0 0 4.1 10 100 M M 3 19 10
================================================================================
SM 1916 805 582 0 0.07 0.0 230.1 M 33
================================================================================
AV 63.9 26.8 7.7 FASTST M M 1 MAX(MPH)
MISC ----> 37 340 51 340
================================================================================
NOTES:
# LAST OF SEVERAL OCCURRENCES
COLUMN 17 PEAK WIND IN M.P.H.
PRELIMINARY LOCAL CLIMATOLOGICAL DATA (WS FORM: F-6) , PAGE 2
STATION: BISHOP CA
MONTH: NOVEMBER
YEAR: 2023
LATITUDE: 37 22 N
LONGITUDE: 118 22 W
[TEMPERATURE DATA] [PRECIPITATION DATA] SYMBOLS USED IN COLUMN 16
AVERAGE MONTHLY: 45.4 TOTAL FOR MONTH: 0.07 1 = FOG OR MIST
DPTR FM NORMAL: -0.2 DPTR FM NORMAL: -0.24 2 = FOG REDUCING VISIBILITY
HIGHEST: 80 ON 6 GRTST 24HR 0.07 ON 15-15 TO 1/4 MILE OR LESS
LOWEST: 15 ON 28 3 = THUNDER
SNOW, ICE PELLETS, HAIL 4 = ICE PELLETS
TOTAL MONTH: 0.0 INCH 5 = HAIL
GRTST 24HR 0.0 6 = FREEZING RAIN OR DRIZZLE
GRTST DEPTH: 0 7 = DUSTSTORM OR SANDSTORM:
VSBY 1/2 MILE OR LESS
8 = SMOKE OR HAZE
[NO. OF DAYS WITH] [WEATHER - DAYS WITH] 9 = BLOWING SNOW
X = TORNADO
MAX 32 OR BELOW: 0 0.01 INCH OR MORE: 1
MAX 90 OR ABOVE: 0 0.10 INCH OR MORE: 0
MIN 32 OR BELOW: 22 0.50 INCH OR MORE: 0
MIN 0 OR BELOW: 0 1.00 INCH OR MORE: 0
[HDD (BASE 65) ]
TOTAL THIS MO. 582 CLEAR (SCALE 0-3) 25
DPTR FM NORMAL 0 PTCLDY (SCALE 4-7) 5
TOTAL FM JUL 1 814 CLOUDY (SCALE 8-10) 0
DPTR FM NORMAL -42
[CDD (BASE 65) ]
TOTAL THIS MO. 0
DPTR FM NORMAL 0 [PRESSURE DATA]
TOTAL FM JAN 1 1021 HIGHEST SLP 30.55 ON 21
DPTR FM NORMAL -190 LOWEST SLP 29.62 ON 23
[REMARKS]
#FINAL-11-23#