000
CXUS53 KBIS 010930
CF6BIS
PRELIMINARY LOCAL CLIMATOLOGICAL DATA (WS FORM: F-6)
STATION: BISMARCK ND
MONTH: NOVEMBER
YEAR: 2021
LATITUDE: 46 46 N
LONGITUDE: 100 45 W
TEMPERATURE IN F: :PCPN: SNOW: WIND :SUNSHINE: SKY :PK WND
================================================================================
1 2 3 4 5 6A 6B 7 8 9 10 11 12 13 14 15 16 17 18
12Z AVG MX 2MIN
DY MAX MIN AVG DEP HDD CDD WTR SNW DPTH SPD SPD DIR MIN PSBL S-S WX SPD DR
================================================================================
1 41 20 31 -5 34 0 T T 0 6.0 18 330 M M 6 23 310
2 41 16 29 -7 36 0 0.00 0.0 0 3.9 9 140 M M 0 13 190
3 52 21 37 1 28 0 0.00 0.0 0 3.8 10 210 M M 0 14 200
4 62 21 42 7 23 0 0.00 0.0 0 4.9 14 200 M M 0 18 160
5 63 31 47 12 18 0 0.01 0.0 0 7.3 21 280 M M 1 28 280
6 67 29 48 14 17 0 0.00 0.0 0 4.6 14 140 M M 0 19 140
7 60 31 46 12 19 0 0.00 0.0 0 5.0 17 320 M M 0 26 320
8 55 30 43 10 22 0 0.00 0.0 0 3.6 14 240 M M 1 23 210
9 54 20 37 4 28 0 0.00 0.0 0 7.3 20 140 M M 1 12 26 140
10 51 36 44 12 21 0 0.07 0.0 0 12.0 26 140 M M 5 33 280
11 39 30 35 3 30 0 0.08 1.1 0 22.6 37 330 M M 7 1 55 340
12 30 12 21 -10 44 0 T 0.1 1 16.0 35 320 M M 8 8 51 310
13 50 19 35 4 30 0 0.09 T 1 13.8 40 320 M M 9 16 62 320
14 43 21 32 2 33 0 T 0.0 T 3.4 10 150 M M 6 1 15 120
15 52 32 42 12 23 0 T 0.0 0 7.3 16 130 M M 5 21 120
16 55 36 46 16 19 0 0.00 0.0 0 17.0 40 310 M M 1 56 330
17 36 24 30 1 35 0 T T T 27.3 39 280 M M 9 58 290
18 33 21 27 -2 38 0 T T 0 9.3 23 320 M M 5 35 330
19 53 21 37 9 28 0 0.00 0.0 0 5.3 18 150 M M 3 22 160
20 46 23 35 7 30 0 0.00 0.0 0 5.7 14 200 M M 3 21 220
21 37 15 26 -1 39 0 0.00 0.0 0 11.9 31 320 M M 1 48 330
22 49 19 34 7 31 0 0.00 0.0 0 4.0 12 140 M M 1 13 150
23 56 23 40 14 25 0 0.00 0.0 0 4.5 16 330 M M 0 21 190
24 32 7 20 -6 45 0 T T 0 11.6 24 340 M M 5 18 33 340
25 28 2 15 -11 50 0 0.00 0.0 T 7.5 18 150 M M 2 1 23 160
26 59 22 41 16 24 0 0.00 0.0 0 5.9 23 280 M M 1 32 290
27 49 22 36 11 29 0 0.00 0.0 0 11.0 25 320 M M 3 34 340
28 46 18 32 8 33 0 T 0.0 0 4.7 13 200 M M 4 16 140
29 54 32 43 19 22 0 0.00 0.0 0 9.2 23 320 M M 2 29 320
30 47 23 35 11 30 0 0.01 0.0 0 5.7 14 170 M M 3 19 170
================================================================================
SM 1440 677 884 0 0.26 1.2 262.1 M 92
================================================================================
AV 48.0 22.6 8.7 FASTST M M 3 MAX(MPH)
MISC ----> # 40 320 62 320
================================================================================
NOTES:
# LAST OF SEVERAL OCCURRENCES
COLUMN 17 PEAK WIND IN M.P.H.
PRELIMINARY LOCAL CLIMATOLOGICAL DATA (WS FORM: F-6) , PAGE 2
STATION: BISMARCK ND
MONTH: NOVEMBER
YEAR: 2021
LATITUDE: 46 46 N
LONGITUDE: 100 45 W
[TEMPERATURE DATA] [PRECIPITATION DATA] SYMBOLS USED IN COLUMN 16
AVERAGE MONTHLY: 35.3 TOTAL FOR MONTH: 0.26 1 = FOG OR MIST
DPTR FM NORMAL: 5.4 DPTR FM NORMAL: -0.43 2 = FOG REDUCING VISIBILITY
HIGHEST: 67 ON 6 GRTST 24HR 0.09 ON 13-13 TO 1/4 MILE OR LESS
LOWEST: 2 ON 25 3 = THUNDER
SNOW, ICE PELLETS, HAIL 4 = ICE PELLETS
TOTAL MONTH: 1.2 INCHES 5 = HAIL
GRTST 24HR 1.1 ON 11-11 6 = FREEZING RAIN OR DRIZZLE
GRTST DEPTH: 1 ON 13,12 7 = DUSTSTORM OR SANDSTORM:
VSBY 1/2 MILE OR LESS
8 = SMOKE OR HAZE
[NO. OF DAYS WITH] [WEATHER - DAYS WITH] 9 = BLOWING SNOW
X = TORNADO
MAX 32 OR BELOW: 3 0.01 INCH OR MORE: 5
MAX 90 OR ABOVE: 0 0.10 INCH OR MORE: 0
MIN 32 OR BELOW: 28 0.50 INCH OR MORE: 0
MIN 0 OR BELOW: 0 1.00 INCH OR MORE: 0
[HDD (BASE 65) ]
TOTAL THIS MO. 884 CLEAR (SCALE 0-3) 19
DPTR FM NORMAL -170 PTCLDY (SCALE 4-7) 8
TOTAL FM JUL 1 1387 CLOUDY (SCALE 8-10) 3
DPTR FM NORMAL -544
[CDD (BASE 65) ]
TOTAL THIS MO. 0
DPTR FM NORMAL 0 [PRESSURE DATA]
TOTAL FM JAN 1 1045 HIGHEST SLP 30.61 ON 25
DPTR FM NORMAL 509 LOWEST SLP 29.37 ON 16
[REMARKS]
#FINAL-11-21#