000
CXUS53 KGRR 010843
CLMBIV
CLIMATE REPORT
NATIONAL WEATHER SERVICE GRAND RAPIDS, MICHIGAN
343 AM EST THU FEB 01 2024
...................................
...THE HOLLAND CLIMATE SUMMARY FOR THE MONTH OF JANUARY 2024...
CLIMATE NORMAL PERIOD: 1991 TO 2020
CLIMATE RECORD PERIOD: 1905 TO 2024
WEATHER OBSERVED NORMAL DEPART LAST YEAR`S
VALUE DATE(S) VALUE FROM VALUE DATE(S)
NORMAL
................................................................
TEMPERATURE (F)
RECORD
HIGH 67 01/25/1950
01/26/1950
LOW -21 01/01/1964
HIGHEST 42 01/28 MM MM 52 01/11
LOWEST -2 01/20 MM MM 8 01/31
AVG. MAXIMUM 32.8 31.8 1.0 37.2
AVG. MINIMUM 24.6 19.9 4.7 29.3
MEAN 28.7 25.9 2.8 33.2
DAYS MAX >= 90 0 0.0 0.0 0
DAYS MAX <= 32 9 15.5 -6.5 5
DAYS MIN <= 32 23 27.0 -4.0 19
DAYS MIN <= 0 3 1.5 1.5 0
PRECIPITATION (INCHES)
RECORD
MAXIMUM 4.91 1901
MINIMUM 0.39 2009
TOTALS 3.18 1.87 1.31 2.76
DAILY AVG. 0.10 0.06 0.04 0.09
DAYS >= .01 21 14.0 7.0 21
DAYS >= .10 11 5.4 5.6 9
DAYS >= .50 1 0.9 0.1 1
DAYS >= 1.00 0 0.1 -0.1 0
GREATEST
24 HR. TOTAL 0.83 01/09 TO 01/10
DEGREE DAYS
HEATING TOTAL 1117 1214 -97 976
SINCE 7/1 3104 3548 -444 MM
COOLING TOTAL 0 0 0 0
SINCE 1/1 0 0 0 MM
................................................................
WIND (MPH)
AVERAGE WIND SPEED 9.2
RESULTANT WIND SPEED/DIRECTION 3/240
HIGHEST WIND SPEED/DIRECTION 30/240 DATE 01/17
HIGHEST GUST SPEED/DIRECTION 40/300 DATE 01/13
SKY COVER
POSSIBLE SUNSHINE (PERCENT) MM
AVERAGE SKY COVER 0.98
NUMBER OF DAYS FAIR 0
NUMBER OF DAYS PC 0
NUMBER OF DAYS CLOUDY 28
AVERAGE RH (PERCENT) 82
WEATHER CONDITIONS. NUMBER OF DAYS WITH
THUNDERSTORM 0 MIXED PRECIP 0
HEAVY RAIN 0 RAIN 3
LIGHT RAIN 11 FREEZING RAIN 0
LT FREEZING RAIN 0 HAIL 0
HEAVY SNOW 4 SNOW 7
LIGHT SNOW 18 SLEET 0
FOG 22 FOG W/VIS <= 1/4 MILE 6
HAZE 9
- INDICATES NEGATIVE NUMBERS.
R INDICATES RECORD WAS SET OR TIED.
MM INDICATES DATA IS MISSING.
T INDICATES TRACE AMOUNT.
$$