000
CXUS51 KRLX 012028
CF6BKW
PRELIMINARY LOCAL CLIMATOLOGICAL DATA (WS FORM: F-6)
STATION: BECKLEY WV
MONTH: FEBRUARY
YEAR: 2024
LATITUDE: 37 46 N
LONGITUDE: 81 7 W
TEMPERATURE IN F: :PCPN: SNOW: WIND :SUNSHINE: SKY :PK WND
================================================================================
1 2 3 4 5 6A 6B 7 8 9 10 11 12 13 14 15 16 17 18
12Z AVG MX 2MIN
DY MAX MIN AVG DEP HDD CDD WTR SNW DPTH SPD SPD DIR MIN PSBL S-S WX SPD DR
================================================================================
1 50 32 41 8 24 0 0.00 0.0 0 8.3 14 230 M M 5 17 230
2 44 29 37 4 28 0 0.00 0.0 0 7.9 16 330 M M 9 22 330
3 53 23 38 5 27 0 0.00 0.0 0 2.9 8 140 M M 0 11 30
4 54 31 43 10 22 0 0.00 0.0 0 5.4 15 180 M M 0 20 140
5 56 29 43 9 22 0 0.00 0.0 0 5.5 15 330 M M 0 20 330
6 49 25 37 3 28 0 0.00 0.0 0 4.0 15 350 M M 0 20 350
7 60 25 43 9 22 0 0.00 0.0 0 3.3 12 150 M M 0 18 150
8 63 38 51 17 14 0 0.00 0.0 0 6.9 14 130 M M 0 19 120
9 53 42 48 14 17 0 0.01 0.0 0 8.4 17 230 M M 9 28 240
10 57 49 53 19 12 0 0.71 0.0 0 7.8 16 230 M M 10 13 24 260
11 50 46 48 13 17 0 0.30 0.0 0 2.2 14 120 M M 10 12 19 110
12 50 43 47 12 18 0 0.24 0.0 0 4.9 16 130 M M 10 12 27 120
13 44 30 37 2 28 0 0.31 0.3 T 12.8 24 300 M M 6 123 34 300
14 49 31 40 5 25 0 0.00 0.0 0 7.8 22 290 M M 6 33 290
15 58 28 43 8 22 0 T 0.0 0 10.3 25 230 M M 2 40 230
16 45 28 37 1 28 0 0.46 1.2 0 6.7 21 340 M M 3 123 31 340
17 30 16 23 -13 42 0 0.04 0.6 2 11.8 20 270 M M 9 18 29 310
18 38 15 27 -9 38 0 0.00 0.0 1 8.8 20 270 M M 0 27 280
19 49 20 35 -1 30 0 0.00 0.0 0 2.7 8 260 M M 0 12 270
20 53 26 40 4 25 0 0.00 0.0 0 5.8 13 140 M M 0 21 180
21 57 34 46 9 19 0 0.00 0.0 0 7.4 15 250 M M 0 22 260
22 61 42 52 15 13 0 0.39 0.0 0 10.8 24 220 M M 5 1 38 210
23 50 36 43 6 22 0 0.16 0.0 0 8.4 17 320 M M 8 12 29 250
24 42 25 34 -3 31 0 0.09 0.2 0 9.3 21 300 M M 9 1 30 300
25 52 19 36 -2 29 0 0.00 0.0 0 5.2 13 230 M M 3 19 230
26 65 43 54 16 11 0 0.02 0.0 0 7.8 18 220 M M 4 26 210
27 62 46 54 16 11 0 0.20 0.0 0 10.1 17 210 M M 5 13 28 200
28 63 27 45 7 20 0 0.81 0.0 0 15.3 29 310 M M 7 13 43 300
29 40 22 31 -7 34 0 0.00 0.0 0 8.5 21 310 M M 2 29 280
================================================================================
SM 1497 900 679 0 3.74 2.3 217.0 M 122
================================================================================
AV 51.6 31.0 7.5 FASTST M M 4 MAX(MPH)
MISC ----> 29 310 43 300
================================================================================
NOTES:
# LAST OF SEVERAL OCCURRENCES
COLUMN 17 PEAK WIND IN M.P.H.
PRELIMINARY LOCAL CLIMATOLOGICAL DATA (WS FORM: F-6) , PAGE 2
STATION: BECKLEY WV
MONTH: FEBRUARY
YEAR: 2024
LATITUDE: 37 46 N
LONGITUDE: 81 7 W
[TEMPERATURE DATA] [PRECIPITATION DATA] SYMBOLS USED IN COLUMN 16
AVERAGE MONTHLY: 41.3 TOTAL FOR MONTH: 3.74 1 = FOG OR MIST
DPTR FM NORMAL: 5.9 DPTR FM NORMAL: 0.62 2 = FOG REDUCING VISIBILITY
HIGHEST: 65 ON 26 GRTST 24HR 0.95 ON 10-11 TO 1/4 MILE OR LESS
LOWEST: 15 ON 18 3 = THUNDER
SNOW, ICE PELLETS, HAIL 4 = ICE PELLETS
TOTAL MONTH: 2.4 INCHES 5 = HAIL
GRTST 24HR 1.2 ON 16-16 6 = FREEZING RAIN OR DRIZZLE
GRTST DEPTH: 2 ON 17 7 = DUSTSTORM OR SANDSTORM:
VSBY 1/2 MILE OR LESS
8 = SMOKE OR HAZE
[NO. OF DAYS WITH] [WEATHER - DAYS WITH] 9 = BLOWING SNOW
X = TORNADO
MAX 32 OR BELOW: 1 0.01 INCH OR MORE: 13
MAX 90 OR ABOVE: 0 0.10 INCH OR MORE: 9
MIN 32 OR BELOW: 19 0.50 INCH OR MORE: 2
MIN 0 OR BELOW: 0 1.00 INCH OR MORE: 0
[HDD (BASE 65) ]
TOTAL THIS MO. 679 CLEAR (SCALE 0-3) 14
DPTR FM NORMAL -150 PTCLDY (SCALE 4-7) 8
TOTAL FM JUL 1 3444 CLOUDY (SCALE 8-10) 7
DPTR FM NORMAL -429
[CDD (BASE 65) ]
TOTAL THIS MO. 0
DPTR FM NORMAL 0 [PRESSURE DATA]
TOTAL FM JAN 1 0 HIGHEST SLP 30.52 ON 29
DPTR FM NORMAL 0 LOWEST SLP 29.33 ON 13
[REMARKS]
#FINAL-02-24#