000
CXUS55 KPSR 011005
CF6BLH
PRELIMINARY LOCAL CLIMATOLOGICAL DATA (WS FORM: F-6)
STATION: BLYTHE CA
MONTH: AUGUST
YEAR: 2020
LATITUDE: 33 37 N
LONGITUDE: 114 43 W
TEMPERATURE IN F: :PCPN: SNOW: WIND :SUNSHINE: SKY :PK WND
================================================================================
1 2 3 4 5 6A 6B 7 8 9 10 11 12 13 14 15 16 17 18
12Z AVG MX 2MIN
DY MAX MIN AVG DEP HDD CDD WTR SNW DPTH SPD SPD DIR MIN PSBL S-S WX SPD DR
================================================================================
1 116 88 102 8 0 37 0.00 M M 16.0 25 180 M M 3 34 230
2 116 88 102 8 0 37 0.00 M M 12.7 24 220 M M 4 32 210
3 113 79 96 2 0 31 0.00 M M 8.3 18 190 M M 3 22 180
4 114 85 100 6 0 35 0.00 M M 15.0 25 230 M M 3 33 220
5 110 79 95 1 0 30 0.00 M M 12.3 25 240 M M 3 30 240
6 107 76 92 -2 0 27 0.00 M M 10.4 26 240 M M 4 36 190
7 108 69 89 -5 0 24 0.00 M M 6.3 20 240 M M 1 24 240
8 110 73 92 -2 0 27 0.00 M M 5.8 15 220 M M 4 20 180
9 113 74 94 0 0 29 0.00 M M 8.1 24 210 M M 2 30 190
10 114 74 94 0 0 29 0.00 M M 8.3 24 160 M M 4 36 210
11 113 85 99 5 0 34 0.00 M M 9.4 15 260 M M 4 21 270
12 112 88 100 6 0 35 0.00 M M 7.4 15 200 M M 5 20 170
13 116 92 104 10 0 39 0.00 M M 4.2 14 290 M M 5 21 210
14 118 87 103 9 0 38 0.00 M M 6.3 14 160 M M 3 20 200
15 116 90 103 9 0 38 0.00 M M 13.1 37 180 M M 5 43 180
16 117 89 103 9 0 38 0.00 M M 9.0 33 180 M M 5 8 39 180
17 117 91 104 10 0 39 0.00 M M 9.5 21 190 M M 5 27 180
18 117 91 104 11 0 39 0.00 M M 7.6 23 190 M M 5 28 190
19 116 91 104 11 0 39 0.00 M M 12.3 17 190 M M 0 M M
20 114 90 102 9 0 37 0.00 M M 12.3 15 200 M M 0 M M
21 102 89 96 3 0 31 0.00 M M 12.1 22 180 M M M 26 190
22 108 84 96 3 0 31 0.00 M M 12.0 25 180 M M 0 29 190
23 112 84 98 5 0 33 0.00 M M 8.1 17 170 M M 0 21 170
24 115 87 101 8 0 36 0.00 M M 5.9 32 270 M M 1 37 260
25 116 89 103 10 0 38 0.00 M M 5.2 12 250 M M 1 16 150
26 116 87 102 10 0 37 0.00 M M 6.0 18 230 M M 1 22 220
27 115 89 102 10 0 37 0.00 M M 5.8 14 240 M M 1 17 130
28 115 83 99 7 0 34 0.00 M M 7.3 28 230 M M 1 32 220
29 108 87 98 6 0 33 0.00 M M 14.3 23 170 M M 0 27 170
30 105 86 96 4 0 31 0.00 M M 12.7 23 200 M M 0 28 190
31 104 83 94 2 0 29 0.00 M M 11.0 18 190 M M 0 23 200
================================================================================
SM 3493 2627 01052 0.00 M 294.7 M 73
================================================================================
AV112.7 84.7 9.5 FASTST M M 2 MAX(MPH)
MISC ----> 37 180 43 180
================================================================================
NOTES:
# LAST OF SEVERAL OCCURRENCES
COLUMN 17 PEAK WIND IN M.P.H.
PRELIMINARY LOCAL CLIMATOLOGICAL DATA (WS FORM: F-6) , PAGE 2
STATION: BLYTHE CA
MONTH: AUGUST
YEAR: 2020
LATITUDE: 33 37 N
LONGITUDE: 114 43 W
[TEMPERATURE DATA] [PRECIPITATION DATA] SYMBOLS USED IN COLUMN 16
AVERAGE MONTHLY: 98.7 TOTAL FOR MONTH: 0.00 1 = FOG OR MIST
DPTR FM NORMAL: 5.3 DPTR FM NORMAL: -0.53 2 = FOG REDUCING VISIBILITY
HIGHEST: 118 ON 14 GRTST 24HR 0.00 ON 1- 1 TO 1/4 MILE OR LESS
LOWEST: 69 ON 7 3 = THUNDER
SNOW, ICE PELLETS, HAIL 4 = ICE PELLETS
TOTAL MONTH: M 5 = HAIL
GRTST 24HR M ON M 6 = FREEZING RAIN OR DRIZZLE
GRTST DEPTH: M ON M 7 = DUSTSTORM OR SANDSTORM:
VSBY 1/2 MILE OR LESS
8 = SMOKE OR HAZE
[NO. OF DAYS WITH] [WEATHER - DAYS WITH] 9 = BLOWING SNOW
X = TORNADO
MAX 32 OR BELOW: 0 0.01 INCH OR MORE: 0
MAX 90 OR ABOVE: 31 0.10 INCH OR MORE: 0
MIN 32 OR BELOW: 0 0.50 INCH OR MORE: 0
MIN 0 OR BELOW: 0 1.00 INCH OR MORE: 0
[HDD (BASE 65) ]
TOTAL THIS MO. 0 CLEAR (SCALE 0-3) 16
DPTR FM NORMAL 0 PTCLDY (SCALE 4-7) 14
TOTAL FM JUL 1 0 CLOUDY (SCALE 8-10) 1
DPTR FM NORMAL 0
[CDD (BASE 65) ]
TOTAL THIS MO. 1052
DPTR FM NORMAL 172 [PRESSURE DATA]
TOTAL FM JAN 1 3621 HIGHEST SLP M ON M
DPTR FM NORMAL 363 LOWEST SLP 29.51 ON 27
[REMARKS]
#FINAL-08-20#