000
CXUS53 KIND 010600
CF6BMG
PRELIMINARY LOCAL CLIMATOLOGICAL DATA (WS FORM: F-6)
STATION: BLOOMINGTON IN
MONTH: MAY
YEAR: 2023
LATITUDE: 39 7 N
LONGITUDE: 86 37 W
TEMPERATURE IN F: :PCPN: SNOW: WIND :SUNSHINE: SKY :PK WND
================================================================================
1 2 3 4 5 6A 6B 7 8 9 10 11 12 13 14 15 16 17 18
12Z AVG MX 2MIN
DY MAX MIN AVG DEP HDD CDD WTR SNW DPTH SPD SPD DIR MIN PSBL S-S WX SPD DR
================================================================================
1 56 43 50 -9 15 0 T M M 10.7 26 290 M M 10 46 280
2 61 42 52 -8 13 0 0.00 M M 10.7 22 290 M M 5 35 280
3 63 39 51 -9 14 0 0.00 M M 6.6 18 360 M M 0 28 360
4 71 37 54 -6 11 0 0.00 M M 1.6 10 350 M M 1 15 350
5 77 44 61 1 4 0 0.00 M M 5.5 17 130 M M 0 26 170
6 76 57 67 6 0 2 T M M 7.6 18 130 M M 7 3 28 150
7 74 60 67 6 0 2 1.68 M M 7.0 21 230 M M 5 13 32 240
8 76 59 68 7 0 3 0.33 M M 4.6 21 190 M M 3 1 33 210
9 76 53 65 3 0 0 0.00 M M 8.3 18 60 M M 3 1 26 60
10 79 47 63 1 2 0 0.00 M M 4.9 14 120 M M 0 20 120
11 84 50 67 5 0 2 0.00 M M 4.6 14 120 M M 1 19 110
12 75 66 71 8 0 6 T M M 6.0 14 140 M M 5 1 18 190
13 84 67 76 13 0 11 0.03 M M 3.0 13 90 M M 7 1 18 100
14 81 66 74 11 0 9 1.19 M M 9.2 21 100 M M 4 13 29 90
15 73 56 65 1 0 0 T M M 5.7 16 50 M M 5 22 40
16 68 58 63 -1 2 0 0.02 M M 4.3 13 10 M M 6 1 17 350
17 76 52 64 0 1 0 0.00 M M 5.6 13 50 M M 0 1 18 100
18 75 48 62 -2 3 0 0.00 M M 4.5 12 80 M M 0 17 70
19 81 48 65 0 0 0 0.15 M M 6.3 18 330 M M 4 13 33 350
20 70 50 60 -5 5 0 0.03 M M 7.5 15 10 M M 3 18 23 30
21 78 43 61 -4 4 0 0.00 M M 2.7 10 60 M M 0 16 70
22 80 48 64 -2 1 0 0.00 M M 3.4 14 110 M M 0 20 100
23 83 51 67 1 0 2 0.00 M M 2.1 14 40 M M 0 1 18 70
24 86 53 70 4 0 5 0.00 M M 5.1 18 60 M M 1 25 60
25 73 53 63 -3 2 0 0.00 M M 11.0 17 30 M M 0 27 20
26 78 44 61 -6 4 0 0.00 M M 8.6 18 50 M M 0 27 100
27 76 46 61 -6 4 0 0.00 M M 4.8 14 100 M M 0 21 60
28 81 53 67 0 0 2 0.00 M M 3.1 15 30 M M 3 23 20
29 86 51 69 1 0 4 0.00 M M 3.0 14 60 M M 1 1 20 360
30 86 56 71 3 0 6 T M M 3.9 15 150 M M 1 20 140
31 88 61 75 7 0 10 0.00 M M 2.7 10 30 M M 2 13 17 160
================================================================================
SM 2371 1601 85 64 3.43 M 174.6 M 77
================================================================================
AV 76.5 51.6 5.6 FASTST M M 2 MAX(MPH)
MISC ----> 26 290 46 280
================================================================================
NOTES:
# LAST OF SEVERAL OCCURRENCES
COLUMN 17 PEAK WIND IN M.P.H.
PRELIMINARY LOCAL CLIMATOLOGICAL DATA (WS FORM: F-6) , PAGE 2
STATION: BLOOMINGTON IN
MONTH: MAY
YEAR: 2023
LATITUDE: 39 7 N
LONGITUDE: 86 37 W
[TEMPERATURE DATA] [PRECIPITATION DATA] SYMBOLS USED IN COLUMN 16
AVERAGE MONTHLY: 64.1 TOTAL FOR MONTH: 3.43 1 = FOG OR MIST
DPTR FM NORMAL: 0.3 DPTR FM NORMAL: -1.04 2 = FOG REDUCING VISIBILITY
HIGHEST: 88 ON 31 GRTST 24HR 1.68 ON 6- 7 TO 1/4 MILE OR LESS
LOWEST: 37 ON 4 3 = THUNDER
SNOW, ICE PELLETS, HAIL 4 = ICE PELLETS
TOTAL MONTH: M 5 = HAIL
GRTST 24HR M ON M 6 = FREEZING RAIN OR DRIZZLE
GRTST DEPTH: M ON M 7 = DUSTSTORM OR SANDSTORM:
VSBY 1/2 MILE OR LESS
8 = SMOKE OR HAZE
[NO. OF DAYS WITH] [WEATHER - DAYS WITH] 9 = BLOWING SNOW
X = TORNADO
MAX 32 OR BELOW: 0 0.01 INCH OR MORE: 7
MAX 90 OR ABOVE: 0 0.10 INCH OR MORE: 4
MIN 32 OR BELOW: 0 0.50 INCH OR MORE: 2
MIN 0 OR BELOW: 0 1.00 INCH OR MORE: 2
[HDD (BASE 65) ]
TOTAL THIS MO. 85 CLEAR (SCALE 0-3) 19
DPTR FM NORMAL -38 PTCLDY (SCALE 4-7) 11
TOTAL FM JUL 1 4428 CLOUDY (SCALE 8-10) 1
DPTR FM NORMAL -645
[CDD (BASE 65) ]
TOTAL THIS MO. 64
DPTR FM NORMAL -21 [PRESSURE DATA]
TOTAL FM JAN 1 78 HIGHEST SLP M ON M
DPTR FM NORMAL -27 LOWEST SLP 29.49 ON 1
[REMARKS]
#FINAL-05-23#