000
CXUS53 KIND 010600
CF6BMG
PRELIMINARY LOCAL CLIMATOLOGICAL DATA (WS FORM: F-6)
STATION: BLOOMINGTON IN
MONTH: APRIL
YEAR: 2022
LATITUDE: 39 7 N
LONGITUDE: 86 37 W
TEMPERATURE IN F: :PCPN: SNOW: WIND :SUNSHINE: SKY :PK WND
================================================================================
1 2 3 4 5 6A 6B 7 8 9 10 11 12 13 14 15 16 17 18
12Z AVG MX 2MIN
DY MAX MIN AVG DEP HDD CDD WTR SNW DPTH SPD SPD DIR MIN PSBL S-S WX SPD DR
================================================================================
1 44 28 36 -13 29 0 T M M 6.0 15 290 M M 8 1 24 290
2 57 26 42 -8 23 0 T M M 6.7 22 290 M M 4 32 360
3 60 29 45 -5 20 0 0.00 M M 4.2 16 320 M M 2 27 350
4 63 45 54 4 11 0 0.00 M M 7.0 21 230 M M 7 28 220
5 62 42 52 1 13 0 0.17 M M 6.2 13 150 M M 7 1 18 150
6 58 43 51 0 14 0 0.24 M M 7.1 18 270 M M 7 1 30 280
7 50 38 44 -8 21 0 0.01 M M 9.3 23 240 M M 7 35 230
8 45 36 41 -11 24 0 0.12 M M 9.4 20 280 M M 9 1 28 280
9 48 31 40 -12 25 0 0.04 M M 7.0 16 280 M M 8 1 29 280
10 66 28 47 -6 18 0 0.00 M M 9.0 23 150 M M 0 32 150
11 67 54 61 8 4 0 0.32 M M 10.9 25 210 M M 8 13 38 210
12 73 49 61 8 4 0 0.01 M M 8.4 16 140 M M 7 1 24 150
13 70 47 59 5 6 0 1.29 M M 12.3 23 300 M M 8 123 39 290
14 59 35 47 -7 18 0 0.01 M M 10.4 26 220 M M 2 1 41 240
15 68 44 56 2 9 0 T M M 11.4 30 230 M M 3 49 230
16 61 39 50 -5 15 0 0.03 M M 7.4 17 280 M M 5 27 270
17 54 33 44 -11 21 0 0.01 M M 9.2 16 60 M M 1 24 70
18 45 36 41 -14 24 0 0.31 M M 10.3 18 290 M M 10 1 32 300
19 53 32 43 -13 22 0 0.00 M M 7.4 14 280 M M 4 23 290
20 67 43 55 -1 10 0 0.11 M M 10.4 30 190 M M 7 47 190
21 67 48 58 2 7 0 0.29 M M 6.9 23 180 M M 7 13 36 180
22 79 48 64 7 1 0 T M M 7.4 17 150 M M 4 1 24 200
23 85 67 76 19 0 11 0.00 M M 12.1 23 190 M M 0 36 210
24 83 66 75 18 0 10 0.18 M M 14.2 25 210 M M 7 13 39 200
25 66 45 56 -2 9 0 1.41 M M 6.3 15 290 M M 8 1 22 300
26 56 37 47 -11 18 0 0.00 M M 6.9 15 280 M M 0 25 300
27 67 34 51 -7 14 0 0.00 M M 2.7 14 270 M M 2 22 270
28 66 47 57 -1 8 0 T M M 8.0 15 40 M M 4 21 50
29 72 55 64 5 1 0 0.05 M M 8.9 16 120 M M 9 22 120
30 81 56 69 10 0 4 0.11 M M 10.5 22 180 M M 3 3 33 150
================================================================================
SM 1892 1261 389 25 4.71 M 253.9 M 158
================================================================================
AV 63.1 42.0 8.5 FASTST M M 5 MAX(MPH)
MISC ----> # 30 230 49 230
================================================================================
NOTES:
# LAST OF SEVERAL OCCURRENCES
COLUMN 17 PEAK WIND IN M.P.H.
PRELIMINARY LOCAL CLIMATOLOGICAL DATA (WS FORM: F-6) , PAGE 2
STATION: BLOOMINGTON IN
MONTH: APRIL
YEAR: 2022
LATITUDE: 39 7 N
LONGITUDE: 86 37 W
[TEMPERATURE DATA] [PRECIPITATION DATA] SYMBOLS USED IN COLUMN 16
AVERAGE MONTHLY: 52.6 TOTAL FOR MONTH: 4.71 1 = FOG OR MIST
DPTR FM NORMAL: -1.7 DPTR FM NORMAL: -0.23 2 = FOG REDUCING VISIBILITY
HIGHEST: 85 ON 23 GRTST 24HR 1.59 ON 24-25 TO 1/4 MILE OR LESS
LOWEST: 26 ON 2 3 = THUNDER
SNOW, ICE PELLETS, HAIL 4 = ICE PELLETS
TOTAL MONTH: M 5 = HAIL
GRTST 24HR M ON M 6 = FREEZING RAIN OR DRIZZLE
GRTST DEPTH: M ON M 7 = DUSTSTORM OR SANDSTORM:
VSBY 1/2 MILE OR LESS
8 = SMOKE OR HAZE
[NO. OF DAYS WITH] [WEATHER - DAYS WITH] 9 = BLOWING SNOW
X = TORNADO
MAX 32 OR BELOW: 0 0.01 INCH OR MORE: 18
MAX 90 OR ABOVE: 0 0.10 INCH OR MORE: 11
MIN 32 OR BELOW: 6 0.50 INCH OR MORE: 2
MIN 0 OR BELOW: 0 1.00 INCH OR MORE: 2
[HDD (BASE 65) ]
TOTAL THIS MO. 389 CLEAR (SCALE 0-3) 9
DPTR FM NORMAL 52 PTCLDY (SCALE 4-7) 17
TOTAL FM JUL 1 4611 CLOUDY (SCALE 8-10) 4
DPTR FM NORMAL -338
[CDD (BASE 65) ]
TOTAL THIS MO. 25
DPTR FM NORMAL 8 [PRESSURE DATA]
TOTAL FM JAN 1 25 HIGHEST SLP M ON M
DPTR FM NORMAL 5 LOWEST SLP 29.49 ON 13
[REMARKS]
#FINAL-04-22#