000
CXUS53 KIND 010600
CF6BMG
PRELIMINARY LOCAL CLIMATOLOGICAL DATA (WS FORM: F-6)
STATION: BLOOMINGTON IN
MONTH: JULY
YEAR: 2021
LATITUDE: 39 7 N
LONGITUDE: 86 37 W
TEMPERATURE IN F: :PCPN: SNOW: WIND :SUNSHINE: SKY :PK WND
================================================================================
1 2 3 4 5 6A 6B 7 8 9 10 11 12 13 14 15 16 17 18
12Z AVG MX 2MIN
DY MAX MIN AVG DEP HDD CDD WTR SNW DPTH SPD SPD DIR MIN PSBL S-S WX SPD DR
================================================================================
1 83 64 74 0 0 9 0.93 M M 3.9 15 350 M M 6 13 22 350
2 78 56 67 -7 0 2 0.00 M M 6.9 16 360 M M 1 23 340
3 80 55 68 -6 0 3 0.00 M M 4.1 10 350 M M 1 16 360
4 86 66 76 1 0 11 0.00 M M 3.9 10 250 M M 0 1 15 360
5 88 65 77 2 0 12 0.00 M M 2.1 9 240 M M 0 1 14 290
6 90 68 79 4 0 14 0.00 M M 2.2 16 150 M M 0 13 21 150
7 90 69 80 5 0 15 0.17 M M 4.6 21 200 M M 2 138 29 210
8 85 70 78 3 0 13 0.62 M M 6.0 21 290 M M 5 138 36 310
9 76 62 69 -6 0 4 0.00 M M 4.0 12 20 M M 3 1 17 10
10 79 66 73 -2 0 8 1.45 M M 5.7 12 20 M M 8 13 19 360
11 76 68 72 -3 0 7 0.02 M M 3.8 12 200 M M 8 12 17 170
12 84 69 77 2 0 12 T M M 6.2 16 190 M M 6 12 25 170
13 80 69 75 0 0 10 0.35 M M 6.7 17 260 M M 5 18 27 270
14 86 66 76 1 0 11 0.00 M M 4.1 12 200 M M 4 17 210
15 88 71 80 5 0 15 0.07 M M 6.3 21 210 M M 2 38 36 230
16 84 70 77 2 0 12 2.32 M M 4.9 21 190 M M 7 13 32 180
17 81 65 73 -2 0 8 0.05 M M 3.0 10 290 M M 6 1 15 300
18 84 62 73 -2 0 8 0.00 M M 5.5 14 100 M M 1 1 20 100
19 85 62 74 -1 0 9 0.00 M M 3.9 13 20 M M 1 1 18 30
20 85 62 74 -1 0 9 0.00 M M 3.2 12 360 M M 0 1 16 340
21 84 63 74 -1 0 9 0.00 M M 3.6 8 20 M M 1 18 M M
22 83 68 76 1 0 11 0.00 M M 3.7 9 140 M M 5 1 13 130
23 87 65 76 1 0 11 0.00 M M 2.6 10 140 M M 1 1 16 130
24 87 66 77 2 0 12 0.00 M M 5.5 15 210 M M 1 1 20 210
25 87 70 79 4 0 14 0.07 M M 2.4 18 230 M M 4 123 25 220
26 91 68 80 5 0 15 0.00 M M 2.6 10 60 M M 1 12 16 40
27 90 62 76 1 0 11 0.00 M M 1.7 9 30 M M 0 18 12 340
28 88 64 76 1 0 11 0.00 M M 1.6 8 300 M M 0 1 13 250
29 88 70 79 5 0 14 0.57 M M 5.2 16 240 M M 3 13 23 230
30 82 64 73 -1 0 8 0.00 M M 5.0 15 10 M M 3 1 22 10
31 71 58 65 -9 0 0 0.06 M M 1.9 9 20 M M 6 128 12 50
================================================================================
SM 2606 2023 0 308 6.68 M 126.8 M 91
================================================================================
AV 84.1 65.3 4.1 FASTST M M 3 MAX(MPH)
MISC ----> # 21 200 # 36 310
================================================================================
NOTES:
# LAST OF SEVERAL OCCURRENCES
COLUMN 17 PEAK WIND IN M.P.H.
PRELIMINARY LOCAL CLIMATOLOGICAL DATA (WS FORM: F-6) , PAGE 2
STATION: BLOOMINGTON IN
MONTH: JULY
YEAR: 2021
LATITUDE: 39 7 N
LONGITUDE: 86 37 W
[TEMPERATURE DATA] [PRECIPITATION DATA] SYMBOLS USED IN COLUMN 16
AVERAGE MONTHLY: 74.7 TOTAL FOR MONTH: 6.68 1 = FOG OR MIST
DPTR FM NORMAL: 0.0 DPTR FM NORMAL: 1.79 2 = FOG REDUCING VISIBILITY
HIGHEST: 91 ON 26 GRTST 24HR 2.33 ON 16-17 TO 1/4 MILE OR LESS
LOWEST: 55 ON 3 3 = THUNDER
SNOW, ICE PELLETS, HAIL 4 = ICE PELLETS
TOTAL MONTH: M 5 = HAIL
GRTST 24HR M ON M 6 = FREEZING RAIN OR DRIZZLE
GRTST DEPTH: M ON M 7 = DUSTSTORM OR SANDSTORM:
VSBY 1/2 MILE OR LESS
8 = SMOKE OR HAZE
[NO. OF DAYS WITH] [WEATHER - DAYS WITH] 9 = BLOWING SNOW
X = TORNADO
MAX 32 OR BELOW: 0 0.01 INCH OR MORE: 12
MAX 90 OR ABOVE: 4 0.10 INCH OR MORE: 7
MIN 32 OR BELOW: 0 0.50 INCH OR MORE: 5
MIN 0 OR BELOW: 0 1.00 INCH OR MORE: 2
[HDD (BASE 65) ]
TOTAL THIS MO. 0 CLEAR (SCALE 0-3) 18
DPTR FM NORMAL -2 PTCLDY (SCALE 4-7) 12
TOTAL FM JUL 1 0 CLOUDY (SCALE 8-10) 1
DPTR FM NORMAL 0
[CDD (BASE 65) ]
TOTAL THIS MO. 308
DPTR FM NORMAL 7 [PRESSURE DATA]
TOTAL FM JAN 1 697 HIGHEST SLP M ON M
DPTR FM NORMAL 67 LOWEST SLP 29.79 ON 10
[REMARKS]
#FINAL-07-21#