000
CDUS43 KIND 140554
CLIBMG


CLIMATE REPORT
NATIONAL WEATHER SERVICE INDIANAPOLIS IN
153 AM EDT THU AUG 14 2014


...................................

...THE BLOOMINGTON IN CLIMATE SUMMARY FOR AUGUST 13 2014...

CLIMATE NORMAL PERIOD 1981 TO 2010
CLIMATE RECORD PERIOD 9999 TO 9999


WEATHER ITEM   OBSERVED TIME   NORMAL DEPARTURE LAST
                VALUE   (LST)  VALUE  FROM      YEAR
                                      NORMAL
......................................................
TEMPERATURE (F)
 YESTERDAY
  MAXIMUM         80    257 PM  85     -5       77
  MINIMUM         54    510 AM  62     -8       53
  AVERAGE         67            73     -6       65

PRECIPITATION (IN)
  YESTERDAY        0.00          0.09  -0.09     0.00
  MONTH TO DATE    0.56          1.39  -0.83     0.25
  SINCE JUN 1      9.48         11.17  -1.69    10.08
  SINCE JAN 1     28.08         31.06  -2.98    29.09

DEGREE DAYS
 HEATING
  YESTERDAY        0             0      0        0
  MONTH TO DATE    0             0      0        0
  SINCE JUN 1      8            17     -9       11
  SINCE JUL 1      5             2      3        4

 COOLING
  YESTERDAY        2             9     -7        0
  MONTH TO DATE   77           117    -40       95
  SINCE JUN 1    506           601    -95      564
  SINCE JAN 1    632           683    -51      683
......................................................


WIND (MPH)
  HIGHEST WIND SPEED    12   HIGHEST WIND DIRECTION     W (290)
  HIGHEST GUST SPEED    15   HIGHEST GUST DIRECTION     W (280)
  AVERAGE WIND SPEED     2.7


SKY COVER
  AVERAGE SKY COVER 0.0


WEATHER CONDITIONS
 THE FOLLOWING WEATHER WAS RECORDED YESTERDAY.
  FOG


RELATIVE HUMIDITY (PERCENT)
 HIGHEST    93           100 AM
 LOWEST     42           300 PM
 AVERAGE    68

..........................................................


THE BLOOMINGTON IN CLIMATE NORMALS FOR TODAY
                         NORMAL
 MAXIMUM TEMPERATURE (F)   85
 MINIMUM TEMPERATURE (F)   62


SUNRISE AND SUNSET
AUGUST 14 2014........SUNRISE   659 AM EDT   SUNSET   843 PM EDT
AUGUST 15 2014........SUNRISE   700 AM EDT   SUNSET   842 PM EDT


-  INDICATES NEGATIVE NUMBERS.
R  INDICATES RECORD WAS SET OR TIED.
MM INDICATES DATA IS MISSING.
T  INDICATES TRACE AMOUNT.




$$
