000
CDUS43 KIND 080536
CLIBMG


CLIMATE REPORT
NATIONAL WEATHER SERVICE INDIANAPOLIS IN
135 AM EDT FRI SEP 8 2017


...................................

...THE BLOOMINGTON IN CLIMATE SUMMARY FOR SEPTEMBER 7 2017...

CLIMATE NORMAL PERIOD 1981 TO 2010
CLIMATE RECORD PERIOD 9999 TO 9999


WEATHER ITEM   OBSERVED TIME   NORMAL DEPARTURE LAST
                VALUE   (LST)  VALUE  FROM      YEAR
                                      NORMAL
......................................................
TEMPERATURE (F)
 YESTERDAY
  MAXIMUM         72    244 PM  81     -9       89
  MINIMUM         43    614 AM  57    -14       69
  AVERAGE         58            69    -11       79

PRECIPITATION (IN)
  YESTERDAY        0.00          0.12  -0.12     0.00
  MONTH TO DATE    0.16          0.73  -0.57     0.13
  SINCE SEP 1      0.16          0.73  -0.57     0.13
  SINCE JAN 1     29.72         33.92  -4.20    36.05

DEGREE DAYS
 HEATING
  YESTERDAY        7             1      6        0
  MONTH TO DATE   23             3     20        0
  SINCE SEP 1     23             3     20        0
  SINCE JUL 1     26            10     16        3

 COOLING
  YESTERDAY        0             5     -5       14
  MONTH TO DATE   10            38    -28       52
  SINCE SEP 1     10            38    -28       52
  SINCE JAN 1    898           855     43     1127
......................................................


WIND (MPH)
  HIGHEST WIND SPEED    15   HIGHEST WIND DIRECTION     W (270)
  HIGHEST GUST SPEED    21   HIGHEST GUST DIRECTION    NW (310)
  AVERAGE WIND SPEED     4.2


SKY COVER
  AVERAGE SKY COVER 0.2


WEATHER CONDITIONS
 THE FOLLOWING WEATHER WAS RECORDED YESTERDAY.
  NO SIGNIFICANT WEATHER WAS OBSERVED.


RELATIVE HUMIDITY (PERCENT)
 HIGHEST    89           600 AM
 LOWEST     36           600 PM
 AVERAGE    63

..........................................................


THE BLOOMINGTON IN CLIMATE NORMALS FOR TODAY
                         NORMAL
 MAXIMUM TEMPERATURE (F)   81
 MINIMUM TEMPERATURE (F)   56


SUNRISE AND SUNSET
SEPTEMBER  8 2017.....SUNRISE   722 AM EDT   SUNSET   806 PM EDT
SEPTEMBER  9 2017.....SUNRISE   723 AM EDT   SUNSET   804 PM EDT


-  INDICATES NEGATIVE NUMBERS.
R  INDICATES RECORD WAS SET OR TIED.
MM INDICATES DATA IS MISSING.
T  INDICATES TRACE AMOUNT.




$$
