000
CDUS43 KIND 210533
CLIBMG


CLIMATE REPORT
NATIONAL WEATHER SERVICE INDIANAPOLIS IN
132 AM EDT MON JUL 21 2014


...................................

...THE BLOOMINGTON IN CLIMATE SUMMARY FOR JULY 20 2014...

CLIMATE NORMAL PERIOD 1981 TO 2010
CLIMATE RECORD PERIOD 9999 TO 9999


WEATHER ITEM   OBSERVED TIME   NORMAL DEPARTURE LAST
                VALUE   (LST)  VALUE  FROM      YEAR
                                      NORMAL
......................................................
TEMPERATURE (F)
 YESTERDAY
  MAXIMUM         83    412 PM  84     -1       88
  MINIMUM         55    316 AM  64     -9       67
  AVERAGE         69            74     -5       78

PRECIPITATION (IN)
  YESTERDAY        0.00          0.18  -0.18     1.14
  MONTH TO DATE    2.05          3.56  -1.51     2.19
  SINCE JUN 1      7.22          8.45  -1.23     7.76
  SINCE JAN 1     25.82         28.34  -2.52    26.77

DEGREE DAYS
 HEATING
  YESTERDAY        0             0      0        0
  MONTH TO DATE    2             0      2        0
  SINCE JUN 1      5            15    -10        7
  SINCE JUL 1      2             0      2        0

 COOLING
  YESTERDAY        4             9     -5       13
  MONTH TO DATE  105           180    -75      197
  SINCE JUN 1    378           388    -10      421
  SINCE JAN 1    504           470     34      540
......................................................


WIND (MPH)
  HIGHEST WIND SPEED     8   HIGHEST WIND DIRECTION     N (350)
  HIGHEST GUST SPEED    10   HIGHEST GUST DIRECTION     N (360)
  AVERAGE WIND SPEED     1.3


SKY COVER
  AVERAGE SKY COVER 0.3


WEATHER CONDITIONS
 THE FOLLOWING WEATHER WAS RECORDED YESTERDAY.
  FOG
  FOG W/VISIBILITY <= 1/4 MILE


RELATIVE HUMIDITY (PERCENT)
 HIGHEST    93          1200 AM
 LOWEST     51           200 PM
 AVERAGE    72

..........................................................


THE BLOOMINGTON IN CLIMATE NORMALS FOR TODAY
                         NORMAL
 MAXIMUM TEMPERATURE (F)   84
 MINIMUM TEMPERATURE (F)   64


SUNRISE AND SUNSET
JULY 21 2014..........SUNRISE   637 AM EDT   SUNSET   908 PM EDT
JULY 22 2014..........SUNRISE   638 AM EDT   SUNSET   907 PM EDT


-  INDICATES NEGATIVE NUMBERS.
R  INDICATES RECORD WAS SET OR TIED.
MM INDICATES DATA IS MISSING.
T  INDICATES TRACE AMOUNT.




$$
