000
CDUS43 KIND 170530
CLIBMG


CLIMATE REPORT
NATIONAL WEATHER SERVICE INDIANAPOLIS IN
130 AM EDT MON APR 17 2017


...................................

...THE BLOOMINGTON IN CLIMATE SUMMARY FOR APRIL 16 2017...

CLIMATE NORMAL PERIOD 1981 TO 2010
CLIMATE RECORD PERIOD 9999 TO 9999


WEATHER ITEM   OBSERVED TIME   NORMAL DEPARTURE LAST
                VALUE   (LST)  VALUE  FROM      YEAR
                                      NORMAL
......................................................
TEMPERATURE (F)
 YESTERDAY
  MAXIMUM         77    153 PM  65     12       79
  MINIMUM         62   1125 PM  43     19       45
  AVERAGE         70            54     16       62

PRECIPITATION (IN)
  YESTERDAY        0.11          0.15  -0.04     0.00
  MONTH TO DATE    1.15          2.42  -1.27     2.46
  SINCE MAR 1      5.58          6.30  -0.72     7.02
  SINCE JAN 1     10.62         12.37  -1.75    12.23

DEGREE DAYS
 HEATING
  YESTERDAY        0            12    -12        3
  MONTH TO DATE  122           224   -102      296
  SINCE MAR 1    726           912   -186      765
  SINCE JUL 1   3913          4980  -1067     4085

 COOLING
  YESTERDAY        5             1      4        0
  MONTH TO DATE   15             8      7        0
  SINCE MAR 1     18            11      7        0
  SINCE JAN 1     18            11      7        0
......................................................


WIND (MPH)
  HIGHEST WIND SPEED    21   HIGHEST WIND DIRECTION    SW (230)
  HIGHEST GUST SPEED    30   HIGHEST GUST DIRECTION    SW (210)
  AVERAGE WIND SPEED     8.5


SKY COVER
  AVERAGE SKY COVER 0.5


WEATHER CONDITIONS
 THE FOLLOWING WEATHER WAS RECORDED YESTERDAY.
  THUNDERSTORM
  LIGHT RAIN


RELATIVE HUMIDITY (PERCENT)
 HIGHEST    90          1100 PM
 LOWEST     44          1200 AM
 AVERAGE    67

..........................................................


THE BLOOMINGTON IN CLIMATE NORMALS FOR TODAY
                         NORMAL
 MAXIMUM TEMPERATURE (F)   66
 MINIMUM TEMPERATURE (F)   43


SUNRISE AND SUNSET
APRIL 17 2017.........SUNRISE   706 AM EDT   SUNSET   826 PM EDT
APRIL 18 2017.........SUNRISE   705 AM EDT   SUNSET   827 PM EDT


-  INDICATES NEGATIVE NUMBERS.
R  INDICATES RECORD WAS SET OR TIED.
MM INDICATES DATA IS MISSING.
T  INDICATES TRACE AMOUNT.




$$
