000
CDUS43 KIND 220531
CLIBMG


CLIMATE REPORT
NATIONAL WEATHER SERVICE INDIANAPOLIS IN
131 AM EDT MON SEP 22 2014


...................................

...THE BLOOMINGTON IN CLIMATE SUMMARY FOR SEPTEMBER 21 2014...

CLIMATE NORMAL PERIOD 1981 TO 2010
CLIMATE RECORD PERIOD 9999 TO 9999


WEATHER ITEM   OBSERVED TIME   NORMAL DEPARTURE LAST
                VALUE   (LST)  VALUE  FROM      YEAR
                                      NORMAL
......................................................
TEMPERATURE (F)
 YESTERDAY
  MAXIMUM         75    316 PM  76     -1       72
  MINIMUM         51   1153 PM  51      0       50
  AVERAGE         63            63      0       61

PRECIPITATION (IN)
  YESTERDAY        0.08          0.11  -0.03     0.02
  MONTH TO DATE    4.11          2.27   1.84     1.39
  SINCE SEP 1      4.11          2.27   1.84     1.39
  SINCE JAN 1     34.74         35.46  -0.72    31.71

DEGREE DAYS
 HEATING
  YESTERDAY        2             4     -2        4
  MONTH TO DATE   70            31     39       26
  SINCE SEP 1     70            31     39       26
  SINCE JUL 1     76            38     38       40

 COOLING
  YESTERDAY        0             2     -2        0
  MONTH TO DATE   57            82    -25      131
  SINCE SEP 1     57            82    -25      131
  SINCE JAN 1    887           899    -12      972
......................................................


WIND (MPH)
  HIGHEST WIND SPEED    18   HIGHEST WIND DIRECTION     W (280)
  HIGHEST GUST SPEED    28   HIGHEST GUST DIRECTION     W (280)
  AVERAGE WIND SPEED     7.9


SKY COVER
  AVERAGE SKY COVER 0.2


WEATHER CONDITIONS
 THE FOLLOWING WEATHER WAS RECORDED YESTERDAY.
  THUNDERSTORM
  LIGHT RAIN
  FOG


RELATIVE HUMIDITY (PERCENT)
 HIGHEST    90           600 AM
 LOWEST     38           300 PM
 AVERAGE    64

..........................................................


THE BLOOMINGTON IN CLIMATE NORMALS FOR TODAY
                         NORMAL
 MAXIMUM TEMPERATURE (F)   76
 MINIMUM TEMPERATURE (F)   50


SUNRISE AND SUNSET
SEPTEMBER 22 2014.....SUNRISE   734 AM EDT   SUNSET   744 PM EDT
SEPTEMBER 23 2014.....SUNRISE   735 AM EDT   SUNSET   742 PM EDT


-  INDICATES NEGATIVE NUMBERS.
R  INDICATES RECORD WAS SET OR TIED.
MM INDICATES DATA IS MISSING.
T  INDICATES TRACE AMOUNT.




$$
