000
CDUS43 KIND 210537
CLIBMG


CLIMATE REPORT
NATIONAL WEATHER SERVICE INDIANAPOLIS IN
137 AM EDT FRI AUG 21 2015


...................................

...THE BLOOMINGTON IN CLIMATE SUMMARY FOR AUGUST 20 2015...

CLIMATE NORMAL PERIOD 1981 TO 2010
CLIMATE RECORD PERIOD 9999 TO 9999


WEATHER ITEM   OBSERVED TIME   NORMAL DEPARTURE LAST
                VALUE   (LST)  VALUE  FROM      YEAR
                                      NORMAL
......................................................
TEMPERATURE (F)
 YESTERDAY
  MAXIMUM         76    459 PM  85     -9       83
  MINIMUM         57   1159 PM  61     -4       68
  AVERAGE         67            73     -6       76

PRECIPITATION (IN)
  YESTERDAY        0.01          0.12  -0.11     0.53
  MONTH TO DATE    4.17          2.13   2.04     1.87
  SINCE JUN 1     20.89         11.91   8.98    10.79
  SINCE JAN 1     35.45         31.80   3.65    29.39

DEGREE DAYS
 HEATING
  YESTERDAY        0             0      0        0
  MONTH TO DATE    0             0      0        1
  SINCE JUN 1     17            17      0        9
  SINCE JUL 1      0             2     -2        6

 COOLING
  YESTERDAY        2             8     -6       11
  MONTH TO DATE  164           175    -11      125
  SINCE JUN 1    708           659     49      554
  SINCE JAN 1    835           741     94      680
......................................................


WIND (MPH)
  HIGHEST WIND SPEED    14   HIGHEST WIND DIRECTION     W (260)
  HIGHEST GUST SPEED    20   HIGHEST GUST DIRECTION    SW (240)
  AVERAGE WIND SPEED     5.5


SKY COVER
  AVERAGE SKY COVER 0.2


WEATHER CONDITIONS
 THE FOLLOWING WEATHER WAS RECORDED YESTERDAY.
  LIGHT RAIN


RELATIVE HUMIDITY (PERCENT)
 HIGHEST    93           300 AM
 LOWEST     46           200 PM
 AVERAGE    70

..........................................................


THE BLOOMINGTON IN CLIMATE NORMALS FOR TODAY
                         NORMAL
 MAXIMUM TEMPERATURE (F)   85
 MINIMUM TEMPERATURE (F)   61


SUNRISE AND SUNSET
AUGUST 21 2015........SUNRISE   705 AM EDT   SUNSET   834 PM EDT
AUGUST 22 2015........SUNRISE   706 AM EDT   SUNSET   832 PM EDT


-  INDICATES NEGATIVE NUMBERS.
R  INDICATES RECORD WAS SET OR TIED.
MM INDICATES DATA IS MISSING.
T  INDICATES TRACE AMOUNT.




$$
