000
CDUS43 KIND 012133
CLIBMG


CLIMATE REPORT
NATIONAL WEATHER SERVICE INDIANAPOLIS IN
433 PM EST MON FEB 1 2016


...................................

...THE BLOOMINGTON IN CLIMATE SUMMARY FOR FEBRUARY 1 2016...
VALID TODAY AS OF 0400 PM LOCAL TIME.

CLIMATE NORMAL PERIOD 1981 TO 2010
CLIMATE RECORD PERIOD 9999 TO 9999


WEATHER ITEM   OBSERVED TIME   NORMAL DEPARTURE LAST
                VALUE   (LST)  VALUE  FROM      YEAR
                                      NORMAL
......................................................
TEMPERATURE (F)
 TODAY
  MAXIMUM         52    334 PM  40     12       44
  MINIMUM         36    653 AM  21     15       32
  AVERAGE         44            30     14       38

PRECIPITATION (IN)
  TODAY            0.00          0.10  -0.10     0.39
  MONTH TO DATE    0.00          0.10  -0.10     0.39
  SINCE DEC 1      6.77          6.95  -0.18     6.47
  SINCE JAN 1      1.51          3.41  -1.90     2.60

......................................................


WIND (MPH)
  HIGHEST WIND SPEED    13   HIGHEST WIND DIRECTION     N (360)
  HIGHEST GUST SPEED    18   HIGHEST GUST DIRECTION     N (10)
  AVERAGE WIND SPEED     4.8


SKY COVER
  AVERAGE SKY COVER 0.7


WEATHER CONDITIONS
 THE FOLLOWING WEATHER WAS RECORDED TODAY.
  NO SIGNIFICANT WEATHER WAS OBSERVED.


RELATIVE HUMIDITY (PERCENT)
 HIGHEST    92           700 AM
 LOWEST     44           400 PM

..........................................................


THE BLOOMINGTON IN CLIMATE NORMALS FOR TOMORROW
                         NORMAL
 MAXIMUM TEMPERATURE (F)   40
 MINIMUM TEMPERATURE (F)   21


SUNRISE AND SUNSET
FEBRUARY  1 2016......SUNRISE   754 AM EST   SUNSET   607 PM EST
FEBRUARY  2 2016......SUNRISE   753 AM EST   SUNSET   608 PM EST


-  INDICATES NEGATIVE NUMBERS.
R  INDICATES RECORD WAS SET OR TIED.
MM INDICATES DATA IS MISSING.
T  INDICATES TRACE AMOUNT.




$$
