000
CDUS43 KIND 222153
CLIBMG


CLIMATE REPORT
NATIONAL WEATHER SERVICE INDIANAPOLIS IN
453 PM EST THU JAN 22 2015


...................................

...THE BLOOMINGTON IN CLIMATE SUMMARY FOR JANUARY 22 2015...
VALID TODAY AS OF 0400 PM LOCAL TIME.

CLIMATE NORMAL PERIOD 1981 TO 2010
CLIMATE RECORD PERIOD 9999 TO 9999


WEATHER ITEM   OBSERVED TIME   NORMAL DEPARTURE LAST
                VALUE   (LST)  VALUE  FROM      YEAR
                                      NORMAL
......................................................
TEMPERATURE (F)
 TODAY
  MAXIMUM         37    349 PM  39     -2       20
  MINIMUM         33    907 AM  20     13       -3
  AVERAGE         35            30      5        9

PRECIPITATION (IN)
  TODAY            0.00          0.08  -0.08      T
  MONTH TO DATE    2.10          2.54  -0.44     2.29
  SINCE DEC 1      5.97          6.08  -0.11     9.03
  SINCE JAN 1      2.10          2.54  -0.44     2.29

......................................................


WIND (MPH)
  HIGHEST WIND SPEED    13   HIGHEST WIND DIRECTION    NE (50)
  HIGHEST GUST SPEED    14   HIGHEST GUST DIRECTION    NE (50)
  AVERAGE WIND SPEED     4.5


SKY COVER
  AVERAGE SKY COVER 1.0


WEATHER CONDITIONS
 THE FOLLOWING WEATHER WAS RECORDED TODAY.
  FOG


RELATIVE HUMIDITY (PERCENT)
 HIGHEST    96           600 AM
 LOWEST     64           200 PM

..........................................................


THE BLOOMINGTON IN CLIMATE NORMALS FOR TOMORROW
                         NORMAL
 MAXIMUM TEMPERATURE (F)   39
 MINIMUM TEMPERATURE (F)   20


SUNRISE AND SUNSET
JANUARY 22 2015.......SUNRISE   801 AM EST   SUNSET   556 PM EST
JANUARY 23 2015.......SUNRISE   800 AM EST   SUNSET   557 PM EST


-  INDICATES NEGATIVE NUMBERS.
R  INDICATES RECORD WAS SET OR TIED.
MM INDICATES DATA IS MISSING.
T  INDICATES TRACE AMOUNT.




$$
