000
CDUS43 KIND 190531
CLIBMG


CLIMATE REPORT
NATIONAL WEATHER SERVICE INDIANAPOLIS IN
131 AM EDT THU MAY 19 2016


...................................

...THE BLOOMINGTON IN CLIMATE SUMMARY FOR MAY 18 2016...

CLIMATE NORMAL PERIOD 1981 TO 2010
CLIMATE RECORD PERIOD 9999 TO 9999


WEATHER ITEM   OBSERVED TIME   NORMAL DEPARTURE LAST
                VALUE   (LST)  VALUE  FROM      YEAR
                                      NORMAL
......................................................
TEMPERATURE (F)
 YESTERDAY
  MAXIMUM         68    533 PM  74     -6       77
  MINIMUM         45   1159 PM  52     -7       63
  AVERAGE         57            63     -6       70

PRECIPITATION (IN)
  YESTERDAY        0.00          0.17  -0.17     0.14
  MONTH TO DATE    2.26          3.14  -0.88     1.43
  SINCE MAR 1     12.32         11.72   0.60    10.87
  SINCE JAN 1     17.53         17.79  -0.26    14.44

DEGREE DAYS
 HEATING
  YESTERDAY        8             4      4        0
  MONTH TO DATE  126           100     26       37
  SINCE MAR 1    933          1146   -213     1077
  SINCE JUL 1   4253          5214   -961     5648

 COOLING
  YESTERDAY        0             2     -2        5
  MONTH TO DATE    9            24    -15       68
  SINCE MAR 1     23            43    -20       74
  SINCE JAN 1     23            43    -20       74
......................................................


WIND (MPH)
  HIGHEST WIND SPEED    14   HIGHEST WIND DIRECTION    NE (40)
  HIGHEST GUST SPEED    17   HIGHEST GUST DIRECTION    NE (30)
  AVERAGE WIND SPEED     6.2


SKY COVER
  AVERAGE SKY COVER 0.7


WEATHER CONDITIONS
 THE FOLLOWING WEATHER WAS RECORDED YESTERDAY.
  FOG


RELATIVE HUMIDITY (PERCENT)
 HIGHEST    89          1200 AM
 LOWEST     37           600 PM
 AVERAGE    63

..........................................................


THE BLOOMINGTON IN CLIMATE NORMALS FOR TODAY
                         NORMAL
 MAXIMUM TEMPERATURE (F)   75
 MINIMUM TEMPERATURE (F)   52


SUNRISE AND SUNSET
MAY 19 2016...........SUNRISE   630 AM EDT   SUNSET   857 PM EDT
MAY 20 2016...........SUNRISE   629 AM EDT   SUNSET   858 PM EDT


-  INDICATES NEGATIVE NUMBERS.
R  INDICATES RECORD WAS SET OR TIED.
MM INDICATES DATA IS MISSING.
T  INDICATES TRACE AMOUNT.




$$
