000
CDUS43 KIND 200532
CLIBMG


CLIMATE REPORT
NATIONAL WEATHER SERVICE INDIANAPOLIS IN
131 AM EDT SAT AUG 20 2016


...................................

...THE BLOOMINGTON IN CLIMATE SUMMARY FOR AUGUST 19 2016...

CLIMATE NORMAL PERIOD 1981 TO 2010
CLIMATE RECORD PERIOD 9999 TO 9999


WEATHER ITEM   OBSERVED TIME   NORMAL DEPARTURE LAST
                VALUE   (LST)  VALUE  FROM      YEAR
                                      NORMAL
......................................................
TEMPERATURE (F)
 YESTERDAY
  MAXIMUM         84    457 PM  85     -1       83
  MINIMUM         71    927 PM  61     10       67
  AVERAGE         78            73      5       75

PRECIPITATION (IN)
  YESTERDAY        0.00          0.12  -0.12     0.15
  MONTH TO DATE    6.53          2.01   4.52     4.16
  SINCE JUN 1     16.51         11.79   4.72    20.88
  SINCE JAN 1     35.11         31.68   3.43    35.44

DEGREE DAYS
 HEATING
  YESTERDAY        0             0      0        0
  MONTH TO DATE    0             0      0        0
  SINCE JUN 1      4            17    -13       17
  SINCE JUL 1      3             2      1        0

 COOLING
  YESTERDAY       13             8      5       10
  MONTH TO DATE  231           167     64      162
  SINCE JUN 1    851           651    200      706
  SINCE JAN 1    941           733    208      833
......................................................


WIND (MPH)
  HIGHEST WIND SPEED    12   HIGHEST WIND DIRECTION    SW (230)
  HIGHEST GUST SPEED    15   HIGHEST GUST DIRECTION    SW (210)
  AVERAGE WIND SPEED     4.4


SKY COVER
  AVERAGE SKY COVER 0.5


WEATHER CONDITIONS
 THE FOLLOWING WEATHER WAS RECORDED YESTERDAY.
  FOG


RELATIVE HUMIDITY (PERCENT)
 HIGHEST    93           200 AM
 LOWEST     61           500 PM
 AVERAGE    77

..........................................................


THE BLOOMINGTON IN CLIMATE NORMALS FOR TODAY
                         NORMAL
 MAXIMUM TEMPERATURE (F)   85
 MINIMUM TEMPERATURE (F)   61


SUNRISE AND SUNSET
AUGUST 20 2016........SUNRISE   705 AM EDT   SUNSET   834 PM EDT
AUGUST 21 2016........SUNRISE   706 AM EDT   SUNSET   833 PM EDT


-  INDICATES NEGATIVE NUMBERS.
R  INDICATES RECORD WAS SET OR TIED.
MM INDICATES DATA IS MISSING.
T  INDICATES TRACE AMOUNT.




$$
