000
CDUS43 KIND 232151
CLIBMG


CLIMATE REPORT
NATIONAL WEATHER SERVICE INDIANAPOLIS IN
451 PM EST MON FEB 23 2015


...................................

...THE BLOOMINGTON IN CLIMATE SUMMARY FOR FEBRUARY 23 2015...
VALID TODAY AS OF 0400 PM LOCAL TIME.

CLIMATE NORMAL PERIOD 1981 TO 2010
CLIMATE RECORD PERIOD 9999 TO 9999


WEATHER ITEM   OBSERVED TIME   NORMAL DEPARTURE LAST
                VALUE   (LST)  VALUE  FROM      YEAR
                                      NORMAL
......................................................
TEMPERATURE (F)
 TODAY
  MAXIMUM         19    359 PM  46    -27       38
  MINIMUM          1    835 AM  25    -24       24
  AVERAGE         10            35    -25       31

PRECIPITATION (IN)
  TODAY            0.00          0.09  -0.09     0.01
  MONTH TO DATE    1.26          2.36  -1.10     2.33
  SINCE DEC 1      7.34          9.21  -1.87    11.39
  SINCE JAN 1      3.47          5.67  -2.20     4.65

......................................................


WIND (MPH)
  HIGHEST WIND SPEED    15   HIGHEST WIND DIRECTION     N (360)
  HIGHEST GUST SPEED    18   HIGHEST GUST DIRECTION     N (350)
  AVERAGE WIND SPEED     7.8


SKY COVER
  AVERAGE SKY COVER 0.2


WEATHER CONDITIONS
 THE FOLLOWING WEATHER WAS RECORDED TODAY.
  NO SIGNIFICANT WEATHER WAS OBSERVED.


RELATIVE HUMIDITY (PERCENT)
 HIGHEST    83           600 AM
 LOWEST     45           200 PM

..........................................................


THE BLOOMINGTON IN CLIMATE NORMALS FOR TOMORROW
                         NORMAL
 MAXIMUM TEMPERATURE (F)   46
 MINIMUM TEMPERATURE (F)   25


SUNRISE AND SUNSET
FEBRUARY 23 2015......SUNRISE   728 AM EST   SUNSET   632 PM EST
FEBRUARY 24 2015......SUNRISE   727 AM EST   SUNSET   633 PM EST


-  INDICATES NEGATIVE NUMBERS.
R  INDICATES RECORD WAS SET OR TIED.
MM INDICATES DATA IS MISSING.
T  INDICATES TRACE AMOUNT.




$$
