000
CDUS43 KIND 220532
CLIBMG


CLIMATE REPORT
NATIONAL WEATHER SERVICE INDIANAPOLIS IN
1231 AM EST THU JAN 22 2015


...................................

...THE BLOOMINGTON IN CLIMATE SUMMARY FOR JANUARY 21 2015...

CLIMATE NORMAL PERIOD 1981 TO 2010
CLIMATE RECORD PERIOD 9999 TO 9999


WEATHER ITEM   OBSERVED TIME   NORMAL DEPARTURE LAST
                VALUE   (LST)  VALUE  FROM      YEAR
                                      NORMAL
......................................................
TEMPERATURE (F)
 YESTERDAY
  MAXIMUM         46    221 PM  39      7       35
  MINIMUM         28    503 AM  20      8        2
  AVERAGE         37            29      8       19

PRECIPITATION (IN)
  YESTERDAY        0.00          0.07  -0.07     0.02
  MONTH TO DATE    2.10          2.46  -0.36     2.29
  SINCE DEC 1      5.97          6.00  -0.03     9.03
  SINCE JAN 1      2.10          2.46  -0.36     2.29

DEGREE DAYS
 HEATING
  YESTERDAY       28            36     -8       46
  MONTH TO DATE  792           756     36      819
  SINCE DEC 1   1714          1773    -59     1830
  SINCE JUL 1   2990          2829    161     2970

 COOLING
  YESTERDAY        0             0      0        0
  MONTH TO DATE    0             0      0        0
  SINCE DEC 1      0             0      0        0
  SINCE JAN 1      0             0      0        0
......................................................


WIND (MPH)
  HIGHEST WIND SPEED    22   HIGHEST WIND DIRECTION     W (270)
  HIGHEST GUST SPEED    29   HIGHEST GUST DIRECTION    NW (310)
  AVERAGE WIND SPEED     8.3


SKY COVER
  AVERAGE SKY COVER 0.6


WEATHER CONDITIONS
 THE FOLLOWING WEATHER WAS RECORDED YESTERDAY.
  FOG


RELATIVE HUMIDITY (PERCENT)
 HIGHEST   100           500 AM
 LOWEST     58           200 PM
 AVERAGE    79

..........................................................


THE BLOOMINGTON IN CLIMATE NORMALS FOR TODAY
                         NORMAL
 MAXIMUM TEMPERATURE (F)   39
 MINIMUM TEMPERATURE (F)   20


SUNRISE AND SUNSET
JANUARY 22 2015.......SUNRISE   801 AM EST   SUNSET   556 PM EST
JANUARY 23 2015.......SUNRISE   800 AM EST   SUNSET   557 PM EST


-  INDICATES NEGATIVE NUMBERS.
R  INDICATES RECORD WAS SET OR TIED.
MM INDICATES DATA IS MISSING.
T  INDICATES TRACE AMOUNT.




$$
