000
CDUS43 KIND 100531
CLIBMG


CLIMATE REPORT
NATIONAL WEATHER SERVICE INDIANAPOLIS IN
131 AM EDT TUE MAY 10 2016


...................................

...THE BLOOMINGTON IN CLIMATE SUMMARY FOR MAY 9 2016...

CLIMATE NORMAL PERIOD 1981 TO 2010
CLIMATE RECORD PERIOD 9999 TO 9999


WEATHER ITEM   OBSERVED TIME   NORMAL DEPARTURE LAST
                VALUE   (LST)  VALUE  FROM      YEAR
                                      NORMAL
......................................................
TEMPERATURE (F)
 YESTERDAY
  MAXIMUM         66   1002 PM  72     -6       83
  MINIMUM         54    701 AM  49      5       63
  AVERAGE         60            60      0       73

PRECIPITATION (IN)
  YESTERDAY        0.22          0.17   0.05     0.25
  MONTH TO DATE    1.29          1.61  -0.32     0.25
  SINCE MAR 1     11.35         10.19   1.16     9.69
  SINCE JAN 1     16.56         16.26   0.30    13.26

DEGREE DAYS
 HEATING
  YESTERDAY        5             6     -1        0
  MONTH TO DATE   62            58      4       15
  SINCE MAR 1    869          1104   -235     1055
  SINCE JUL 1   4189          5172   -983     5626

 COOLING
  YESTERDAY        0             1     -1        8
  MONTH TO DATE    3             9     -6       36
  SINCE MAR 1     17            28    -11       42
  SINCE JAN 1     17            28    -11       42
......................................................


WIND (MPH)
  HIGHEST WIND SPEED    13   HIGHEST WIND DIRECTION    SE (120)
  HIGHEST GUST SPEED    16   HIGHEST GUST DIRECTION    SE (120)
  AVERAGE WIND SPEED     7.6


SKY COVER
  AVERAGE SKY COVER 0.9


WEATHER CONDITIONS
 THE FOLLOWING WEATHER WAS RECORDED YESTERDAY.
  RAIN
  LIGHT RAIN
  FOG


RELATIVE HUMIDITY (PERCENT)
 HIGHEST    93           500 AM
 LOWEST     80          1200 AM
 AVERAGE    87

..........................................................


THE BLOOMINGTON IN CLIMATE NORMALS FOR TODAY
                         NORMAL
 MAXIMUM TEMPERATURE (F)   72
 MINIMUM TEMPERATURE (F)   50


SUNRISE AND SUNSET
MAY 10 2016...........SUNRISE   638 AM EDT   SUNSET   849 PM EDT
MAY 11 2016...........SUNRISE   637 AM EDT   SUNSET   850 PM EDT


-  INDICATES NEGATIVE NUMBERS.
R  INDICATES RECORD WAS SET OR TIED.
MM INDICATES DATA IS MISSING.
T  INDICATES TRACE AMOUNT.




$$
