836
CDUS43 KIND 090539
CLIBMG


CLIMATE REPORT
NATIONAL WEATHER SERVICE INDIANAPOLIS IN
138 AM EDT MON OCT 9 2017


...................................

...THE BLOOMINGTON IN CLIMATE SUMMARY FOR OCTOBER 8 2017...

CLIMATE NORMAL PERIOD 1981 TO 2010
CLIMATE RECORD PERIOD 9999 TO 9999


WEATHER ITEM   OBSERVED TIME   NORMAL DEPARTURE LAST
                VALUE   (LST)  VALUE  FROM      YEAR
                                      NORMAL
......................................................
TEMPERATURE (F)
 YESTERDAY
  MAXIMUM         66   1255 PM  70     -4       69
  MINIMUM         54    428 AM  44     10       45
  AVERAGE         60            57      3       57

PRECIPITATION (IN)
  YESTERDAY        0.17          0.10   0.07     0.00
  MONTH TO DATE    1.56          0.90   0.66     0.02
  SINCE SEP 1      2.42          4.25  -1.83     5.15
  SINCE JAN 1     31.98         37.44  -5.46    41.07

DEGREE DAYS
 HEATING
  YESTERDAY        5             9     -4        8
  MONTH TO DATE   11            62    -51       23
  SINCE SEP 1     60           140    -80       39
  SINCE JUL 1     63           147    -84       42

 COOLING
  YESTERDAY        0             1     -1        0
  MONTH TO DATE   39             8     31       19
  SINCE SEP 1    189           104     85      207
  SINCE JAN 1   1077           921    156     1282
......................................................


WIND (MPH)
  HIGHEST WIND SPEED    13   HIGHEST WIND DIRECTION     E (110)
  HIGHEST GUST SPEED    16   HIGHEST GUST DIRECTION     E (110)
  AVERAGE WIND SPEED     4.6


SKY COVER
  AVERAGE SKY COVER 0.8


WEATHER CONDITIONS
 THE FOLLOWING WEATHER WAS RECORDED YESTERDAY.
  LIGHT RAIN
  FOG
  FOG W/VISIBILITY <= 1/4 MILE


RELATIVE HUMIDITY (PERCENT)
 HIGHEST    97           900 AM
 LOWEST     73          1100 AM
 AVERAGE    85

..........................................................


THE BLOOMINGTON IN CLIMATE NORMALS FOR TODAY
                         NORMAL
 MAXIMUM TEMPERATURE (F)   69
 MINIMUM TEMPERATURE (F)   44


SUNRISE AND SUNSET
OCTOBER  9 2017.......SUNRISE   750 AM EDT   SUNSET   716 PM EDT
OCTOBER 10 2017.......SUNRISE   751 AM EDT   SUNSET   715 PM EDT


-  INDICATES NEGATIVE NUMBERS.
R  INDICATES RECORD WAS SET OR TIED.
MM INDICATES DATA IS MISSING.
T  INDICATES TRACE AMOUNT.




$$
