000
CDUS43 KIND 192035
CLIBMG


CLIMATE REPORT
NATIONAL WEATHER SERVICE INDIANAPOLIS IN
434 PM EDT THU MAR 19 2015


...................................

...THE BLOOMINGTON IN CLIMATE SUMMARY FOR MARCH 19 2015...
VALID TODAY AS OF 0400 PM LOCAL TIME.

CLIMATE NORMAL PERIOD 1981 TO 2010
CLIMATE RECORD PERIOD 9999 TO 9999


WEATHER ITEM   OBSERVED TIME   NORMAL DEPARTURE LAST
                VALUE   (LST)  VALUE  FROM      YEAR
                                      NORMAL
......................................................
TEMPERATURE (F)
 TODAY
  MAXIMUM         50    259 PM  56     -6       53
  MINIMUM         42    834 AM  33      9       37
  AVERAGE         46            44      2       45

PRECIPITATION (IN)
  TODAY            T             0.14  -0.14      T
  MONTH TO DATE    3.26          2.01   1.25     0.90
  SINCE MAR 1      3.26          2.01   1.25     0.90
  SINCE JAN 1      6.83          8.08  -1.25     5.55

......................................................


WIND (MPH)
  HIGHEST WIND SPEED    18   HIGHEST WIND DIRECTION     E (110)
  HIGHEST GUST SPEED    23   HIGHEST GUST DIRECTION     E (110)
  AVERAGE WIND SPEED     9.5


SKY COVER
  AVERAGE SKY COVER 1.0


WEATHER CONDITIONS
 THE FOLLOWING WEATHER WAS RECORDED TODAY.
  LIGHT RAIN


RELATIVE HUMIDITY (PERCENT)
 HIGHEST    43           900 AM
 LOWEST     32           100 PM

..........................................................


THE BLOOMINGTON IN CLIMATE NORMALS FOR TOMORROW
                         NORMAL
 MAXIMUM TEMPERATURE (F)   56
 MINIMUM TEMPERATURE (F)   33


SUNRISE AND SUNSET
MARCH 19 2015.........SUNRISE   752 AM EDT   SUNSET   757 PM EDT
MARCH 20 2015.........SUNRISE   750 AM EDT   SUNSET   758 PM EDT


-  INDICATES NEGATIVE NUMBERS.
R  INDICATES RECORD WAS SET OR TIED.
MM INDICATES DATA IS MISSING.
T  INDICATES TRACE AMOUNT.




$$
