000
CDUS43 KIND 310533
CLIBMG


CLIMATE REPORT
NATIONAL WEATHER SERVICE INDIANAPOLIS IN
133 AM EDT MON MAR 31 2014


...................................

...THE BLOOMINGTON IN CLIMATE SUMMARY FOR MARCH 30 2014...

CLIMATE NORMAL PERIOD 1981 TO 2010
CLIMATE RECORD PERIOD 9999 TO 9999


WEATHER ITEM   OBSERVED TIME   NORMAL DEPARTURE LAST
                VALUE   (LST)  VALUE  FROM      YEAR
                                      NORMAL
......................................................
TEMPERATURE (F)
 YESTERDAY
  MAXIMUM         58    509 PM  60     -2       60
  MINIMUM         26    636 AM  37    -11       27
  AVERAGE         42            48     -6       44

PRECIPITATION (IN)
  YESTERDAY        0.00          0.18  -0.18      T
  MONTH TO DATE    1.94          3.69  -1.75     2.21
  SINCE MAR 1      1.94          3.69  -1.75     2.21
  SINCE JAN 1      6.59          9.76  -3.17    10.22

DEGREE DAYS
 HEATING
  YESTERDAY       23            17      6       21
  MONTH TO DATE  822           671    151      858
  SINCE MAR 1    822           671    151      858
  SINCE JUL 1   5384          4739    645     4814

 COOLING
  YESTERDAY        0             0      0        0
  MONTH TO DATE    0             0      0        0
  SINCE MAR 1      0             0      0        0
  SINCE JAN 1      0             0      0        0
......................................................


WIND (MPH)
  HIGHEST WIND SPEED    10   HIGHEST WIND DIRECTION     N (360)
  HIGHEST GUST SPEED    13   HIGHEST GUST DIRECTION    NE (30)
  AVERAGE WIND SPEED     3.9


SKY COVER
  AVERAGE SKY COVER 0.0


WEATHER CONDITIONS
 THE FOLLOWING WEATHER WAS RECORDED YESTERDAY.
  NO SIGNIFICANT WEATHER WAS OBSERVED.


RELATIVE HUMIDITY (PERCENT)
 HIGHEST    85           300 AM
 LOWEST     33           400 PM
 AVERAGE    59

..........................................................


THE BLOOMINGTON IN CLIMATE NORMALS FOR TODAY
                         NORMAL
 MAXIMUM TEMPERATURE (F)   60
 MINIMUM TEMPERATURE (F)   37


SUNRISE AND SUNSET
MARCH 31 2014.........SUNRISE   733 AM EDT   SUNSET   809 PM EDT
APRIL  1 2014.........SUNRISE   731 AM EDT   SUNSET   810 PM EDT


-  INDICATES NEGATIVE NUMBERS.
R  INDICATES RECORD WAS SET OR TIED.
MM INDICATES DATA IS MISSING.
T  INDICATES TRACE AMOUNT.




$$
