000
CDUS43 KIND 090531
CLIBMG


CLIMATE REPORT
NATIONAL WEATHER SERVICE INDIANAPOLIS IN
130 AM EDT FRI JUN 9 2017


...................................

...THE BLOOMINGTON IN CLIMATE SUMMARY FOR JUNE 8 2017...

CLIMATE NORMAL PERIOD 1981 TO 2010
CLIMATE RECORD PERIOD 9999 TO 9999


WEATHER ITEM   OBSERVED TIME   NORMAL DEPARTURE LAST
                VALUE   (LST)  VALUE  FROM      YEAR
                                      NORMAL
......................................................
TEMPERATURE (F)
 YESTERDAY
  MAXIMUM         77    547 PM  81     -4       76
  MINIMUM         48    553 AM  59    -11       51
  AVERAGE         63            70     -7       64

PRECIPITATION (IN)
  YESTERDAY        0.00          0.17  -0.17     0.00
  MONTH TO DATE    0.01          1.37  -1.36     0.60
  SINCE JUN 1      0.01          1.37  -1.36     0.60
  SINCE JAN 1     21.81         21.26   0.55    19.20

DEGREE DAYS
 HEATING
  YESTERDAY        2             1      1        1
  MONTH TO DATE    4            10     -6        1
  SINCE JUN 1      4            10     -6        1
  SINCE JUL 1   4121          5261  -1140     4276

 COOLING
  YESTERDAY        0             6     -6        0
  MONTH TO DATE   37            41     -4       40
  SINCE JUN 1     37            41     -4       40
  SINCE JAN 1    168           123     45      130
......................................................


WIND (MPH)
  HIGHEST WIND SPEED    15   HIGHEST WIND DIRECTION    NE (40)
  HIGHEST GUST SPEED    20   HIGHEST GUST DIRECTION    NE (30)
  AVERAGE WIND SPEED     4.0


SKY COVER
  AVERAGE SKY COVER 0.0


WEATHER CONDITIONS
 THE FOLLOWING WEATHER WAS RECORDED YESTERDAY.
  HAZE


RELATIVE HUMIDITY (PERCENT)
 HIGHEST    86           300 AM
 LOWEST     33           600 PM
 AVERAGE    60

..........................................................


THE BLOOMINGTON IN CLIMATE NORMALS FOR TODAY
                         NORMAL
 MAXIMUM TEMPERATURE (F)   81
 MINIMUM TEMPERATURE (F)   59


SUNRISE AND SUNSET
JUNE  9 2017..........SUNRISE   620 AM EDT   SUNSET   912 PM EDT
JUNE 10 2017..........SUNRISE   620 AM EDT   SUNSET   912 PM EDT


-  INDICATES NEGATIVE NUMBERS.
R  INDICATES RECORD WAS SET OR TIED.
MM INDICATES DATA IS MISSING.
T  INDICATES TRACE AMOUNT.




$$
