000
CDUS43 KIND 100530
CLIBMG


CLIMATE REPORT
NATIONAL WEATHER SERVICE INDIANAPOLIS IN
130 AM EDT SUN AUG 10 2014


...................................

...THE BLOOMINGTON IN CLIMATE SUMMARY FOR AUGUST 9 2014...

CLIMATE NORMAL PERIOD 1981 TO 2010
CLIMATE RECORD PERIOD 9999 TO 9999


WEATHER ITEM   OBSERVED TIME   NORMAL DEPARTURE LAST
                VALUE   (LST)  VALUE  FROM      YEAR
                                      NORMAL
......................................................
TEMPERATURE (F)
 YESTERDAY
  MAXIMUM         79    624 PM  85     -6       85
  MINIMUM         67    802 AM  62      5       70
  AVERAGE         73            74     -1       78

PRECIPITATION (IN)
  YESTERDAY        0.34          0.09   0.25     0.00
  MONTH TO DATE    0.34          0.99  -0.65     0.25
  SINCE JUN 1      9.26         10.77  -1.51    10.08
  SINCE JAN 1     27.86         30.66  -2.80    29.09

DEGREE DAYS
 HEATING
  YESTERDAY        0             0      0        0
  MONTH TO DATE    0             0      0        0
  SINCE JUN 1      8            17     -9       11
  SINCE JUL 1      5             2      3        4

 COOLING
  YESTERDAY        8             9     -1       13
  MONTH TO DATE   55            81    -26       68
  SINCE JUN 1    484           565    -81      537
  SINCE JAN 1    610           647    -37      656
......................................................


WIND (MPH)
  HIGHEST WIND SPEED    14   HIGHEST WIND DIRECTION     E (100)
  HIGHEST GUST SPEED    17   HIGHEST GUST DIRECTION     E (90)
  AVERAGE WIND SPEED     5.2


SKY COVER
  AVERAGE SKY COVER 0.9


WEATHER CONDITIONS
 THE FOLLOWING WEATHER WAS RECORDED YESTERDAY.
  HEAVY RAIN
  RAIN
  LIGHT RAIN
  FOG
  FOG W/VISIBILITY <= 1/4 MILE


RELATIVE HUMIDITY (PERCENT)
 HIGHEST    97           900 PM
 LOWEST     74           500 PM
 AVERAGE    86

..........................................................


THE BLOOMINGTON IN CLIMATE NORMALS FOR TODAY
                         NORMAL
 MAXIMUM TEMPERATURE (F)   85
 MINIMUM TEMPERATURE (F)   62


SUNRISE AND SUNSET
AUGUST 10 2014........SUNRISE   655 AM EDT   SUNSET   848 PM EDT
AUGUST 11 2014........SUNRISE   656 AM EDT   SUNSET   847 PM EDT


-  INDICATES NEGATIVE NUMBERS.
R  INDICATES RECORD WAS SET OR TIED.
MM INDICATES DATA IS MISSING.
T  INDICATES TRACE AMOUNT.




$$
