000
CDUS43 KIND 130532
CLIBMG


CLIMATE REPORT
NATIONAL WEATHER SERVICE INDIANAPOLIS IN
131 AM EDT SUN AUG 13 2017


...................................

...THE BLOOMINGTON IN CLIMATE SUMMARY FOR AUGUST 12 2017...

CLIMATE NORMAL PERIOD 1981 TO 2010
CLIMATE RECORD PERIOD 9999 TO 9999


WEATHER ITEM   OBSERVED TIME   NORMAL DEPARTURE LAST
                VALUE   (LST)  VALUE  FROM      YEAR
                                      NORMAL
......................................................
TEMPERATURE (F)
 YESTERDAY
  MAXIMUM         83    307 PM  85     -2       88
  MINIMUM         56   1156 PM  62     -6       74
  AVERAGE         70            73     -3       81

PRECIPITATION (IN)
  YESTERDAY        0.00          0.11  -0.11     0.12
  MONTH TO DATE    0.13          1.30  -1.17     2.05
  SINCE JUN 1      7.15         11.08  -3.93    12.03
  SINCE JAN 1     28.95         30.97  -2.02    30.63

DEGREE DAYS
 HEATING
  YESTERDAY        0             0      0        0
  MONTH TO DATE    3             0      3        0
  SINCE JUN 1     11            17     -6        4
  SINCE JUL 1      3             2      1        3

 COOLING
  YESTERDAY        5             9     -4       16
  MONTH TO DATE   62           108    -46      156
  SINCE JUN 1    621           592     29      776
  SINCE JAN 1    752           674     78      866
......................................................


WIND (MPH)
  HIGHEST WIND SPEED    13   HIGHEST WIND DIRECTION     N (10)
  HIGHEST GUST SPEED    18   HIGHEST GUST DIRECTION    NE (30)
  AVERAGE WIND SPEED     5.9


SKY COVER
  AVERAGE SKY COVER 0.2


WEATHER CONDITIONS
 THE FOLLOWING WEATHER WAS RECORDED YESTERDAY.
  NO SIGNIFICANT WEATHER WAS OBSERVED.


RELATIVE HUMIDITY (PERCENT)
 HIGHEST    90           500 AM
 LOWEST     42           500 PM
 AVERAGE    66

..........................................................


THE BLOOMINGTON IN CLIMATE NORMALS FOR TODAY
                         NORMAL
 MAXIMUM TEMPERATURE (F)   85
 MINIMUM TEMPERATURE (F)   62


SUNRISE AND SUNSET
AUGUST 13 2017........SUNRISE   658 AM EDT   SUNSET   844 PM EDT
AUGUST 14 2017........SUNRISE   659 AM EDT   SUNSET   843 PM EDT


-  INDICATES NEGATIVE NUMBERS.
R  INDICATES RECORD WAS SET OR TIED.
MM INDICATES DATA IS MISSING.
T  INDICATES TRACE AMOUNT.




$$
