000
CDUS43 KIND 090533
CLIBMG


CLIMATE REPORT
NATIONAL WEATHER SERVICE INDIANAPOLIS IN
1233 AM EST TUE DEC 9 2014


...................................

...THE BLOOMINGTON IN CLIMATE SUMMARY FOR DECEMBER 8 2014...

CLIMATE NORMAL PERIOD 1981 TO 2010
CLIMATE RECORD PERIOD 9999 TO 9999


WEATHER ITEM   OBSERVED TIME   NORMAL DEPARTURE LAST
                VALUE   (LST)  VALUE  FROM      YEAR
                                      NORMAL
......................................................
TEMPERATURE (F)
 YESTERDAY
  MAXIMUM         43    355 PM  42      1       30
  MINIMUM         32    815 AM  26      6       20
  AVERAGE         38            34      4       25

PRECIPITATION (IN)
  YESTERDAY        0.06          0.11  -0.05     0.01
  MONTH TO DATE    2.30          0.85   1.45     0.91
  SINCE DEC 1      2.30          0.85   1.45     0.91
  SINCE JAN 1     44.94         44.86   0.08    41.78

DEGREE DAYS
 HEATING
  YESTERDAY       27            31     -4       40
  MONTH TO DATE  234           237     -3      233
  SINCE DEC 1    234           237     -3      233
  SINCE JUL 1   1510          1293    217     1373

 COOLING
  YESTERDAY        0             0      0        0
  MONTH TO DATE    0             0      0        0
  SINCE DEC 1      0             0      0        0
  SINCE JAN 1    904           927    -23     1006
......................................................


WIND (MPH)
  HIGHEST WIND SPEED    15   HIGHEST WIND DIRECTION     W (290)
  HIGHEST GUST SPEED    23   HIGHEST GUST DIRECTION    NW (300)
  AVERAGE WIND SPEED     7.5


SKY COVER
  AVERAGE SKY COVER 0.5


WEATHER CONDITIONS
 THE FOLLOWING WEATHER WAS RECORDED YESTERDAY.
  RAIN
  LIGHT RAIN
  FOG


RELATIVE HUMIDITY (PERCENT)
 HIGHEST   100           700 PM
 LOWEST     70           100 PM
 AVERAGE    85

..........................................................


THE BLOOMINGTON IN CLIMATE NORMALS FOR TODAY
                         NORMAL
 MAXIMUM TEMPERATURE (F)   42
 MINIMUM TEMPERATURE (F)   25


SUNRISE AND SUNSET
DECEMBER  9 2014......SUNRISE   754 AM EST   SUNSET   524 PM EST
DECEMBER 10 2014......SUNRISE   755 AM EST   SUNSET   524 PM EST


-  INDICATES NEGATIVE NUMBERS.
R  INDICATES RECORD WAS SET OR TIED.
MM INDICATES DATA IS MISSING.
T  INDICATES TRACE AMOUNT.




$$
