000
CDUS43 KIND 210535
CLIBMG


CLIMATE REPORT
NATIONAL WEATHER SERVICE INDIANAPOLIS IN
1233 AM EST SAT FEB 21 2015


...................................

...THE BLOOMINGTON IN CLIMATE SUMMARY FOR FEBRUARY 20 2015...

CLIMATE NORMAL PERIOD 1981 TO 2010
CLIMATE RECORD PERIOD 9999 TO 9999


WEATHER ITEM   OBSERVED TIME   NORMAL DEPARTURE LAST
                VALUE   (LST)  VALUE  FROM      YEAR
                                      NORMAL
......................................................
TEMPERATURE (F)
 YESTERDAY
  MAXIMUM         19   1159 PM  44    -25       67
  MINIMUM        -16    241 AM  24    -40       32
  AVERAGE          2            34    -32       50

PRECIPITATION (IN)
  YESTERDAY        T             0.09  -0.09     0.96
  MONTH TO DATE    0.71          2.10  -1.39     2.32
  SINCE DEC 1      6.79          8.95  -2.16    11.38
  SINCE JAN 1      2.92          5.41  -2.49     4.64

DEGREE DAYS
 HEATING
  YESTERDAY       63            31     32       15
  MONTH TO DATE  843           660    183      827
  SINCE DEC 1   2898          2779    119     3129
  SINCE JUL 1   4174          3835    339     4269

 COOLING
  YESTERDAY        0             0      0        0
  MONTH TO DATE    0             0      0        0
  SINCE DEC 1      0             0      0        0
  SINCE JAN 1      0             0      0        0
......................................................


WIND (MPH)
  HIGHEST WIND SPEED    18   HIGHEST WIND DIRECTION    SE (150)
  HIGHEST GUST SPEED    24   HIGHEST GUST DIRECTION    SE (150)
  AVERAGE WIND SPEED     8.9


SKY COVER
  AVERAGE SKY COVER 0.6


WEATHER CONDITIONS
 THE FOLLOWING WEATHER WAS RECORDED YESTERDAY.
  LIGHT SNOW


RELATIVE HUMIDITY (PERCENT)
 HIGHEST    86           200 AM
 LOWEST     46           200 PM
 AVERAGE    66

..........................................................


THE BLOOMINGTON IN CLIMATE NORMALS FOR TODAY
                         NORMAL
 MAXIMUM TEMPERATURE (F)   45
 MINIMUM TEMPERATURE (F)   24


SUNRISE AND SUNSET
FEBRUARY 21 2015......SUNRISE   731 AM EST   SUNSET   630 PM EST
FEBRUARY 22 2015......SUNRISE   729 AM EST   SUNSET   631 PM EST


-  INDICATES NEGATIVE NUMBERS.
R  INDICATES RECORD WAS SET OR TIED.
MM INDICATES DATA IS MISSING.
T  INDICATES TRACE AMOUNT.




$$
