000
CXUS53 KILX 011002
CF6BMI
PRELIMINARY LOCAL CLIMATOLOGICAL DATA (WS FORM: F-6)
STATION: BLOOMINGTON IL AIRPORT
MONTH: FEBRUARY
YEAR: 2024
LATITUDE: 40 28 N
LONGITUDE: 88 56 W
TEMPERATURE IN F: :PCPN: SNOW: WIND :SUNSHINE: SKY :PK WND
================================================================================
1 2 3 4 5 6A 6B 7 8 9 10 11 12 13 14 15 16 17 18
12Z AVG MX 2MIN
DY MAX MIN AVG DEP HDD CDD WTR SNW DPTH SPD SPD DIR MIN PSBL S-S WX SPD DR
================================================================================
1 56 34 45 M 20 0 T M M 10.5 17 40 M M 0 12 M M
2 46 31 39 M 26 0 0.00 M M 14.4 18 80 M M 10 12 23 80
3 48 28 38 M 27 0 0.00 M M 12.3 17 70 M M 0 1 M M
4 47 28 38 M 27 0 0.00 M M 15.4 20 60 M M 3 1 M M
5 43 27 35 M 30 0 0.00 M M 8.4 15 40 M M 2 128 M M
6 41 25 33 M 32 0 0.00 M M 7.2 10 90 M M 6 12 M M
7 48 31 40 M 25 0 0.00 M M 10.7 18 160 M M 0 1 M M
8 59 40 50 M 15 0 0.00 M M 23.0 32 190 M M 2 41 190
9 63 35 49 M 16 0 0.00 M M 10.4 18 210 M M 2 23 240
10 42 30 36 M 29 0 0.00 M M 11.2 17 320 M M 2 23 320
11 44 24 34 M 31 0 0.00 M M 5.9 13 330 M M 0 M M
12 45 22 34 M 31 0 0.00 M M 6.4 14 350 M M 0 1 M M
13 42 25 34 M 31 0 T M M 7.2 13 280 M M 6 M M
14 50 24 37 M 28 0 T M M 9.6 17 140 M M 2 M M
15 47 33 40 M 25 0 0.04 M M 15.4 23 320 M M 5 37 310
16 34 17 26 M 39 0 M M M 12.8 22 310 M M 8 1 M M
17 22 7 15 M 50 0 0.00 M M 16.7 23 240 M M 0 31 240
18 38 17 28 M 37 0 0.00 M M 14.3 20 250 M M 0 28 230
19 47 20 34 M 31 0 0.00 M M 7.2 12 180 M M 0 M M
20 57 28 43 M 22 0 0.00 M M 11.8 18 200 M M 0 23 200
21 65 35 50 M 15 0 0.00 M M 11.7 22 210 M M 2 8 28 210
22 60 42 51 M 14 0 0.03 M M 9.2 13 320 M M 4 3 M M
23 55 30 43 M 22 0 T M M 14.3 21 10 M M 3 32 30
24 38 20 29 M 36 0 T M M 11.3 22 20 M M 3 32 20
25 62 29 46 M 19 0 0.00 M M 12.5 17 210 M M 0 M M
26 74 35 55 M 10 0 0.00 M M 13.6 27 180 M M 0 38 190
27 76 39 58 M 7 0 M M M 17.1 23 290 M M 3 1 36 300
28 39 19 29 M 36 0 0.03 M M 20.0 30 300 M M 3 6 40 290
29 47 16 32 M 33 0 0.00 M M 11.0 20 200 M M 0 25 200
================================================================================
SM 1435 791 764 0 0.10 M 351.5 M 66
================================================================================
AV 49.5 27.3 12.1 FASTST M M 2 MAX(MPH)
MISC ----> 32 190 41 190
================================================================================
NOTES:
# LAST OF SEVERAL OCCURRENCES
COLUMN 17 PEAK WIND IN M.P.H.
PRELIMINARY LOCAL CLIMATOLOGICAL DATA (WS FORM: F-6) , PAGE 2
STATION: BLOOMINGTON IL AIRPORT
MONTH: FEBRUARY
YEAR: 2024
LATITUDE: 40 28 N
LONGITUDE: 88 56 W
[TEMPERATURE DATA] [PRECIPITATION DATA] SYMBOLS USED IN COLUMN 16
AVERAGE MONTHLY: 38.4 TOTAL FOR MONTH: 0.10 1 = FOG OR MIST
DPTR FM NORMAL: 0.0 DPTR FM NORMAL: M 2 = FOG REDUCING VISIBILITY
HIGHEST: 76 ON 27 GRTST 24HR 0.04 ON 15-15 TO 1/4 MILE OR LESS
LOWEST: 7 ON 17 3 = THUNDER
SNOW, ICE PELLETS, HAIL 4 = ICE PELLETS
TOTAL MONTH: M 5 = HAIL
GRTST 24HR M ON M 6 = FREEZING RAIN OR DRIZZLE
GRTST DEPTH: M ON M 7 = DUSTSTORM OR SANDSTORM:
VSBY 1/2 MILE OR LESS
8 = SMOKE OR HAZE
[NO. OF DAYS WITH] [WEATHER - DAYS WITH] 9 = BLOWING SNOW
X = TORNADO
MAX 32 OR BELOW: 1 0.01 INCH OR MORE: 3
MAX 90 OR ABOVE: 0 0.10 INCH OR MORE: 0
MIN 32 OR BELOW: 21 0.50 INCH OR MORE: 0
MIN 0 OR BELOW: 0 1.00 INCH OR MORE: 0
[HDD (BASE 65) ]
TOTAL THIS MO. 764 CLEAR (SCALE 0-3) 21
DPTR FM NORMAL M PTCLDY (SCALE 4-7) 6
TOTAL FM JUL 1 3808 CLOUDY (SCALE 8-10) 2
DPTR FM NORMAL M
[CDD (BASE 65) ]
TOTAL THIS MO. 0
DPTR FM NORMAL M [PRESSURE DATA]
TOTAL FM JAN 1 0 HIGHEST SLP M ON M
DPTR FM NORMAL M LOWEST SLP M ON M
[REMARKS]
#FINAL-02-24#