000
CXUS53 KILX 010901
CF6BMI
PRELIMINARY LOCAL CLIMATOLOGICAL DATA (WS FORM: F-6)
STATION: BLOOMINGTON IL AIRPORT
MONTH: SEPTEMBER
YEAR: 2023
LATITUDE: 40 28 N
LONGITUDE: 88 56 W
TEMPERATURE IN F: :PCPN: SNOW: WIND :SUNSHINE: SKY :PK WND
================================================================================
1 2 3 4 5 6A 6B 7 8 9 10 11 12 13 14 15 16 17 18
12Z AVG MX 2MIN
DY MAX MIN AVG DEP HDD CDD WTR SNW DPTH SPD SPD DIR MIN PSBL S-S WX SPD DR
================================================================================
1 80 50 65 M 0 0 0.00 M M 5.9 10 160 M M 0 M M
2 84 57 71 M 0 6 0.00 M M 7.3 14 200 M M 0 M M
3 89 66 78 M 0 13 0.00 M M 10.2 16 200 M M 2 1 21 240
4 89 66 78 M 0 13 0.00 M M 9.4 17 180 M M 1 1 M M
5 83 70 77 M 0 12 T M M 14.7 18 180 M M 3 27 190
6 75 66 71 M 0 6 0.06 M M 13.9 21 240 M M 9 13 28 270
7 71 64 68 M 0 3 T M M 10.8 15 330 M M 10 M M
8 73 60 67 M 0 2 T M M 8.8 14 50 M M 9 M M
9 76 54 65 M 0 0 0.00 M M 7.9 15 30 M M 1 1 M M
10 82 52 67 M 0 2 0.00 M M 3.5 7 99 M M 0 M M
11 74 60 67 M 0 2 0.30 M M 5.8 13 340 M M 8 M M
12 72 53 63 M 2 0 0.00 M M 8.2 14 340 M M 5 1 M M
13 74 48 61 M 4 0 0.00 M M 6.5 17 290 M M 1 21 290
14 74 46 60 M 5 0 0.00 M M 7.0 10 60 M M 0 M M
15 79 47 63 M 2 0 0.00 M M 3.4 7 50 M M 0 M M
16 72 55 64 M 1 0 0.01 M M 5.7 12 330 M M 5 M M
17 68 54 61 M 4 0 0.02 M M 8.8 16 340 M M 7 1 28 350
18 75 50 63 M 2 0 0.00 M M 3.9 9 150 M M 2 M M
19 81 51 66 M 0 1 0.00 M M 12.0 21 170 M M 1 28 170
20 78 55 67 M 0 2 T M M 8.5 13 170 M M 1 M M
21 68 62 65 M 0 0 2.69 M M 9.3 14 130 M M 10 1 M M
22 81 64 73 M 0 8 1.03 M M 8.4 18 110 M M 7 13 22 120
23 82 59 71 M 0 6 0.00 M M 8.6 12 110 M M 2 M M
24 81 55 68 M 0 3 0.00 M M 9.6 15 170 M M 1 M M
25 83 62 73 M 0 8 T M M 6.0 10 170 M M 5 M M
26 82 60 71 M 0 6 T M M 7.7 13 180 M M 3 M M
27 74 57 66 M 0 1 T M M 4.9 9 180 M M 5 1 M M
28 72 55 64 M 1 0 0.00 M M 5.9 10 40 M M 7 1 M M
29 80 50 65 M 0 0 0.00 M M 6.3 9 120 M M 2 12 M M
30 85 60 73 M 0 8 0.00 M M 8.4 13 130 M M 0 M M
================================================================================
SM 2337 1708 21 102 4.11 M 237.3 M 107
================================================================================
AV 77.9 56.9 7.9 FASTST M M 4 MAX(MPH)
MISC ----> # 21 240 # 28 270
================================================================================
NOTES:
# LAST OF SEVERAL OCCURRENCES
COLUMN 17 PEAK WIND IN M.P.H.
PRELIMINARY LOCAL CLIMATOLOGICAL DATA (WS FORM: F-6) , PAGE 2
STATION: BLOOMINGTON IL AIRPORT
MONTH: SEPTEMBER
YEAR: 2023
LATITUDE: 40 28 N
LONGITUDE: 88 56 W
[TEMPERATURE DATA] [PRECIPITATION DATA] SYMBOLS USED IN COLUMN 16
AVERAGE MONTHLY: 67.4 TOTAL FOR MONTH: 4.11 1 = FOG OR MIST
DPTR FM NORMAL: 0.0 DPTR FM NORMAL: M 2 = FOG REDUCING VISIBILITY
HIGHEST: 89 ON 4, 3 GRTST 24HR 2.69 ON 21-21 TO 1/4 MILE OR LESS
LOWEST: 46 ON 14 3 = THUNDER
SNOW, ICE PELLETS, HAIL 4 = ICE PELLETS
TOTAL MONTH: M 5 = HAIL
GRTST 24HR M ON M 6 = FREEZING RAIN OR DRIZZLE
GRTST DEPTH: M ON M 7 = DUSTSTORM OR SANDSTORM:
VSBY 1/2 MILE OR LESS
8 = SMOKE OR HAZE
[NO. OF DAYS WITH] [WEATHER - DAYS WITH] 9 = BLOWING SNOW
X = TORNADO
MAX 32 OR BELOW: 0 0.01 INCH OR MORE: 6
MAX 90 OR ABOVE: 0 0.10 INCH OR MORE: 3
MIN 32 OR BELOW: 0 0.50 INCH OR MORE: 2
MIN 0 OR BELOW: 0 1.00 INCH OR MORE: 2
[HDD (BASE 65) ]
TOTAL THIS MO. 21 CLEAR (SCALE 0-3) 18
DPTR FM NORMAL M PTCLDY (SCALE 4-7) 8
TOTAL FM JUL 1 26 CLOUDY (SCALE 8-10) 4
DPTR FM NORMAL M
[CDD (BASE 65) ]
TOTAL THIS MO. 102
DPTR FM NORMAL M [PRESSURE DATA]
TOTAL FM JAN 1 925 HIGHEST SLP M ON M
DPTR FM NORMAL M LOWEST SLP M ON M
[REMARKS]
#FINAL-09-23#