000
CXUS55 KOHX 011110
CF6BNA
PRELIMINARY LOCAL CLIMATOLOGICAL DATA (WS FORM: F-6)
STATION: NASHVILLE
MONTH: APRIL
YEAR: 2021
LATITUDE: 36 7 N
LONGITUDE: 86 41 W
TEMPERATURE IN F: :PCPN: SNOW: WIND :SUNSHINE: SKY :PK WND
================================================================================
1 2 3 4 5 6A 6B 7 8 9 10 11 12 13 14 15 16 17 18
12Z AVG MX 2MIN
DY MAX MIN AVG DEP HDD CDD WTR SNW DPTH SPD SPD DIR MIN PSBL S-S WX SPD DR
================================================================================
1 49 35 42 -13 23 0 0.00 0.0 0 11.9 17 330 M M 1 31 350
2 53 30 42 -13 23 0 0.00 0.0 0 4.7 14 70 M M 0 20 330
3 66 31 49 -6 16 0 0.00 0.0 0 4.0 14 180 M M 1 17 200
4 75 39 57 1 8 0 0.00 0.0 0 4.1 12 280 M M 1 16 290
5 79 47 63 7 2 0 0.00 0.0 0 5.4 17 180 M M 1 23 180
6 82 55 69 13 0 4 0.00 0.0 0 5.6 18 200 M M 4 8 25 200
7 82 58 70 14 0 5 0.03 0.0 0 10.4 24 260 M M 7 45 270
8 77 58 68 11 0 3 0.42 0.0 0 10.2 25 200 M M 6 1 38 210
9 84 52 68 11 0 3 0.00 0.0 0 10.6 23 180 M M 5 32 170
10 72 56 64 7 1 0 0.20 0.0 0 11.1 21 210 M M 7 18 34 210
11 73 50 62 4 3 0 0.00 0.0 0 10.3 23 280 M M 2 37 280
12 79 50 65 7 0 0 0.00 0.0 0 3.3 14 340 M M 1 19 330
13 74 53 64 6 1 0 T 0.0 0 5.0 14 40 M M 6 18 50
14 61 53 57 -2 8 0 T 0.0 0 6.1 15 360 M M 8 22 30
15 64 49 57 -2 8 0 0.00 0.0 0 9.5 17 20 M M 5 22 20
16 66 40 53 -6 12 0 0.00 0.0 0 2.0 12 90 M M 6 17 70
17 65 48 57 -3 8 0 T 0.0 0 5.4 16 310 M M 8 22 310
18 66 42 54 -6 11 0 0.01 0.0 0 2.7 10 320 M M 6 1 20 330
19 72 44 58 -2 7 0 0.00 0.0 0 4.3 12 320 M M 3 18 17 320
20 75 40 58 -2 7 0 0.02 0.0 0 8.0 25 330 M M 4 37 320
21 54 35 45 -16 20 0 0.06 T 0 8.7 16 320 M M 6 1 24 280
22 63 35 49 -12 16 0 0.00 0.0 0 4.5 15 290 M M 4 23 280
23 63 44 54 -7 11 0 0.07 0.0 0 4.4 10 120 M M 9 15 140
24 67 51 59 -3 6 0 0.34 0.0 0 8.5 21 100 M M 10 13 29 100
25 72 48 60 -2 5 0 0.00 0.0 0 6.2 14 360 M M 5 18 19 360
26 80 45 63 1 2 0 0.00 0.0 0 5.4 17 160 M M 4 22 170
27 84 61 73 11 0 8 0.00 0.0 0 9.0 24 190 M M 5 36 200
28 74 64 69 6 0 4 0.72 0.0 0 4.6 18 170 M M 9 13 29 200
29 71 59 65 2 0 0 0.48 0.0 0 8.0 16 210 M M 8 1 26 200
30 78 51 65 2 0 0 0.00 0.0 0 7.5 20 360 M M 2 1 27 340
================================================================================
SM 2120 1423 198 27 2.35 T 201.4 M 144
================================================================================
AV 70.7 47.4 6.7 FASTST M M 5 MAX(MPH)
MISC ----> # 25 200 45 270
================================================================================
NOTES:
# LAST OF SEVERAL OCCURRENCES
COLUMN 17 PEAK WIND IN M.P.H.
PRELIMINARY LOCAL CLIMATOLOGICAL DATA (WS FORM: F-6) , PAGE 2
STATION: NASHVILLE
MONTH: APRIL
YEAR: 2021
LATITUDE: 36 7 N
LONGITUDE: 86 41 W
[TEMPERATURE DATA] [PRECIPITATION DATA] SYMBOLS USED IN COLUMN 16
AVERAGE MONTHLY: 59.1 TOTAL FOR MONTH: 2.35 1 = FOG OR MIST
DPTR FM NORMAL: 0.0 DPTR FM NORMAL: -1.65 2 = FOG REDUCING VISIBILITY
HIGHEST: 84 ON 27, 9 GRTST 24HR 0.84 ON 28-29 TO 1/4 MILE OR LESS
LOWEST: 30 ON 2 3 = THUNDER
SNOW, ICE PELLETS, HAIL 4 = ICE PELLETS
TOTAL MONTH: T 5 = HAIL
GRTST 24HR T ON 21-21 6 = FREEZING RAIN OR DRIZZLE
GRTST DEPTH: 0 7 = DUSTSTORM OR SANDSTORM:
VSBY 1/2 MILE OR LESS
8 = SMOKE OR HAZE
[NO. OF DAYS WITH] [WEATHER - DAYS WITH] 9 = BLOWING SNOW
X = TORNADO
MAX 32 OR BELOW: 0 0.01 INCH OR MORE: 10
MAX 90 OR ABOVE: 0 0.10 INCH OR MORE: 5
MIN 32 OR BELOW: 2 0.50 INCH OR MORE: 1
MIN 0 OR BELOW: 0 1.00 INCH OR MORE: 0
[HDD (BASE 65) ]
TOTAL THIS MO. 198 CLEAR (SCALE 0-3) 9
DPTR FM NORMAL -19 PTCLDY (SCALE 4-7) 18
TOTAL FM JUL 1 3123 CLOUDY (SCALE 8-10) 3
DPTR FM NORMAL -506
[CDD (BASE 65) ]
TOTAL THIS MO. 27
DPTR FM NORMAL -10 [PRESSURE DATA]
TOTAL FM JAN 1 35 HIGHEST SLP 30.59 ON 2
DPTR FM NORMAL -10 LOWEST SLP 29.54 ON 10
[REMARKS]
#FINAL-04-21#