000
CXUS55 KBOI 011002
CF6BOI
PRELIMINARY LOCAL CLIMATOLOGICAL DATA (WS FORM: F-6)
STATION: BOISE ID
MONTH: NOVEMBER
YEAR: 2023
LATITUDE: 43 34 N
LONGITUDE: 116 13 W
TEMPERATURE IN F: :PCPN: SNOW: WIND :SUNSHINE: SKY :PK WND
================================================================================
1 2 3 4 5 6A 6B 7 8 9 10 11 12 13 14 15 16 17 18
12Z AVG MX 2MIN
DY MAX MIN AVG DEP HDD CDD WTR SNW DPTH SPD SPD DIR MIN PSBL S-S WX SPD DR
================================================================================
1 57 35 46 0 19 0 0.00 0.0 0 2.1 8 290 M M 3 11 220
2 51 44 48 3 17 0 0.33 0.0 0 4.0 15 140 M M 10 128 19 140
3 61 43 52 7 13 0 0.06 0.0 0 2.3 10 300 M M 8 128 14 260
4 58 44 51 6 14 0 0.13 0.0 0 6.9 23 130 M M 8 12 30 140
5 65 46 56 12 9 0 0.01 0.0 0 3.2 10 250 M M 6 12 15 210
6 57 42 50 6 15 0 0.11 T 0 4.6 18 130 M M 7 125 24 130
7 55 40 48 5 17 0 0.00 0.0 0 7.2 20 300 M M 5 24 310
8 51 31 41 -2 24 0 0.00 0.0 0 5.6 15 300 M M 0 19 310
9 53 31 42 -1 23 0 0.00 0.0 0 8.2 15 150 M M 0 20 150
10 55 35 45 3 20 0 0.00 0.0 0 5.4 14 140 M M 3 17 140
11 59 41 50 8 15 0 0.00 0.0 0 9.4 18 150 M M 2 23 150
12 66 40 53 12 12 0 0.00 0.0 0 11.8 18 130 M M 0 27 110
13 63 39 51 10 14 0 0.00 0.0 0 7.3 16 130 M M 0 22 150
14 61 37 49 8 16 0 0.00 0.0 0 4.3 14 150 M M 1 19 160
15 67 41 54 14 11 0 0.00 0.0 0 6.5 17 130 M M 1 22 140
16 62 40 51 11 14 0 0.00 0.0 0 4.1 10 340 M M 3 14 240
17 60 36 48 8 17 0 0.00 0.0 0 3.2 10 160 M M 0 13 150
18 57 39 48 9 17 0 0.02 0.0 0 5.8 20 150 M M 7 26 150
19 50 35 43 4 22 0 0.50 0.0 0 13.5 32 310 M M 9 1 46 310
20 47 28 38 0 27 0 0.00 0.0 0 5.1 12 130 M M 0 15 300
21 48 31 40 2 25 0 0.00 0.0 0 7.1 17 180 M M 0 22 180
22 45 29 37 -1 28 0 0.02 0.0 0 5.7 14 320 M M 5 17 320
23 47 32 40 3 25 0 0.00 0.0 0 8.0 23 300 M M 6 1 30 300
24 44 27 36 -1 29 0 0.00 0.0 0 2.7 10 280 M M 3 13 280
25 41 19 30 -7 35 0 0.00 0.0 0 3.1 13 120 M M 0 17 130
26 37 22 30 -6 35 0 0.00 0.0 0 7.1 14 140 M M 1 19 140
27 37 19 28 -8 37 0 0.00 0.0 0 4.9 10 150 M M 1 14 140
28 38 21 30 -6 35 0 0.00 0.0 0 3.6 9 150 M M 0 13 150
29 36 19 28 -8 37 0 0.00 0.0 0 1.1 8 270 M M 0 12 270
30 36 24 30 -5 35 0 0.01 0.1 0 5.5 13 150 M M 10 18 18 140
================================================================================
SM 1564 1010 657 0 1.19 0.1 169.3 M 99
================================================================================
AV 52.1 33.7 5.6 FASTST M M 3 MAX(MPH)
MISC ----> 32 310 46 310
================================================================================
NOTES:
# LAST OF SEVERAL OCCURRENCES
COLUMN 17 PEAK WIND IN M.P.H.
PRELIMINARY LOCAL CLIMATOLOGICAL DATA (WS FORM: F-6) , PAGE 2
STATION: BOISE ID
MONTH: NOVEMBER
YEAR: 2023
LATITUDE: 43 34 N
LONGITUDE: 116 13 W
[TEMPERATURE DATA] [PRECIPITATION DATA] SYMBOLS USED IN COLUMN 16
AVERAGE MONTHLY: 42.9 TOTAL FOR MONTH: 1.19 1 = FOG OR MIST
DPTR FM NORMAL: 2.6 DPTR FM NORMAL: 0.01 2 = FOG REDUCING VISIBILITY
HIGHEST: 67 ON 15 GRTST 24HR 0.55 ON 18-19 TO 1/4 MILE OR LESS
LOWEST: 19 ON 29,27 3 = THUNDER
SNOW, ICE PELLETS, HAIL 4 = ICE PELLETS
TOTAL MONTH: 0.1 INCH 5 = HAIL
GRTST 24HR 0.1 ON 30-30 6 = FREEZING RAIN OR DRIZZLE
GRTST DEPTH: 0 7 = DUSTSTORM OR SANDSTORM:
VSBY 1/2 MILE OR LESS
8 = SMOKE OR HAZE
[NO. OF DAYS WITH] [WEATHER - DAYS WITH] 9 = BLOWING SNOW
X = TORNADO
MAX 32 OR BELOW: 0 0.01 INCH OR MORE: 9
MAX 90 OR ABOVE: 0 0.10 INCH OR MORE: 4
MIN 32 OR BELOW: 13 0.50 INCH OR MORE: 1
MIN 0 OR BELOW: 0 1.00 INCH OR MORE: 0
[HDD (BASE 65) ]
TOTAL THIS MO. 657 CLEAR (SCALE 0-3) 17
DPTR FM NORMAL -85 PTCLDY (SCALE 4-7) 9
TOTAL FM JUL 1 987 CLOUDY (SCALE 8-10) 4
DPTR FM NORMAL -225
[CDD (BASE 65) ]
TOTAL THIS MO. 0
DPTR FM NORMAL 0 [PRESSURE DATA]
TOTAL FM JAN 1 1342 HIGHEST SLP 30.72 ON 20
DPTR FM NORMAL 298 LOWEST SLP 29.64 ON 6
[REMARKS]
#FINAL-11-23#