000
CXUS55 KRIW 011606
CLMBPI
CLIMATE REPORT
NATIONAL WEATHER SERVICE RIVERTON WY
1000 AM MDT SAT JUL 01 2023
...PRELIMINARY MONTHLY CLIMATE SUMMARY FOR BIG PINEY FOR THE MONTH
OF JUNE 2023...
...OFFICIAL CLIMATE DATA FOR THE MONTH OF JUNE 2023 WILL BE
AVAILABLE IN APPROXIMATELY 60 DAYS FROM THE NATIONAL CENTERS FOR
ENVIRONMENTAL INFORMATION (HTTP://WWW.NCDC.NOAA.GOV/CDO-
WEB/DATASETS). UNOFFICIAL ASOS DAILY SUMMARIES ARE AVAILABLE ON THE
INTERNET AT HTTP://WWW.WEATHER.GOV/CLIMATE/INDEX.PHP?WFO=RIW
...BIG PINEY WAS COLDER AND WETTER THAN NORMAL IN JUNE...
THE AVERAGE TEMPERATURE FOR BIG PINEY IN JUNE WAS 53.6 DEGREES WHICH
WAS 0.6 DEGREES BELOW NORMAL THE WARMEST READING FOR THE MONTH WAS
77 DEGREES ON THE 30TH, THE COLDEST TEMPERATURE WAS 33 DEGREES ON
THE 21ST AND 24TH. NO TEMPERATURE RECORDS WERE BROKEN.
PRECIPITATION FOR THE MONTH WAS 2.54 INCHES...WHICH IS 251 PERCENT
OF NORMAL...AND THE THIRD WETTEST JUNE ON RECORD. THE WETTEST 24-
HOUR PERIOD WAS ON THE 1ST-2ND WITH 0.72 INCHES. THE 2ND HAD 0.64
INCHES WHICH BROKE THE 2009 RECORD OF 0.47 INCHES. THE 4TH HAD 0.08
INCHES AND BROKE THE 1997 RECORD OF 0.07. THE 20TH SAW 0.36 INCHES
AND BROKE THE 2009 RECORD OF 0.26. THE 23RD HAD 0.24 INCHES WHICH
BROKE A TRACE FROM 2019, 2020 AND 2021. THE HIGHEST WIND GUST WAS 53
MPH FROM THE SOUTHWEST ON THE 5TH.
...THE BIG PINEY WY CLIMATE SUMMARY FOR THE MONTH OF JUNE 2023...
CLIMATE NORMAL PERIOD: 1991 TO 2020
CLIMATE RECORD PERIOD: 1976 TO 2023
WEATHER OBSERVED NORMAL DEPART LAST YEAR`S
VALUE DATE(S) VALUE FROM VALUE
NORMAL
..............................................................
TEMPERATURE (F)
RECORD
HIGH 93 06/28/2013
LOW 13 06/04/1984
HIGHEST 77 06/30
LOWEST 33 06/21
06/24
AVG. MAXIMUM 67.2 72.3 -5.1
AVG. MINIMUM 40.0 36.1 3.9
MEAN 53.6 54.2 -0.6
DAYS MAX >= 90 0
DAYS MAX <= 32 0
DAYS MIN <= 32 0
DAYS MIN <= 0 0
PRECIPITATION (INCHES)
RECORD
MAXIMUM 3.71 2009
MINIMUM T 2013
TOTALS 2.54 1.01 1.53 0.19
DAILY AVG. 0.08 0.03 0.05
DAYS >= .01 20
DAYS >= .10 7
DAYS >= .50 1
DAYS >= 1.00 0
GREATEST
24 HR. TOTAL 0.72 06/01 TO 06/02
STORM TOTAL 0.64
DEGREE DAYS
HEATING TOTAL 335 325 10
SINCE 7/1 11319 10403 916
COOLING TOTAL 0 1 -1
SINCE 1/1 0 1 -1
..............................................................
WIND (MPH)
AVERAGE WIND SPEED 7.4
RESULTANT WIND SPEED/DIRECTION 2/330
HIGHEST WIND SPEED/DIRECTION 38/240 DATE 06/05
HIGHEST GUST SPEED/DIRECTION 54/230 DATE 06/05
SKY COVER
POSSIBLE SUNSHINE (PERCENT) MM
AVERAGE SKY COVER 0.38
NUMBER OF DAYS FAIR 14
NUMBER OF DAYS PC 14
NUMBER OF DAYS CLOUDY 2
AVERAGE RH (PERCENT) 68
WEATHER CONDITIONS. NUMBER OF DAYS WITH
THUNDERSTORM 16 MIXED PRECIP 0
HEAVY RAIN 2 RAIN 5
LIGHT RAIN 22 FREEZING RAIN 0
LT FREEZING RAIN 0 HAIL 0
HEAVY SNOW 0 SNOW 0
LIGHT SNOW 0 SLEET 0
FOG 11 FOG W/VIS <= 1/4 MILE 0
HAZE 0
- INDICATES NEGATIVE NUMBERS.
R INDICATES RECORD WAS SET OR TIED.
MM INDICATES DATA IS MISSING.
T INDICATES TRACE AMOUNT.
LOOKING AHEAD TO JULY 2023...THE AVERAGE HIGH TEMPERATURE ON THE
FIRST OF THE MONTH IS 78 DEGREES...AND THE AVERAGE LOW TEMPERATURE
IS 39 DEGREES. THE AVERAGE HIGH BY THE END OF THE MONTH IS 83
DEGREES...AND THE AVERAGE LOW TEMPERATURE IS 43 DEGREES. THE AVERAGE
MONTHLY PRECIPITATION IS 0.89 INCHES.
$$