000
CXUS54 KLZK 011330
CF6BPK
PRELIMINARY LOCAL CLIMATOLOGICAL DATA (WS FORM: F-6)
STATION: MOUNTAIN HOME AIRPORT
MONTH: FEBRUARY
YEAR: 2023
LATITUDE: 36 22 N
LONGITUDE: 92 28 W
TEMPERATURE IN F: :PCPN: SNOW: WIND :SUNSHINE: SKY :PK WND
================================================================================
1 2 3 4 5 6A 6B 7 8 9 10 11 12 13 14 15 16 17 18
12Z AVG MX 2MIN
DY MAX MIN AVG DEP HDD CDD WTR SNW DPTH SPD SPD DIR MIN PSBL S-S WX SPD DR
================================================================================
1 31 20 26 -12 39 0 T M M 1.7 7 150 M M 2 10 90
2 40 26 33 -5 32 0 0.00 M M 2.0 6 340 M M 3 11 330
3 39 22 31 -8 34 0 0.00 M M 4.5 9 160 M M 0 13 350
4 51 25 38 -1 27 0 0.00 M M 7.5 20 220 M M 0 24 220
5 62 40 51 12 14 0 0.00 M M 3.8 10 330 M M 0 18 340
6 65 35 50 11 15 0 0.00 M M 9.2 25 210 M M 5 33 230
7 59 43 51 12 14 0 0.12 M M 4.5 16 230 M M 9 1 24 220
8 54 41 48 8 17 0 2.47 M M 7.7 18 130 M M 10 13 35 250
9 55 38 47 7 18 0 T M M 7.2 18 240 M M 7 1 30 280
10 40 30 35 -5 30 0 0.00 M M 3.1 8 330 M M 8 12 30
11 53 27 40 0 25 0 0.00 M M 3.0 9 70 M M 0 14 60
12 61 26 44 4 21 0 0.00 M M 3.3 10 230 M M 0 14 220
13 64 39 52 11 13 0 0.00 M M 4.8 9 320 M M 0 8 M M
14 58 49 54 13 11 0 0.24 M M 8.9 24 200 M M 4 1 37 200
15 75 43 59 18 6 0 0.01 M M 4.7 16 210 M M 3 21 220
16 62 28 45 4 20 0 0.20 M M 7.5 15 310 M M 9 13 27 290
17 45 26 36 -6 29 0 0.00 M M 5.1 12 300 M M 3 18 350
18 55 24 40 -2 25 0 0.00 M M 6.0 17 190 M M 2 8 23 200
19 64 36 50 8 15 0 0.00 M M 7.6 16 230 M M 0 22 220
20 71 47 59 17 6 0 0.00 M M 4.4 13 340 M M 1 20 350
21 61 39 50 7 15 0 0.00 M M 6.1 16 170 M M 1 24 150
22 73 51 62 19 3 0 0.29 M M 9.4 24 220 M M 4 1 35 230
23 55 34 45 2 20 0 T M M 6.2 14 350 M M 4 24 320
24 47 27 37 -7 28 0 0.00 M M 5.9 14 120 M M 5 19 60
25 57 40 49 5 16 0 0.00 M M 2.2 8 210 M M 9 8 11 220
26 62 47 55 11 10 0 0.45 M M 6.5 21 190 M M 10 13 29 180
27 72 52 62 18 3 0 0.07 M M 9.6 28 260 M M 3 18 46 240
28 79 41 60 15 5 0 0.00 M M 7.8 21 210 M M 0 31 210
================================================================================
SM 1610 996 511 0 3.85 M 160.2 M 102
================================================================================
AV 57.5 35.6 5.7 FASTST M M 4 MAX(MPH)
MISC ----> 28 260 46 240
================================================================================
NOTES:
# LAST OF SEVERAL OCCURRENCES
COLUMN 17 PEAK WIND IN M.P.H.
PRELIMINARY LOCAL CLIMATOLOGICAL DATA (WS FORM: F-6) , PAGE 2
STATION: MOUNTAIN HOME AIRPORT
MONTH: FEBRUARY
YEAR: 2023
LATITUDE: 36 22 N
LONGITUDE: 92 28 W
[TEMPERATURE DATA] [PRECIPITATION DATA] SYMBOLS USED IN COLUMN 16
AVERAGE MONTHLY: 46.5 TOTAL FOR MONTH: 3.85 1 = FOG OR MIST
DPTR FM NORMAL: 5.3 DPTR FM NORMAL: 1.49 2 = FOG REDUCING VISIBILITY
HIGHEST: 79 ON 28 GRTST 24HR 2.47 ON 8- 8 TO 1/4 MILE OR LESS
LOWEST: 20 ON 1 3 = THUNDER
SNOW, ICE PELLETS, HAIL 4 = ICE PELLETS
TOTAL MONTH: M 5 = HAIL
GRTST 24HR M ON M 6 = FREEZING RAIN OR DRIZZLE
GRTST DEPTH: M ON M 7 = DUSTSTORM OR SANDSTORM:
VSBY 1/2 MILE OR LESS
8 = SMOKE OR HAZE
[NO. OF DAYS WITH] [WEATHER - DAYS WITH] 9 = BLOWING SNOW
X = TORNADO
MAX 32 OR BELOW: 1 0.01 INCH OR MORE: 8
MAX 90 OR ABOVE: 0 0.10 INCH OR MORE: 6
MIN 32 OR BELOW: 11 0.50 INCH OR MORE: 1
MIN 0 OR BELOW: 0 1.00 INCH OR MORE: 1
[HDD (BASE 65) ]
TOTAL THIS MO. 511 CLEAR (SCALE 0-3) 14
DPTR FM NORMAL -157 PTCLDY (SCALE 4-7) 8
TOTAL FM JUL 1 2716 CLOUDY (SCALE 8-10) 6
DPTR FM NORMAL -339
[CDD (BASE 65) ]
TOTAL THIS MO. 0
DPTR FM NORMAL -2 [PRESSURE DATA]
TOTAL FM JAN 1 0 HIGHEST SLP 30.62 ON 3
DPTR FM NORMAL 0 LOWEST SLP 29.36 ON 27
[REMARKS]
#FINAL-02-23#