000
CXUS54 KLCH 011317
CLMBPT
CLIMATE REPORT
NATIONAL WEATHER SERVICE LAKE CHARLES, LA
817 AM CDT THU JUN 01 2023
...................................
...THE BEAUMONT PORT ARTHUR CLIMATE SUMMARY FOR THE MONTH OF MAY 2023...
CLIMATE NORMAL PERIOD: 1991 TO 2020
CLIMATE RECORD PERIOD: 1901 TO 2023
WEATHER OBSERVED NORMAL DEPART LAST YEAR`S
VALUE DATE(S) VALUE FROM VALUE DATE(S)
NORMAL
................................................................
TEMPERATURE (F)
RECORD
HIGH 101 05/28/1905
LOW 42 05/04/2013
HIGHEST 93 05/20 MM MM 93 05/27
LOWEST 57 05/01 MM MM 58 05/26
AVG. MAXIMUM 87.0 85.7 1.3 88.3
AVG. MINIMUM 68.5 67.3 1.2 69.5
MEAN 77.7 76.5 1.2 78.9
DAYS MAX >= 90 8 3.5 4.5 12
DAYS MAX <= 32 0 0.0 0.0 0
DAYS MIN <= 32 0 0.0 0.0 0
DAYS MIN <= 0 0 0.0 0.0 0
PRECIPITATION (INCHES)
RECORD
MAXIMUM 20.58 1923
MINIMUM 0.01 2003
TOTALS 7.15 4.70 2.45 2.61
DAILY AVG. 0.23 0.15 0.08 0.08
DAYS >= .01 12 7.2 4.8 6
DAYS >= .10 7 4.7 2.3 4
DAYS >= .50 3 2.7 0.3 4
DAYS >= 1.00 2 1.8 0.2 0
GREATEST
24 HR. TOTAL 3.76 05/10 TO 05/10
SNOWFALL (INCHES)
RECORDS
TOTAL 0.0 5
TOTALS 0.0 MM MM 0.0
SINCE 7/1 0.0 MM MM MM
SNOWDEPTH AVG. 0 0
DAYS >= 1.0 0 MM MM 0
GREATEST
SNOW DEPTH 0 0 MM
24 HR TOTAL MM
DEGREE DAYS
HEATING TOTAL 0 2 -2 0
SINCE 7/1 1024 1260 -236 MM
COOLING TOTAL 404 358 46 439
SINCE 1/1 868 633 235 MM
................................................................
WIND (MPH)
AVERAGE WIND SPEED 7.4
HIGHEST WIND SPEED/DIRECTION 25/330 DATE 05/06
25/180 05/09
HIGHEST GUST SPEED/DIRECTION 42/330 DATE 05/06
SKY COVER
POSSIBLE SUNSHINE (PERCENT) MM
AVERAGE SKY COVER 0.37
NUMBER OF DAYS FAIR 17
NUMBER OF DAYS PC 10
NUMBER OF DAYS CLOUDY 4
AVERAGE RH (PERCENT) 75
WEATHER CONDITIONS. NUMBER OF DAYS WITH
THUNDERSTORM 8 MIXED PRECIP 0
HEAVY RAIN 7 RAIN 6
LIGHT RAIN 10 FREEZING RAIN 0
LT FREEZING RAIN 0 HAIL 0
HEAVY SNOW 0 SNOW 0
LIGHT SNOW 0 SLEET 0
FOG 22 FOG W/VIS <= 1/4 MILE 4
HAZE 13
- INDICATES NEGATIVE NUMBERS.
R INDICATES RECORD WAS SET OR TIED.
MM INDICATES DATA IS MISSING.
T INDICATES TRACE AMOUNT.
$$