000
CXUS54 KBRO 060921
CF6BRO
PRELIMINARY LOCAL CLIMATOLOGICAL DATA (WS FORM: F-6)
STATION: BROWNSVILLE
MONTH: SEPTEMBER
YEAR: 2021
LATITUDE: 25 53 N
LONGITUDE: 97 26 W
TEMPERATURE IN F: :PCPN: SNOW: WIND :SUNSHINE: SKY :PK WND
================================================================================
1 2 3 4 5 6A 6B 7 8 9 10 11 12 13 14 15 16 17 18
12Z AVG MX 2MIN
DY MAX MIN AVG DEP HDD CDD WTR SNW DPTH SPD SPD DIR MIN PSBL S-S WX SPD DR
================================================================================
1 98 81 90 4 0 25 0.00 0.0 0 11.0 23 150 M M 1 8 30 170
2 98 80 89 3 0 24 0.00 0.0 0 10.1 21 160 M M 1 18 30 150
3 97 80 89 4 0 24 0.00 0.0 0 11.7 23 150 M M 2 33 160
4 97 78 88 3 0 23 0.00 0.0 0 8.8 20 140 M M 1 26 150
5 98 77 88 3 0 23 0.00 0.0 0 7.9 18 150 M M 1 26 160
6 98 76 87 2 0 22 0.12 0.0 0 5.7 20 90 M M 1 3 26 80
7 98 76 87 2 0 22 0.00 0.0 0 4.8 17 80 M M 1 23 90
8 97 74 86 1 0 21 0.30 0.0 0 4.6 20 60 M M 1 3 29 70
9 95 71 83 -1 0 18 0.00 0.0 0 7.1 20 50 M M 1 28 60
10 95 75 85 1 0 20 0.21 0.0 0 9.3 21 50 M M 1 13 30 40
11 94 76 85 1 0 20 0.62 0.0 0 5.4 21 90 M M 2 3 28 90
12 89 76 83 -1 0 18 0.39 0.0 0 6.4 22 110 M M 4 1 33 50
13 90 76 83 -1 0 18 0.35 0.0 0 8.9 21 50 M M 7 1 29 50
14 94 75 85 1 0 20 0.00 0.0 0 4.6 14 120 M M 3 18 90
15 93 79 86 2 0 21 T 0.0 0 6.2 20 50 M M 2 27 40
16 94 76 85 2 0 20 0.00 0.0 0 4.7 15 60 M M 2 21 110
17 96 79 88 5 0 23 T 0.0 0 6.9 20 180 M M 1 3 26 180
18 97 78 88 5 0 23 0.00 0.0 0 4.8 18 60 M M 1 24 60
19 96 76 86 3 0 21 0.00 0.0 0 5.4 18 120 M M 1 24 120
20 97 76 87 4 0 22 0.00 0.0 0 11.0 24 180 M M 2 40 150
21 87 77 82 -1 0 17 0.20 0.0 0 4.8 26 150 M M 4 13 34 160
22 82 68 75 -7 0 10 0.07 0.0 0 7.6 20 360 M M 5 31 360
23 88 66 77 -5 0 12 0.00 0.0 0 6.7 16 50 M M 0 22 70
24 89 65 77 -5 0 12 0.00 0.0 0 4.8 15 70 M M 1 21 100
25 90 67 79 -3 0 14 0.00 0.0 0 5.5 16 80 M M 1 22 50
26 92 65 79 -3 0 14 0.00 0.0 0 5.0 16 120 M M 1 21 120
27 95 73 84 2 0 19 0.00 0.0 0 7.2 16 120 M M 2 22 110
28 95 78 87 5 0 22 0.00 0.0 0 13.9 26 150 M M 2 36 170
29 95 79 87 6 0 22 0.05 0.0 0 12.6 25 20 M M 2 3 35 30
30 90 72 81 0 0 16 2.33 0.0 0 10.7 44 120 M M 3 13 60 110
================================================================================
SM 2814 2245 0 586 4.64 0.0 224.1 M 57
================================================================================
AV 93.8 74.8 7.5 FASTST M M 2 MAX(MPH)
MISC ----> 44 120 60 110
================================================================================
NOTES:
# LAST OF SEVERAL OCCURRENCES
COLUMN 17 PEAK WIND IN M.P.H.
PRELIMINARY LOCAL CLIMATOLOGICAL DATA (WS FORM: F-6) , PAGE 2
STATION: BROWNSVILLE
MONTH: SEPTEMBER
YEAR: 2021
LATITUDE: 25 53 N
LONGITUDE: 97 26 W
[TEMPERATURE DATA] [PRECIPITATION DATA] SYMBOLS USED IN COLUMN 16
AVERAGE MONTHLY: 84.3 TOTAL FOR MONTH: 4.64 1 = FOG OR MIST
DPTR FM NORMAL: 0.9 DPTR FM NORMAL: -1.09 2 = FOG REDUCING VISIBILITY
HIGHEST: 98 ON 7, 6 GRTST 24HR 2.33 ON 29-30 TO 1/4 MILE OR LESS
LOWEST: 65 ON 26,24 3 = THUNDER
SNOW, ICE PELLETS, HAIL 4 = ICE PELLETS
TOTAL MONTH: 0.0 INCH 5 = HAIL
GRTST 24HR 0.0 6 = FREEZING RAIN OR DRIZZLE
GRTST DEPTH: 0 7 = DUSTSTORM OR SANDSTORM:
VSBY 1/2 MILE OR LESS
8 = SMOKE OR HAZE
[NO. OF DAYS WITH] [WEATHER - DAYS WITH] 9 = BLOWING SNOW
X = TORNADO
MAX 32 OR BELOW: 0 0.01 INCH OR MORE: 10
MAX 90 OR ABOVE: 25 0.10 INCH OR MORE: 8
MIN 32 OR BELOW: 0 0.50 INCH OR MORE: 2
MIN 0 OR BELOW: 0 1.00 INCH OR MORE: 1
[HDD (BASE 65) ]
TOTAL THIS MO. 0 CLEAR (SCALE 0-3) 26
DPTR FM NORMAL 0 PTCLDY (SCALE 4-7) 4
TOTAL FM JUL 1 0 CLOUDY (SCALE 8-10) 0
DPTR FM NORMAL 0
[CDD (BASE 65) ]
TOTAL THIS MO. 586
DPTR FM NORMAL 32 [PRESSURE DATA]
TOTAL FM JAN 1 3717 HIGHEST SLP 30.15 ON 22
DPTR FM NORMAL -105 LOWEST SLP 29.73 ON 29
[REMARKS]
#FINAL-09-21#