000
CXUS53 KGRR 010910
CF6BTL
PRELIMINARY LOCAL CLIMATOLOGICAL DATA (WS FORM: F-6)
STATION: BATTLE CREEK
MONTH: SEPTEMBER
YEAR: 2022
LATITUDE: 42 17 N
LONGITUDE: 85 14 W
TEMPERATURE IN F: :PCPN: SNOW: WIND :SUNSHINE: SKY :PK WND
================================================================================
1 2 3 4 5 6A 6B 7 8 9 10 11 12 13 14 15 16 17 18
12Z AVG MX 2MIN
DY MAX MIN AVG DEP HDD CDD WTR SNW DPTH SPD SPD DIR MIN PSBL S-S WX SPD DR
================================================================================
1 84 63 74 6 0 9 0.00 M M 5.1 10 160 M M 1 14 180
2 84 68 76 8 0 11 T M M 5.9 14 190 M M 2 20 190
3 85 64 75 7 0 10 0.03 M M 4.9 16 40 M M 2 13 22 20
4 69 62 66 -1 0 1 0.00 M M 8.6 14 40 M M 9 1 18 40
5 76 60 68 1 0 3 0.00 M M 7.4 13 50 M M 9 1 17 40
6 77 60 69 2 0 4 0.00 M M 4.9 10 30 M M 8 8 13 30
7 79 56 68 2 0 3 0.00 M M 3.8 14 10 M M 3 12 21 20
8 82 53 68 2 0 3 0.00 M M 2.3 9 250 M M 0 14 230
9 82 54 68 2 0 3 0.00 M M 5.2 14 170 M M 2 20 190
10 86 63 75 9 0 10 0.00 M M 5.8 17 200 M M 2 27 210
11 75 62 69 4 0 4 0.32 M M 6.8 16 230 M M 8 1 21 230
12 64 51 58 -7 7 0 T M M 9.1 18 220 M M 9 25 220
13 74 47 61 -4 4 0 0.00 M M 3.8 12 250 M M 4 1 18 240
14 81 55 68 4 0 3 0.00 M M 5.2 13 280 M M 3 12 18 270
15 78 59 69 5 0 4 0.00 M M 5.4 10 190 M M 2 1 15 140
16 82 57 70 6 0 5 0.00 M M 6.2 13 210 M M 1 1 17 160
17 86 64 75 12 0 10 0.00 M M 9.0 20 230 M M 1 27 240
18 85 67 76 13 0 11 0.00 M M 9.1 15 230 M M 3 24 240
19 81 60 71 9 0 6 0.41 M M 6.1 31 220 M M 3 13 41 230
20 78 55 67 5 0 2 0.04 M M 7.3 30 140 M M 2 13 40 120
21 84 61 73 11 0 8 0.00 M M 13.7 24 260 M M 1 35 190
22 65 46 56 -5 9 0 T M M 10.9 24 350 M M 3 32 350
23 65 38 52 -9 13 0 0.00 M M 2.9 10 100 M M 0 13 140
24 68 53 61 1 4 0 0.03 M M 6.9 17 200 M M 10 23 200
25 63 51 57 -3 8 0 0.36 M M 9.0 18 300 M M 9 13 28 300
26 58 49 54 -6 11 0 0.21 M M 11.2 22 290 M M 7 1 33 260
27 58 46 52 -7 13 0 0.06 M M 10.2 22 330 M M 8 1 30 320
28 54 46 50 -9 15 0 0.05 M M 7.0 16 360 M M 9 1 21 330
29 63 46 55 -3 10 0 0.00 M M 2.4 8 330 M M 5 12 320
30 68 39 54 -4 11 0 0.00 M M 3.7 13 60 M M 0 16 50
================================================================================
SM 2234 1655 105 110 1.51 M 199.8 M 126
================================================================================
AV 74.5 55.2 6.7 FASTST M M 4 MAX(MPH)
MISC ----> 31 220 41 230
================================================================================
NOTES:
# LAST OF SEVERAL OCCURRENCES
COLUMN 17 PEAK WIND IN M.P.H.
PRELIMINARY LOCAL CLIMATOLOGICAL DATA (WS FORM: F-6) , PAGE 2
STATION: BATTLE CREEK
MONTH: SEPTEMBER
YEAR: 2022
LATITUDE: 42 17 N
LONGITUDE: 85 14 W
[TEMPERATURE DATA] [PRECIPITATION DATA] SYMBOLS USED IN COLUMN 16
AVERAGE MONTHLY: 64.8 TOTAL FOR MONTH: 1.51 1 = FOG OR MIST
DPTR FM NORMAL: 1.3 DPTR FM NORMAL: -1.72 2 = FOG REDUCING VISIBILITY
HIGHEST: 86 ON 17,10 GRTST 24HR 0.41 ON 19-19 TO 1/4 MILE OR LESS
LOWEST: 38 ON 23 3 = THUNDER
SNOW, ICE PELLETS, HAIL 4 = ICE PELLETS
TOTAL MONTH: M 5 = HAIL
GRTST 24HR M ON M 6 = FREEZING RAIN OR DRIZZLE
GRTST DEPTH: M ON M 7 = DUSTSTORM OR SANDSTORM:
VSBY 1/2 MILE OR LESS
8 = SMOKE OR HAZE
[NO. OF DAYS WITH] [WEATHER - DAYS WITH] 9 = BLOWING SNOW
X = TORNADO
MAX 32 OR BELOW: 0 0.01 INCH OR MORE: 9
MAX 90 OR ABOVE: 0 0.10 INCH OR MORE: 4
MIN 32 OR BELOW: 0 0.50 INCH OR MORE: 0
MIN 0 OR BELOW: 0 1.00 INCH OR MORE: 0
[HDD (BASE 65) ]
TOTAL THIS MO. 105 CLEAR (SCALE 0-3) 18
DPTR FM NORMAL -13 PTCLDY (SCALE 4-7) 5
TOTAL FM JUL 1 112 CLOUDY (SCALE 8-10) 7
DPTR FM NORMAL -24
[CDD (BASE 65) ]
TOTAL THIS MO. 110
DPTR FM NORMAL 39 [PRESSURE DATA]
TOTAL FM JAN 1 875 HIGHEST SLP 30.55 ON 29
DPTR FM NORMAL 169 LOWEST SLP 29.64 ON 25
[REMARKS]
#FINAL-09-22#