000
CXUS55 KMSO 010900
CF6BTM
PRELIMINARY LOCAL CLIMATOLOGICAL DATA (WS FORM: F-6)
STATION: BUTTE MT
MONTH: AUGUST
YEAR: 2022
LATITUDE: 45 57 N
LONGITUDE: 112 30 W
TEMPERATURE IN F: :PCPN: SNOW: WIND :SUNSHINE: SKY :PK WND
================================================================================
1 2 3 4 5 6A 6B 7 8 9 10 11 12 13 14 15 16 17 18
12Z AVG MX 2MIN
DY MAX MIN AVG DEP HDD CDD WTR SNW DPTH SPD SPD DIR MIN PSBL S-S WX SPD DR
================================================================================
1 92 51 72 7 0 7 0.00 M M 5.5 21 220 M M 0 30 220
2 83 56 70 5 0 5 0.00 M M 8.8 22 310 M M 1 33 290
3 86 45 66 1 0 1 0.00 M M 8.0 22 310 M M 0 34 250
4 88 49 69 4 0 4 T M M 7.8 25 210 M M 2 8 42 210
5 80 53 67 3 0 2 0.00 M M 5.6 16 100 M M 5 24 100
6 67 46 57 -7 8 0 0.55 M M 6.4 21 180 M M 4 138 32 180
7 82 39 61 -3 4 0 0.00 M M 4.5 9 160 M M 0 15 50
8 88 42 65 1 0 0 0.00 M M 5.7 17 300 M M 0 25 290
9 91 44 68 4 0 3 0.00 M M 6.4 22 100 M M 0 33 110
10 87 62 75 11 0 10 0.08 M M 5.4 18 160 M M 4 1 27 240
11 88 57 73 10 0 8 T M M 3.8 22 260 M M 1 3 35 260
12 88 54 71 8 0 6 0.11 M M 5.3 25 70 M M 2 3 32 70
13 89 53 71 8 0 6 0.11 M M 4.9 16 30 M M 2 13 25 290
14 86 49 68 5 0 3 0.00 M M 5.1 15 320 M M 0 22 310
15 87 46 67 5 0 2 0.00 M M 4.1 12 320 M M 0 15 330
16 90 46 68 6 0 3 0.00 M M 4.8 12 350 M M 0 22 M
17 91 46 69 7 0 4 0.00 M M 4.6 17 120 M M 0 24 100
18 88 47 68 6 0 3 0.00 M M 5.9 18 120 M M 0 25 120
19 86 50 68 7 0 3 0.00 M M 7.4 23 100 M M 0 31 90
20 87 51 69 8 0 4 T M M 4.0 24 110 M M 1 32 120
21 82 53 68 7 0 3 T M M 4.1 16 310 M M 2 3 23 310
22 84 48 66 6 0 1 0.00 M M 5.2 18 310 M M 1 24 310
23 82 45 64 4 1 0 T M M 5.1 23 20 M M 1 3 31 20
24 77 54 66 6 0 1 0.15 M M 7.0 23 140 M M 4 13 35 140
25 78 54 66 6 0 1 0.08 M M 4.1 14 210 M M 4 13 22 210
26 77 46 62 3 3 0 T M M 3.9 26 330 M M 1 3 36 320
27 80 45 63 4 2 0 0.00 M M 8.9 25 310 M M 3 39 250
28 72 45 59 0 6 0 0.00 M M 7.3 17 330 M M 1 25 320
29 84 37 61 3 4 0 0.00 M M 4.4 12 320 M M 0 16 340
30 89 43 66 8 0 1 0.00 M M 3.8 13 310 M M 0 17 40
31 90 43 67 9 0 2 0.00 M M 4.2 13 310 M M 0 25 40
================================================================================
SM 2619 1499 28 83 1.08 M 172.0 M 39
================================================================================
AV 84.5 48.4 5.5 FASTST M M 1 MAX(MPH)
MISC ----> 26 330 42 210
================================================================================
NOTES:
# LAST OF SEVERAL OCCURRENCES
COLUMN 17 PEAK WIND IN M.P.H.
PRELIMINARY LOCAL CLIMATOLOGICAL DATA (WS FORM: F-6) , PAGE 2
STATION: BUTTE MT
MONTH: AUGUST
YEAR: 2022
LATITUDE: 45 57 N
LONGITUDE: 112 30 W
[TEMPERATURE DATA] [PRECIPITATION DATA] SYMBOLS USED IN COLUMN 16
AVERAGE MONTHLY: 66.4 TOTAL FOR MONTH: 1.08 1 = FOG OR MIST
DPTR FM NORMAL: 4.6 DPTR FM NORMAL: -0.20 2 = FOG REDUCING VISIBILITY
HIGHEST: 92 ON 1 GRTST 24HR 0.55 ON 6- 6 TO 1/4 MILE OR LESS
LOWEST: 37 ON 29 3 = THUNDER
SNOW, ICE PELLETS, HAIL 4 = ICE PELLETS
TOTAL MONTH: M 5 = HAIL
GRTST 24HR M ON M 6 = FREEZING RAIN OR DRIZZLE
GRTST DEPTH: M ON M 7 = DUSTSTORM OR SANDSTORM:
VSBY 1/2 MILE OR LESS
8 = SMOKE OR HAZE
[NO. OF DAYS WITH] [WEATHER - DAYS WITH] 9 = BLOWING SNOW
X = TORNADO
MAX 32 OR BELOW: 0 0.01 INCH OR MORE: 6
MAX 90 OR ABOVE: 5 0.10 INCH OR MORE: 4
MIN 32 OR BELOW: 0 0.50 INCH OR MORE: 1
MIN 0 OR BELOW: 0 1.00 INCH OR MORE: 0
[HDD (BASE 65) ]
TOTAL THIS MO. 28 CLEAR (SCALE 0-3) 26
DPTR FM NORMAL -96 PTCLDY (SCALE 4-7) 5
TOTAL FM JUL 1 61 CLOUDY (SCALE 8-10) 0
DPTR FM NORMAL -154
[CDD (BASE 65) ]
TOTAL THIS MO. 83
DPTR FM NORMAL 56 [PRESSURE DATA]
TOTAL FM JAN 1 161 HIGHEST SLP M ON M
DPTR FM NORMAL 80 LOWEST SLP 29.58 ON 27
[REMARKS]
#FINAL-08-22#