189
CXUS54 KLIX 011509
CF6BTR
PRELIMINARY LOCAL CLIMATOLOGICAL DATA (WS FORM: F-6)
STATION: BATON ROUGE
MONTH: DECEMBER
YEAR: 2020
LATITUDE: 30 31 N
LONGITUDE: 91 9 W
TEMPERATURE IN F: :PCPN: SNOW: WIND :SUNSHINE: SKY :PK WND
================================================================================
1 2 3 4 5 6A 6B 7 8 9 10 11 12 13 14 15 16 17 18
12Z AVG MX 2MIN
DY MAX MIN AVG DEP HDD CDD WTR SNW DPTH SPD SPD DIR MIN PSBL S-S WX SPD DR
================================================================================
1 59 30 45 -11 20 0 0.00 0.0 M 2.0 7 240 M M 0 10 220
2 64 31 48 -8 17 0 0.00 0.0 M 11.1 24 100 M M 1 29 100
3 70 49 60 4 5 0 0.48 M M 7.2 14 340 M M 8 1 21 350
4 59 40 50 -5 15 0 0.00 0.0 M 6.1 14 350 M M 5 20 300
5 60 34 47 -8 18 0 0.00 0.0 M 3.7 12 30 M M 0 1 15 30
6 53 43 48 -7 17 0 0.02 M M 3.9 13 280 M M 5 1 15 270
7 61 40 51 -4 14 0 0.00 0.0 M 5.0 15 360 M M 0 1 19 340
8 66 35 51 -3 14 0 0.00 0.0 M 4.8 13 220 M M 0 1 16 230
9 74 39 57 3 8 0 0.00 0.0 M 3.3 14 250 M M 0 1 18 230
10 75 46 61 7 4 0 0.00 0.0 M 3.7 13 230 M M 3 12 16 190
11 75 50 63 9 2 0 0.00 0.0 M 7.0 18 150 M M 6 1 23 150
12 68 50 59 5 6 0 0.31 0.0 M 5.1 20 270 M M 7 13 25 290
13 72 49 61 7 4 0 0.28 0.0 M 9.5 29 290 M M 7 1 39 290
14 49 43 46 -7 19 0 0.00 0.0 M 9.4 22 300 M M 10 31 310
15 49 43 46 -7 19 0 0.70 M M 6.9 20 80 M M 10 1 22 80
16 49 39 44 -9 21 0 0.04 0.0 M 8.0 17 310 M M 10 1 26 320
17 53 34 44 -9 21 0 0.00 0.0 M 5.2 13 360 M M 4 18 20
18 60 30 45 -8 20 0 0.00 0.0 M 6.7 16 110 M M 0 1 22 110
19 70 41 56 3 9 0 1.01 0.0 M 9.7 23 90 M M 4 1 28 90
20 62 42 52 -1 13 0 0.00 0.0 M 4.7 15 280 M M 8 1 19 280
21 68 40 54 2 11 0 0.00 0.0 0 2.1 12 280 M M 3 12 14 270
22 71 38 55 3 10 0 0.00 0.0 M 4.2 13 170 M M 0 19 170
23 72 44 58 6 7 0 0.05 M M 10.0 22 180 M M 8 13 29 180
24 68 33 51 -1 14 0 0.88 0.0 M 11.4 24 350 M M 4 13 35 350
25 52 31 42 -10 23 0 0.00 0.0 M 6.1 15 280 M M 0 8 21 280
26 60 29 45 -7 20 0 0.00 0.0 M 2.8 9 160 M M 0 11 160
27 68 32 50 -2 15 0 0.00 0.0 M 6.9 20 200 M M 1 1 23 200
28 74 43 59 7 6 0 0.00 0.0 M 3.2 9 110 M M 1 1 13 40
29 72 45 59 7 6 0 0.00 0.0 M 9.2 18 130 M M 2 1 22 130
30 72 60 66 14 0 1 0.01 0.0 M 8.6 15 160 M M 8 25 50
31 76 61 69 17 0 4 0.43 0.0 M 11.2 28 220 M M 9 13 33 230
================================================================================
SM 2001 1264 378 5 4.21 0.0 198.7 M 124
================================================================================
AV 64.5 40.8 6.4 FASTST M M 4 MAX(MPH)
MISC ----> 29 290 39 290
================================================================================
NOTES:
# LAST OF SEVERAL OCCURRENCES
COLUMN 17 PEAK WIND IN M.P.H.
PRELIMINARY LOCAL CLIMATOLOGICAL DATA (WS FORM: F-6) , PAGE 2
STATION: BATON ROUGE
MONTH: DECEMBER
YEAR: 2020
LATITUDE: 30 31 N
LONGITUDE: 91 9 W
[TEMPERATURE DATA] [PRECIPITATION DATA] SYMBOLS USED IN COLUMN 16
AVERAGE MONTHLY: 52.7 TOTAL FOR MONTH: 4.21 1 = FOG OR MIST
DPTR FM NORMAL: -0.7 DPTR FM NORMAL: -1.39 2 = FOG REDUCING VISIBILITY
HIGHEST: 76 ON 31 GRTST 24HR 1.01 ON 19-19 TO 1/4 MILE OR LESS
LOWEST: 29 ON 26 3 = THUNDER
SNOW, ICE PELLETS, HAIL 4 = ICE PELLETS
TOTAL MONTH: 0.0 INCH 5 = HAIL
GRTST 24HR 0.0 6 = FREEZING RAIN OR DRIZZLE
GRTST DEPTH: 0 7 = DUSTSTORM OR SANDSTORM:
VSBY 1/2 MILE OR LESS
8 = SMOKE OR HAZE
[NO. OF DAYS WITH] [WEATHER - DAYS WITH] 9 = BLOWING SNOW
X = TORNADO
MAX 32 OR BELOW: 0 0.01 INCH OR MORE: 11
MAX 90 OR ABOVE: 0 0.10 INCH OR MORE: 7
MIN 32 OR BELOW: 6 0.50 INCH OR MORE: 3
MIN 0 OR BELOW: 0 1.00 INCH OR MORE: 1
[HDD (BASE 65) ]
TOTAL THIS MO. 378 CLEAR (SCALE 0-3) 13
DPTR FM NORMAL -3 PTCLDY (SCALE 4-7) 12
TOTAL FM JUL 1 503 CLOUDY (SCALE 8-10) 6
DPTR FM NORMAL -113
[CDD (BASE 65) ]
TOTAL THIS MO. 5
DPTR FM NORMAL -17 [PRESSURE DATA]
TOTAL FM JAN 1 3088 HIGHEST SLP 30.40 ON 18
DPTR FM NORMAL 265 LOWEST SLP 29.69 ON 31
[REMARKS]
#FINAL-12-20#