000
CXUS56 KLOX 011655
CF6BUR
PRELIMINARY LOCAL CLIMATOLOGICAL DATA (WS FORM: F-6)
STATION: BOB HOPE AIRPORT (BURBANK) CA
MONTH: JULY
YEAR: 2020
LATITUDE: 34 12 N
LONGITUDE: 118 22 W
TEMPERATURE IN F: :PCPN: SNOW: WIND :SUNSHINE: SKY :PK WND
================================================================================
1 2 3 4 5 6A 6B 7 8 9 10 11 12 13 14 15 16 17 18
12Z AVG MX 2MIN
DY MAX MIN AVG DEP HDD CDD WTR SNW DPTH SPD SPD DIR MIN PSBL S-S WX SPD DR
================================================================================
1 77 60 69 -4 0 4 0.00 0.0 0 7.1 14 190 M M 5 19 140
2 82 60 71 -2 0 6 0.00 0.0 0 5.9 13 180 M M 5 19 130
3 90 60 75 2 0 10 0.00 0.0 0 4.2 13 190 M M 0 18 160
4 91 64 78 5 0 13 0.00 0.0 0 6.2 13 160 M M 0 8 17 170
5 94 64 79 6 0 14 0.00 0.0 0 6.2 14 160 M M 0 8 17 140
6 92 65 79 5 0 14 0.00 0.0 0 5.8 14 180 M M 0 17 170
7 88 65 77 3 0 12 0.00 0.0 0 6.4 14 190 M M 0 8 17 180
8 85 64 75 1 0 10 0.00 0.0 0 7.2 13 180 M M 0 8 26 220
9 87 62 75 1 0 10 0.00 0.0 0 6.8 14 180 M M 1 18 150
10 95 64 80 6 0 15 0.00 0.0 0 4.7 13 180 M M 0 17 180
11 101 68 85 11 0 20 0.00 0.0 0 5.4 17 160 M M 0 20 110
12 97 70 84 10 0 19 0.00 0.0 0 6.3 15 170 M M 0 19 160
13 89 67 78 4 0 13 0.00 0.0 0 7.1 15 190 M M 0 20 190
14 83 64 74 0 0 9 0.00 0.0 0 6.7 15 190 M M 3 29 220
15 82 62 72 -3 0 7 0.00 0.0 0 7.2 16 200 M M 4 8 19 190
16 82 60 71 -4 0 6 0.00 0.0 0 6.7 15 200 M M 2 1 18 210
17 83 61 72 -3 0 7 0.00 0.0 0 6.2 12 180 M M 0 17 170
18 86 62 74 -1 0 9 0.00 0.0 0 5.8 15 180 M M 0 17 180
19 86 62 74 -1 0 9 0.00 0.0 0 6.1 12 170 M M 0 14 170
20 84 61 73 -2 0 8 0.00 0.0 0 6.7 14 190 M M 0 18 180
21 86 63 75 0 0 10 0.00 0.0 0 6.8 15 180 M M 0 20 210
22 78 59 69 -6 0 4 0.00 0.0 0 7.2 15 180 M M 1 8 17 210
23 79 60 70 -5 0 5 0.00 0.0 0 6.8 13 180 M M 4 18 150
24 81 60 71 -4 0 6 0.00 0.0 0 6.0 14 180 M M 3 17 140
25 84 59 72 -3 0 7 0.00 0.0 0 6.2 14 180 M M 0 18 17 190
26 89 62 76 1 0 11 0.00 0.0 0 5.5 13 110 M M 0 20 110
27 86 62 74 -1 0 9 0.00 0.0 0 6.2 15 110 M M 0 22 110
28 85 60 73 -2 0 8 0.00 0.0 0 6.5 14 110 M M 0 21 120
29 88 61 75 0 0 10 0.00 0.0 0 5.3 13 180 M M 0 21 130
30 95 60 78 3 0 13 0.00 0.0 0 5.1 14 180 M M 0 18 120
31 99 71 85 10 0 20 0.00 0.0 0 4.4 13 180 M M 0 17 180
================================================================================
SM 2704 1942 0 318 0.00 0.0 190.7 M 28
================================================================================
AV 87.2 62.7 6.2 FASTST M M 1 MAX(MPH)
MISC ----> # 17 160 # 29 220
================================================================================
NOTES:
# LAST OF SEVERAL OCCURRENCES
COLUMN 17 PEAK WIND IN M.P.H.
PRELIMINARY LOCAL CLIMATOLOGICAL DATA (WS FORM: F-6) , PAGE 2
STATION: BOB HOPE AIRPORT (BURBANK) CA
MONTH: JULY
YEAR: 2020
LATITUDE: 34 12 N
LONGITUDE: 118 22 W
[TEMPERATURE DATA] [PRECIPITATION DATA] SYMBOLS USED IN COLUMN 16
AVERAGE MONTHLY: 74.9 TOTAL FOR MONTH: 0.00 1 = FOG OR MIST
DPTR FM NORMAL: 0.5 DPTR FM NORMAL: -0.02 2 = FOG REDUCING VISIBILITY
HIGHEST: 101 ON 11 GRTST 24HR 0.00 ON 31-31 TO 1/4 MILE OR LESS
LOWEST: 59 ON 25,22 3 = THUNDER
SNOW, ICE PELLETS, HAIL 4 = ICE PELLETS
TOTAL MONTH: 0.0 INCH 5 = HAIL
GRTST 24HR 0.0 6 = FREEZING RAIN OR DRIZZLE
GRTST DEPTH: 0 7 = DUSTSTORM OR SANDSTORM:
VSBY 1/2 MILE OR LESS
8 = SMOKE OR HAZE
[NO. OF DAYS WITH] [WEATHER - DAYS WITH] 9 = BLOWING SNOW
X = TORNADO
MAX 32 OR BELOW: 0 0.01 INCH OR MORE: 0
MAX 90 OR ABOVE: 9 0.10 INCH OR MORE: 0
MIN 32 OR BELOW: 0 0.50 INCH OR MORE: 0
MIN 0 OR BELOW: 0 1.00 INCH OR MORE: 0
[HDD (BASE 65) ]
TOTAL THIS MO. 0 CLEAR (SCALE 0-3) 27
DPTR FM NORMAL 0 PTCLDY (SCALE 4-7) 4
TOTAL FM JUL 1 0 CLOUDY (SCALE 8-10) 0
DPTR FM NORMAL 0
[CDD (BASE 65) ]
TOTAL THIS MO. 318
DPTR FM NORMAL 26 [PRESSURE DATA]
TOTAL FM JAN 1 783 HIGHEST SLP M ON M
DPTR FM NORMAL 219 LOWEST SLP 29.75 ON 21
[REMARKS]
#FINAL-07-20#