000
CXUS53 KLMK 011259
CLMBWG
CLIMATE REPORT
NATIONAL WEATHER SERVICE LOUISVILLE KY
859 AM EDT MON MAY 01 2023
...................................
...THE BOWLING GREEN KY CLIMATE SUMMARY FOR THE MONTH OF APRIL 2023...
CLIMATE NORMAL PERIOD 1991 TO 2020
CLIMATE RECORD PERIOD 1870 TO 2023
WEATHER OBSERVED NORMAL DEPART LAST YEAR`S
VALUE DATE(S) VALUE FROM VALUE DATE(S)
NORMAL
................................................................
TEMPERATURE (F)
RECORD
HIGH 96 04/24/1925
LOW 18 04/17/1875
HIGHEST 86 04/05 MM MM 85 04/23
04/20
LOWEST 33 04/02 MM MM 30 04/10
AVG. MAXIMUM 71.3 70.7 0.6 68.3
AVG. MINIMUM 45.5 47.3 -1.8 46.6
MEAN 58.4 59.0 -0.6 57.5
DAYS MAX >= 90 0 0.0 0.0 0
DAYS MAX <= 32 0 0.0 0.0 0
DAYS MIN <= 32 0 2.0 -2.0 2
DAYS MIN <= 0 0 0.0 0.0 0
PRECIPITATION (INCHES)
RECORD
MAXIMUM 11.49 1912
MINIMUM 0.94 1976
TOTALS 1.90 4.81 -2.91 4.51
DAILY AVG. 0.06 0.16 -0.10 0.15
DAYS >= .01 9 11.6 -2.6 15
DAYS >= .10 5 8.1 -3.1 7
DAYS >= .50 1 3.4 -2.4 3
DAYS >= 1.00 0 1.1 -1.1 1
GREATEST
24 HR. TOTAL 1.76 03/31 TO 04/01
SNOWFALL (INCHES)
RECORDS
TOTAL 2.1 5
TOTALS 0.0 MM MM 0.0
SINCE 7/1 2.5 MM MM MM
SNOWDEPTH AVG. 0 0
DAYS >= 1.0 0 MM MM 0
GREATEST
SNOW DEPTH 0 0 MM
DEGREE DAYS
HEATING TOTAL 219 220 -1 268
SINCE 7/1 3203 3734 -531 MM
COOLING TOTAL 29 40 -11 47
SINCE 1/1 40 48 -8 MM
................................................................
WIND (MPH)
AVERAGE WIND SPEED 6.5
HIGHEST WIND SPEED/DIRECTION 38/270 DATE 04/01
HIGHEST GUST SPEED/DIRECTION 56/270 DATE 04/01
SKY COVER
POSSIBLE SUNSHINE (PERCENT) MM
AVERAGE SKY COVER 0.31
NUMBER OF DAYS FAIR 18
NUMBER OF DAYS PC 10
NUMBER OF DAYS CLOUDY 2
AVERAGE RH (PERCENT) 59
WEATHER CONDITIONS. NUMBER OF DAYS WITH
THUNDERSTORM 3 MIXED PRECIP 0
HEAVY RAIN 3 RAIN 3
LIGHT RAIN 11 FREEZING RAIN 0
LT FREEZING RAIN 0 HAIL 0
HEAVY SNOW 0 SNOW 0
LIGHT SNOW 0 SLEET 0
FOG 8 FOG W/VIS <= 1/4 MILE 1
HAZE 5
- INDICATES NEGATIVE NUMBERS.
R INDICATES RECORD WAS SET OR TIED.
MM INDICATES DATA IS MISSING.
T INDICATES TRACE AMOUNT.
$$