000
CXUS51 KLWX 030119
CF6BWI
PRELIMINARY LOCAL CLIMATOLOGICAL DATA (WS FORM: F-6)
STATION: BALTIMORE MD
MONTH: JULY
YEAR: 2021
LATITUDE: 39 10 N
LONGITUDE: 76 40 W
TEMPERATURE IN F: :PCPN: SNOW: WIND :SUNSHINE: SKY :PK WND
================================================================================
1 2 3 4 5 6A 6B 7 8 9 10 11 12 13 14 15 16 17 18
12Z AVG MX 2MIN
DY MAX MIN AVG DEP HDD CDD WTR SNW DPTH SPD SPD DIR MIN PSBL S-S WX SPD DR
================================================================================
1 87 71 79 1 0 14 1.34 0.0 0 4.7 23 290 M M 8 1238 33 290
2 84 65 75 -3 0 10 0.03 0.0 0 7.4 17 300 M M 8 1 25 300
3 80 59 70 -8 0 5 0.06 0.0 0 6.9 18 300 M M 6 26 310
4 84 61 73 -5 0 8 0.00 0.0 0 5.1 12 280 M M 4 18 21 350
5 91 64 78 0 0 13 0.00 0.0 0 4.2 12 200 M M 5 18 22 220
6 96 71 84 6 0 19 0.00 0.0 0 6.9 15 220 M M 2 23 220
7 96 75 86 8 0 21 0.06 0.0 0 5.0 26 280 M M 4 3 40 290
8 90 73 82 4 0 17 0.34 0.0 0 5.5 24 210 M M 9 3 38 220
9 91 70 81 3 0 16 0.02 0.0 0 7.4 15 210 M M 7 138 22 200
10 85 68 77 -1 0 12 0.00 0.0 0 5.4 13 300 M M 7 24 360
11 90 72 81 3 0 16 0.00 0.0 0 5.9 16 130 M M 6 24 130
12 96 77 87 8 0 22 T 0.0 0 6.2 14 60 M M 5 3 21 30
13 96 76 86 7 0 21 0.00 0.0 0 5.3 15 200 M M 6 25 200
14 96 74 85 6 0 20 0.00 0.0 0 6.5 14 260 M M 6 24 230
15 95 70 83 4 0 18 0.00 0.0 0 3.3 10 160 M M 6 18 100
16 98 74 86 7 0 21 0.00 0.0 0 4.8 15 290 M M 4 19 290
17 97 74 86 7 0 21 0.30 0.0 0 4.7 18 310 M M 5 13 30 310
18 84 72 78 -1 0 13 0.00 0.0 0 9.7 24 290 M M 7 33 290
19 91 68 80 2 0 15 0.00 0.0 0 4.5 14 290 M M 7 20 320
20 95 68 82 4 0 17 0.00 0.0 0 3.5 12 320 M M 1 18 19 320
21 93 68 81 3 0 16 0.08 0.0 0 6.6 25 330 M M 4 38 38 330
22 84 60 72 -6 0 7 0.00 0.0 0 5.3 15 30 M M 4 27 20
23 89 62 76 -2 0 11 0.00 0.0 0 3.5 12 110 M M 5 19 20
24 88 61 75 -3 0 10 0.00 0.0 0 5.4 14 130 M M 6 22 140
25 94 74 84 6 0 19 0.00 0.0 0 7.1 14 260 M M 7 3 19 230
26 97 73 85 7 0 20 0.04 0.0 0 4.2 14 50 M M 6 13 23 40
27 97 70 84 6 0 19 0.00 0.0 0 4.1 14 250 M M 2 1 20 290
28 93 70 82 4 0 17 0.00 0.0 0 6.3 14 70 M M 3 21 360
29 90 72 81 3 0 16 1.38 0.0 0 5.4 39 10 M M 8 38 62 30
30 90 69 80 2 0 15 0.00 0.0 0 7.3 17 290 M M 5 29 10
31 84 68 76 -2 0 11 0.00 0.0 0 5.4 13 50 M M 6 22 30
================================================================================
SM 2821 2149 0 480 3.65 0.0 173.5 M 169
================================================================================
AV 91.0 69.3 5.6 FASTST M M 5 MAX(MPH)
MISC ----> 39 10 62 30
================================================================================
NOTES:
# LAST OF SEVERAL OCCURRENCES
COLUMN 17 PEAK WIND IN M.P.H.
PRELIMINARY LOCAL CLIMATOLOGICAL DATA (WS FORM: F-6) , PAGE 2
STATION: BALTIMORE MD
MONTH: JULY
YEAR: 2021
LATITUDE: 39 10 N
LONGITUDE: 76 40 W
[TEMPERATURE DATA] [PRECIPITATION DATA] SYMBOLS USED IN COLUMN 16
AVERAGE MONTHLY: 80.2 TOTAL FOR MONTH: 3.65 1 = FOG OR MIST
DPTR FM NORMAL: 1.9 DPTR FM NORMAL: -0.83 2 = FOG REDUCING VISIBILITY
HIGHEST: 98 ON 16 GRTST 24HR 1.38 ON 29-29 TO 1/4 MILE OR LESS
LOWEST: 59 ON 3 3 = THUNDER
SNOW, ICE PELLETS, HAIL 4 = ICE PELLETS
TOTAL MONTH: 0.0 INCH 5 = HAIL
GRTST 24HR 0.0 6 = FREEZING RAIN OR DRIZZLE
GRTST DEPTH: 0 7 = DUSTSTORM OR SANDSTORM:
VSBY 1/2 MILE OR LESS
8 = SMOKE OR HAZE
[NO. OF DAYS WITH] [WEATHER - DAYS WITH] 9 = BLOWING SNOW
X = TORNADO
MAX 32 OR BELOW: 0 0.01 INCH OR MORE: 10
MAX 90 OR ABOVE: 21 0.10 INCH OR MORE: 4
MIN 32 OR BELOW: 0 0.50 INCH OR MORE: 2
MIN 0 OR BELOW: 0 1.00 INCH OR MORE: 2
[HDD (BASE 65) ]
TOTAL THIS MO. 0 CLEAR (SCALE 0-3) 4
DPTR FM NORMAL 0 PTCLDY (SCALE 4-7) 26
TOTAL FM JUL 1 0 CLOUDY (SCALE 8-10) 1
DPTR FM NORMAL 0
[CDD (BASE 65) ]
TOTAL THIS MO. 480
DPTR FM NORMAL 69 [PRESSURE DATA]
TOTAL FM JAN 1 945 HIGHEST SLP 30.18 ON 23
DPTR FM NORMAL 157 LOWEST SLP 29.72 ON 2
[REMARKS]
#FINAL-07-21#