000
CXUS55 KRIW 011010
CF6BYG
PRELIMINARY LOCAL CLIMATOLOGICAL DATA (WS FORM: F-6)
STATION: BUFFALO WY
MONTH: MAY
YEAR: 2021
LATITUDE: 44 22 N
LONGITUDE: 106 43 W
TEMPERATURE IN F: :PCPN: SNOW: WIND :SUNSHINE: SKY :PK WND
================================================================================
1 2 3 4 5 6A 6B 7 8 9 10 11 12 13 14 15 16 17 18
12Z AVG MX 2MIN
DY MAX MIN AVG DEP HDD CDD WTR SNW DPTH SPD SPD DIR MIN PSBL S-S WX SPD DR
================================================================================
1 77 51 64 17 1 0 T M M 8.9 24 350 M M 2 3 31 350
2 51 39 45 -2 20 0 0.03 M M 21.4 31 340 M M 9 1 43 330
3 51 36 44 -4 21 0 T M M 12.4 21 10 M M 8 29 320
4 58 34 46 -2 19 0 T M M 7.9 25 340 M M 5 33 320
5 55 34 45 -3 20 0 T M M 10.9 31 350 M M 4 40 350
6 68 34 51 2 14 0 0.00 M M 5.5 12 70 M M 0 17 70
7 82 40 61 12 4 0 0.00 M M 13.9 37 170 M M 1 53 170
8 51 32 42 -7 23 0 0.08 M M 20.8 37 330 M M 7 13 50 330
9 48 28 38 -12 27 0 0.01 M M 7.6 24 350 M M 5 30 340
10 48 31 40 -10 25 0 T M M 4.4 13 20 M M 7 17 30
11 57 35 46 -4 19 0 T M M 12.6 23 180 M M 5 3 34 190
12 59 35 47 -4 18 0 0.01 M M 5.7 23 330 M M 4 3 32 320
13 65 42 54 3 11 0 T M M 9.3 17 350 M M 4 33 340
14 62 48 55 4 10 0 0.01 M M 7.2 15 290 M M 7 3 25 250
15 63 45 54 2 11 0 0.11 M M 5.5 10 80 M M 8 M M
16 70 42 56 4 9 0 0.00 M M 5.1 16 250 M M 3 20 240
17 75 48 62 10 3 0 0.00 M M 10.8 15 140 M M 1 24 150
18 82 48 65 12 0 0 0.00 M M 5.9 18 340 M M 1 40 340
19 69 47 58 5 7 0 0.29 M M 12.8 32 320 M M 2 3 46 300
20 75 36 56 3 9 0 0.05 M M 15.3 33 330 M M 3 123 46 330
21 37 33 35 -19 30 0 0.01 M M 15.0 30 340 M M 10 16 44 330
22 51 32 42 -12 23 0 0.02 M M 5.6 13 100 M M 10 168 19 120
23 70 44 57 3 8 0 T M M 17.5 38 190 M M 6 128 53 180
24 73 43 58 3 7 0 0.00 M M 13.5 31 240 M M 1 40 240
25 69 49 59 4 6 0 0.01 M M 7.1 18 330 M M 3 27 320
26 66 46 56 1 9 0 0.33 M M 15.6 35 340 M M 6 38 45 350
27 66 43 55 -1 10 0 0.00 M M 6.7 21 350 M M 6 128 27 350
28 78 42 60 4 5 0 0.00 M M 10.8 41 330 M M 1 65 340
29 64 49 57 1 8 0 0.09 M M 8.0 22 340 M M 8 32 350
30 71 42 57 1 8 0 0.00 M M 7.3 17 140 M M 4 26 140
31 78 44 61 4 4 0 T M M 6.1 20 190 M M 2 3 25 190
================================================================================
SM 1989 1252 389 0 1.05 M 317.1 M 143
================================================================================
AV 64.2 40.4 10.2 FASTST M M 5 MAX(MPH)
MISC ----> 41 330 65 340
================================================================================
NOTES:
# LAST OF SEVERAL OCCURRENCES
COLUMN 17 PEAK WIND IN M.P.H.
PRELIMINARY LOCAL CLIMATOLOGICAL DATA (WS FORM: F-6) , PAGE 2
STATION: BUFFALO WY
MONTH: MAY
YEAR: 2021
LATITUDE: 44 22 N
LONGITUDE: 106 43 W
[TEMPERATURE DATA] [PRECIPITATION DATA] SYMBOLS USED IN COLUMN 16
AVERAGE MONTHLY: 52.3 TOTAL FOR MONTH: 1.05 1 = FOG OR MIST
DPTR FM NORMAL: 0.3 DPTR FM NORMAL: -1.68 2 = FOG REDUCING VISIBILITY
HIGHEST: 82 ON 18, 7 GRTST 24HR 0.34 ON 19-20 TO 1/4 MILE OR LESS
LOWEST: 28 ON 9 3 = THUNDER
SNOW, ICE PELLETS, HAIL 4 = ICE PELLETS
TOTAL MONTH: M 5 = HAIL
GRTST 24HR M ON M 6 = FREEZING RAIN OR DRIZZLE
GRTST DEPTH: M ON M 7 = DUSTSTORM OR SANDSTORM:
VSBY 1/2 MILE OR LESS
8 = SMOKE OR HAZE
[NO. OF DAYS WITH] [WEATHER - DAYS WITH] 9 = BLOWING SNOW
X = TORNADO
MAX 32 OR BELOW: 0 0.01 INCH OR MORE: 13
MAX 90 OR ABOVE: 0 0.10 INCH OR MORE: 3
MIN 32 OR BELOW: 4 0.50 INCH OR MORE: 0
MIN 0 OR BELOW: 0 1.00 INCH OR MORE: 0
[HDD (BASE 65) ]
TOTAL THIS MO. 389 CLEAR (SCALE 0-3) 11
DPTR FM NORMAL -23 PTCLDY (SCALE 4-7) 17
TOTAL FM JUL 1 6974 CLOUDY (SCALE 8-10) 3
DPTR FM NORMAL -164
[CDD (BASE 65) ]
TOTAL THIS MO. 0
DPTR FM NORMAL -7 [PRESSURE DATA]
TOTAL FM JAN 1 0 HIGHEST SLP 30.34 ON 6
DPTR FM NORMAL -7 LOWEST SLP 29.51 ON 7
[REMARKS]
#FINAL-05-21#