000
CXUS55 KPIH 011423
CF6BYI
PRELIMINARY LOCAL CLIMATOLOGICAL DATA (WS FORM: F-6)
STATION: BURLEY
MONTH: NOVEMBER
YEAR: 2021
LATITUDE: 42 32 N
LONGITUDE: 113 46 W
TEMPERATURE IN F: :PCPN: SNOW: WIND :SUNSHINE: SKY :PK WND
================================================================================
1 2 3 4 5 6A 6B 7 8 9 10 11 12 13 14 15 16 17 18
12Z AVG MX 2MIN
DY MAX MIN AVG DEP HDD CDD WTR SNW DPTH SPD SPD DIR MIN PSBL S-S WX SPD DR
================================================================================
1 54 39 47 4 18 0 0.03 M M M M M M M 7 12 M M
2 58 40 49 6 16 0 0.07 M M M M M M M 4 1 M M
3 63 34 49 7 16 0 0.00 M M 3.9 14 80 M M 0 19 90
4 66 38 52 10 13 0 T M M 11.1 26 210 M M 1 39 210
5 64 35 50 8 15 0 0.00 M M 5.3 15 210 M M 0 19 210
6 58 43 51 10 14 0 0.03 M M 6.5 17 200 M M 5 27 280
7 49 30 40 -1 25 0 0.00 M M 6.9 14 250 M M 6 20 280
8 46 26 36 -4 29 0 0.00 M M 7.9 16 60 M M 1 23 60
9 48 32 40 0 25 0 0.27 M M 10.0 24 200 M M 8 1 34 210
10 48 37 43 3 22 0 0.00 M M 11.0 20 240 M M 6 24 250
11 53 40 47 8 18 0 T M M 9.7 22 260 M M 8 30 260
12 63 39 51 12 14 0 0.00 M M 6.6 17 210 M M 4 25 210
13 60 41 51 13 14 0 0.00 M M 10.3 23 260 M M 1 31 260
14 66 40 53 15 12 0 0.00 M M 8.9 17 210 M M 1 24 210
15 69 37 53 15 12 0 0.00 M M 7.9 20 200 M M 0 28 240
16 62 30 46 9 19 0 0.00 M M 20.0 33 270 M M 3 58 280
17 41 21 31 -6 34 0 0.00 M M 6.7 17 250 M M 0 25 280
18 48 24 36 -1 29 0 0.04 M M 7.5 17 200 M M 4 24 210
19 50 39 45 9 20 0 0.26 M M 6.3 20 200 M M 10 1 25 200
20 46 29 38 2 27 0 0.00 M M 11.1 23 270 M M 3 35 270
21 46 23 35 0 30 0 0.00 M M 3.6 8 210 M M 0 10 210
22 51 26 39 4 26 0 0.00 M M 7.4 21 190 M M 0 29 190
23 51 31 41 6 24 0 0.05 M M 15.1 26 280 M M 2 1 40 270
24 40 24 32 -2 33 0 0.00 M M 11.5 24 260 M M 1 36 260
25 49 20 35 1 30 0 0.00 M M 3.4 9 30 M M 0 13 210
26 53 28 41 7 24 0 0.00 M M 4.1 12 250 M M 4 14 250
27 54 30 42 9 23 0 0.00 M M 2.8 9 60 M M 3 8 13 70
28 61 28 45 12 20 0 0.00 M M 1.2 7 140 M M 0 9 10
29 60 27 44 11 21 0 0.00 M M 5.5 20 260 M M 0 28 260
30 50 27 39 7 26 0 0.00 M M 2.5 12 230 M M 0 18 15 230
================================================================================
SM 1627 958 649 0 0.75 M 214.7 M 82
================================================================================
AV 54.2 31.9 7.7 FASTST M M 3 MAX(MPH)
MISC ----> 33 270 58 280
================================================================================
NOTES:
# LAST OF SEVERAL OCCURRENCES
1ST-2ND: WIND DATA MISSING DUE TO SENSOR FAILURE.
COLUMN 17 PEAK WIND IN M.P.H.
PRELIMINARY LOCAL CLIMATOLOGICAL DATA (WS FORM: F-6) , PAGE 2
STATION: BURLEY
MONTH: NOVEMBER
YEAR: 2021
LATITUDE: 42 32 N
LONGITUDE: 113 46 W
[TEMPERATURE DATA] [PRECIPITATION DATA] SYMBOLS USED IN COLUMN 16
AVERAGE MONTHLY: 43.1 TOTAL FOR MONTH: 0.75 1 = FOG OR MIST
DPTR FM NORMAL: 5.5 DPTR FM NORMAL: -0.05 2 = FOG REDUCING VISIBILITY
HIGHEST: 69 ON 15 GRTST 24HR 0.30 ON 18-19 TO 1/4 MILE OR LESS
LOWEST: 20 ON 25 3 = THUNDER
SNOW, ICE PELLETS, HAIL 4 = ICE PELLETS
TOTAL MONTH: M 5 = HAIL
GRTST 24HR M ON M 6 = FREEZING RAIN OR DRIZZLE
GRTST DEPTH: M ON M 7 = DUSTSTORM OR SANDSTORM:
VSBY 1/2 MILE OR LESS
8 = SMOKE OR HAZE
[NO. OF DAYS WITH] [WEATHER - DAYS WITH] 9 = BLOWING SNOW
X = TORNADO
MAX 32 OR BELOW: 0 0.01 INCH OR MORE: 7
MAX 90 OR ABOVE: 0 0.10 INCH OR MORE: 2
MIN 32 OR BELOW: 17 0.50 INCH OR MORE: 0
MIN 0 OR BELOW: 0 1.00 INCH OR MORE: 0
[HDD (BASE 65) ]
TOTAL THIS MO. 649 CLEAR (SCALE 0-3) 18
DPTR FM NORMAL -175 PTCLDY (SCALE 4-7) 11
TOTAL FM JUL 1 1246 CLOUDY (SCALE 8-10) 1
DPTR FM NORMAL -261
[CDD (BASE 65) ]
TOTAL THIS MO. 0
DPTR FM NORMAL 0 [PRESSURE DATA]
TOTAL FM JAN 1 732 HIGHEST SLP 30.69 ON 25
DPTR FM NORMAL 240 LOWEST SLP 29.79 ON 16
[REMARKS]
#FINAL-11-21#