000
CXUS54 KHGX 021411
CF6BYY
PRELIMINARY LOCAL CLIMATOLOGICAL DATA (WS FORM: F-6)
STATION: Bay City
MONTH: MARCH
YEAR: 2022
LATITUDE: 28 58 N
LONGITUDE: 95 52 W
TEMPERATURE IN F: :PCPN: SNOW: WIND :SUNSHINE: SKY :PK WND
================================================================================
1 2 3 4 5 6A 6B 7 8 9 10 11 12 13 14 15 16 17 18
12Z AVG MX 2MIN
DY MAX MIN AVG DEP HDD CDD WTR SNW DPTH SPD SPD DIR MIN PSBL S-S WX SPD DR
================================================================================
1 69 33 51 M 14 0 0.00 0.0 0 3.1 10 170 M M 0 12 16 170
2 71 35 53 M 12 0 0.00 0.0 0 3.9 12 150 M M 2 12 17 180
3 75 50 63 M 2 0 0.00 0.0 0 5.0 13 140 M M 5 128 18 140
4 76 60 68 M 0 3 0.00 0.0 0 10.1 17 170 M M 9 24 170
5 78 66 72 M 0 7 0.00 0.0 0 13.0 23 170 M M 8 1 31 170
6 79 69 74 M 0 9 0.00 0.0 0 13.5 25 180 M M 8 1 30 180
7 72 52 62 M 3 0 0.01 0.0 0 12.3 20 20 M M 10 1 27 10
8 53 45 49 M 16 0 0.08 0.0 0 10.1 14 10 M M 10 1 21 20
9 60 42 51 M 14 0 0.02 0.0 0 6.6 13 30 M M 5 25 20
10 72 40 56 M 9 0 M 0.0 0 6.7 14 140 M M 3 1 M M
11 64 39 52 M 13 0 0.01 M M 12.7 27 350 M M 9 35 350
12 56 30 43 M 22 0 M 0.0 0 6.8 18 10 M M 0 31 10
13 62 30 46 M 19 0 M 0.0 0 5.8 14 150 M M 5 22 110
14 77 56 67 M 0 2 0.30 0.0 0 9.9 18 160 M M 7 1 32 170
15 73 54 64 M 1 0 0.53 0.0 0 8.7 20 320 M M 2 2 47 170
16 73 46 60 M 5 0 0.00 0.0 0 5.2 10 170 M M 0 16 160
17 75 55 65 M 0 0 0.02 0.0 0 10.7 22 150 M M 6 1 27 150
18 72 57 65 M 0 0 0.00 0.0 0 11.6 24 350 M M 4 1 31 350
19 75 46 61 M 4 0 0.00 0.0 0 6.5 14 70 M M 0 20 70
20 72 42 57 M 8 0 M 0.0 0 9.1 20 140 M M 1 1 25 120
21 76 66 71 M 0 6 0.02 0.0 0 18.3 27 160 M M 10 1 38 160
22 73 52 63 M 2 0 0.36 0.0 0 12.8 28 300 M M 4 1 30 350
23 68 43 56 M 9 0 M M M 7.3 17 300 M M 0 23 310
24 69 46 58 M 7 0 0.00 0.0 0 8.7 23 300 M M 0 29 300
25 83 44 64 M 1 0 0.00 0.0 0 2.5 9 170 M M 0 1 M M
26 82 50 66 M 0 1 0.00 0.0 0 7.8 15 250 M M 2 12 21 220
27 78 55 67 M 0 2 0.00 0.0 0 9.5 16 220 M M 1 1 23 220
28 79 61 70 M 0 5 0.00 0.0 0 11.0 21 200 M M 7 27 210
29 78 67 73 M 0 8 M 0.0 0 17.0 27 170 M M 8 1 35 180
30 85 63 74 M 0 9 0.09 0.0 0 15.0 24 300 M M 5 1 30 150
31 77 48 63 M 2 0 M 0.0 0 5.6 13 90 M M 0 16 90
================================================================================
SM 2252 1542 163 52 1.44 0.0 286.8 M 131
================================================================================
AV 72.6 49.7 9.3 FASTST M M 4 MAX(MPH)
MISC ----> 28 300 47 170
================================================================================
NOTES:
# LAST OF SEVERAL OCCURRENCES
COLUMN 17 PEAK WIND IN M.P.H.
PRELIMINARY LOCAL CLIMATOLOGICAL DATA (WS FORM: F-6) , PAGE 2
STATION: Bay City
MONTH: MARCH
YEAR: 2022
LATITUDE: 28 58 N
LONGITUDE: 95 52 W
[TEMPERATURE DATA] [PRECIPITATION DATA] SYMBOLS USED IN COLUMN 16
AVERAGE MONTHLY: 61.2 TOTAL FOR MONTH: 1.44 1 = FOG OR MIST
DPTR FM NORMAL: 0.0 DPTR FM NORMAL: M 2 = FOG REDUCING VISIBILITY
HIGHEST: 85 ON 30 GRTST 24HR 0.53 ON 15-15 TO 1/4 MILE OR LESS
LOWEST: 30 ON 13,12 3 = THUNDER
SNOW, ICE PELLETS, HAIL 4 = ICE PELLETS
TOTAL MONTH: 0.0 INCH 5 = HAIL
GRTST 24HR 0.0 6 = FREEZING RAIN OR DRIZZLE
GRTST DEPTH: 0 7 = DUSTSTORM OR SANDSTORM:
VSBY 1/2 MILE OR LESS
8 = SMOKE OR HAZE
[NO. OF DAYS WITH] [WEATHER - DAYS WITH] 9 = BLOWING SNOW
X = TORNADO
MAX 32 OR BELOW: 0 0.01 INCH OR MORE: 10
MAX 90 OR ABOVE: 0 0.10 INCH OR MORE: 3
MIN 32 OR BELOW: 2 0.50 INCH OR MORE: 1
MIN 0 OR BELOW: 0 1.00 INCH OR MORE: 0
[HDD (BASE 65) ]
TOTAL THIS MO. 163 CLEAR (SCALE 0-3) 14
DPTR FM NORMAL M PTCLDY (SCALE 4-7) 12
TOTAL FM JUL 1 1128 CLOUDY (SCALE 8-10) 5
DPTR FM NORMAL M
[CDD (BASE 65) ]
TOTAL THIS MO. 52
DPTR FM NORMAL M [PRESSURE DATA]
TOTAL FM JAN 1 86 HIGHEST SLP M ON M
DPTR FM NORMAL M LOWEST SLP M ON M
[REMARKS]
#FINAL-03-22#