000
CXUS54 KHGX 011510
CF6BYY
PRELIMINARY LOCAL CLIMATOLOGICAL DATA (WS FORM: F-6)
STATION: Bay City
MONTH: DECEMBER
YEAR: 2023
LATITUDE: 28 58 N
LONGITUDE: 95 52 W
TEMPERATURE IN F: :PCPN: SNOW: WIND :SUNSHINE: SKY :PK WND
================================================================================
1 2 3 4 5 6A 6B 7 8 9 10 11 12 13 14 15 16 17 18
12Z AVG MX 2MIN
DY MAX MIN AVG DEP HDD CDD WTR SNW DPTH SPD SPD DIR MIN PSBL S-S WX SPD DR
================================================================================
1 70 59 65 M 0 0 0.78 0.0 0 4.1 12 360 M M 9 12 18 360
2 61 53 57 M 8 0 0.00 0.0 0 5.0 9 320 M M 8 12 M M
3 71 45 58 M 7 0 0.01 0.0 0 2.3 7 190 M M 2 1 M M
4 72 45 59 M 6 0 0.00 0.0 0 3.1 9 70 M M 0 M M
5 68 43 56 M 9 0 0.00 0.0 0 3.5 7 70 M M 0 M M
6 68 42 55 M 10 0 0.00 0.0 0 5.0 13 90 M M 0 1 M M
7 70 39 55 M 10 0 0.00 0.0 0 6.8 16 190 M M 2 20 160
8 73 62 68 M 0 3 0.05 0.0 0 10.7 18 180 M M 9 27 180
9 77 59 68 M 0 3 0.00 0.0 0 8.5 17 10 M M 9 24 10
10 59 33 46 M 19 0 M M M 11.7 21 350 M M 1 30 350
11 66 28 47 M 18 0 0.00 0.0 0 4.3 10 200 M M 0 M M
12 67 41 54 M 11 0 0.00 0.0 0 9.8 16 100 M M 5 25 100
13 63 53 58 M 7 0 0.00 0.0 0 9.8 14 70 M M 4 20 100
14 67 51 59 M 6 0 0.00 0.0 0 12.9 20 90 M M 8 24 90
15 64 57 61 M 4 0 0.24 0.0 0 9.7 14 80 M M 10 18 21 100
16 60 43 52 M 13 0 0.00 0.0 0 10.7 18 20 M M 3 1 28 20
17 67 34 51 M 14 0 0.00 0.0 0 2.3 7 30 M M 0 1 M M
18 73 38 56 M 9 0 0.00 0.0 0 3.1 9 30 M M 2 18 M M
19 69 40 55 M 10 0 0.00 0.0 0 7.9 13 120 M M 1 18 100
20 71 53 62 M 3 0 0.01 0.0 0 8.3 16 110 M M 5 23 110
21 71 55 63 M 2 0 0.00 0.0 0 8.7 15 100 M M 6 16 90
22 70 55 63 M 2 0 0.00 0.0 0 4.8 8 110 M M 8 1 M M
23 72 55 64 M 1 0 1.04 0.0 0 8.2 15 140 M M 10 1 18 140
24 69 54 62 M 3 0 0.42 0.0 0 6.5 15 130 M M 7 1 25 340
25 56 44 50 M 15 0 0.00 0.0 0 9.3 17 360 M M 1 1 23 360
26 59 40 50 M 15 0 0.00 0.0 0 5.1 8 140 M M 8 M M
27 64 40 52 M 13 0 0.00 0.0 0 5.8 13 360 M M 0 1 18 360
28 55 35 45 M 20 0 0.00 0.0 0 5.2 14 320 M M 0 18 320
29 53 32 43 M 22 0 0.00 0.0 0 5.7 13 300 M M 0 17 320
30 65 30 48 M 17 0 0.00 0.0 0 2.8 9 230 M M 0 M M
31 71 38 55 M 10 0 M 0.0 0 4.9 15 210 M M 4 20 210
================================================================================
SM 2061 1396 284 6 2.55 0.0 206.5 M 122
================================================================================
AV 66.5 45.0 6.7 FASTST M M 4 MAX(MPH)
MISC ----> 21 350 30 350
================================================================================
NOTES:
# LAST OF SEVERAL OCCURRENCES
COLUMN 17 PEAK WIND IN M.P.H.
PRELIMINARY LOCAL CLIMATOLOGICAL DATA (WS FORM: F-6) , PAGE 2
STATION: Bay City
MONTH: DECEMBER
YEAR: 2023
LATITUDE: 28 58 N
LONGITUDE: 95 52 W
[TEMPERATURE DATA] [PRECIPITATION DATA] SYMBOLS USED IN COLUMN 16
AVERAGE MONTHLY: 55.8 TOTAL FOR MONTH: 2.55 1 = FOG OR MIST
DPTR FM NORMAL: 0.0 DPTR FM NORMAL: M 2 = FOG REDUCING VISIBILITY
HIGHEST: 77 ON 9 GRTST 24HR 1.04 ON 23-23 TO 1/4 MILE OR LESS
LOWEST: 28 ON 11 3 = THUNDER
SNOW, ICE PELLETS, HAIL 4 = ICE PELLETS
TOTAL MONTH: 0.0 INCH 5 = HAIL
GRTST 24HR 0.0 6 = FREEZING RAIN OR DRIZZLE
GRTST DEPTH: 0 7 = DUSTSTORM OR SANDSTORM:
VSBY 1/2 MILE OR LESS
8 = SMOKE OR HAZE
[NO. OF DAYS WITH] [WEATHER - DAYS WITH] 9 = BLOWING SNOW
X = TORNADO
MAX 32 OR BELOW: 0 0.01 INCH OR MORE: 7
MAX 90 OR ABOVE: 0 0.10 INCH OR MORE: 4
MIN 32 OR BELOW: 3 0.50 INCH OR MORE: 2
MIN 0 OR BELOW: 0 1.00 INCH OR MORE: 1
[HDD (BASE 65) ]
TOTAL THIS MO. 284 CLEAR (SCALE 0-3) 15
DPTR FM NORMAL M PTCLDY (SCALE 4-7) 11
TOTAL FM JUL 1 533 CLOUDY (SCALE 8-10) 5
DPTR FM NORMAL M
[CDD (BASE 65) ]
TOTAL THIS MO. 6
DPTR FM NORMAL M [PRESSURE DATA]
TOTAL FM JAN 1 3607 HIGHEST SLP M ON M
DPTR FM NORMAL M LOWEST SLP M ON M
[REMARKS]
#FINAL-12-23#