000
CXUS54 KHGX 191410
CF6BYY
PRELIMINARY LOCAL CLIMATOLOGICAL DATA (WS FORM: F-6)
STATION: Bay City
MONTH: APRIL
YEAR: 2024
LATITUDE: 28 58 N
LONGITUDE: 95 52 W
TEMPERATURE IN F: :PCPN: SNOW: WIND :SUNSHINE: SKY :PK WND
================================================================================
1 2 3 4 5 6A 6B 7 8 9 10 11 12 13 14 15 16 17 18
12Z AVG MX 2MIN
DY MAX MIN AVG DEP HDD CDD WTR SNW DPTH SPD SPD DIR MIN PSBL S-S WX SPD DR
================================================================================
1 77 70 74 M 0 9 0.00 0.0 0 13.5 21 190 M M 10 18 27 180
2 83 60 72 M 0 7 0.19 0.0 0 10.0 16 360 M M 4 1 24 170
3 77 50 64 M 1 0 0.00 0.0 0 7.6 14 290 M M 0 20 310
4 83 48 66 M 0 1 0.00 0.0 0 3.8 10 220 M M 0 M M
5 81 54 68 M 0 3 0.00 0.0 0 6.8 16 220 M M 0 1 21 200
6 77 61 69 M 0 4 0.00 0.0 0 12.2 21 160 M M 5 31 160
7 81 71 76 M 0 11 M 0.0 0 8.3 15 180 M M 8 1 22 190
8 79 73 76 M 0 11 0.02 0.0 0 11.8 21 160 M M 10 1 28 160
9 81 73 77 M 0 12 0.11 0.0 0 14.6 30 150 M M 9 1 40 150
10 75 60 68 M 0 3 0.87 0.0 0 13.5 24 300 M M 5 1 39 160
11 81 53 67 M 0 2 0.00 0.0 0 6.8 12 350 M M 0 17 330
12 79 51 65 M 0 0 0.00 0.0 0 6.1 12 150 M M 0 20 100
13 78 57 68 M 0 3 0.00 0.0 0 8.9 15 150 M M 2 21 150
14 79 66 73 M 0 8 0.00 0.0 0 9.6 17 170 M M 6 21 170
15 79 69 74 M 0 9 M 0.0 0 10.0 18 140 M M 10 23 140
16 81 71 76 M 0 11 M 0.0 0 12.6 17 170 M M 9 18 23 150
17 82 73 78 M 0 13 M 0.0 0 8.8 14 160 M M 8 1 20 140
18 83 73 78 M 0 13 M 0.0 M 8.0 15 150 M M 8 18 160
================================================================================
SM 1436 1133 1 120 1.19 0.0 172.9 M 94
================================================================================
AV 79.8 62.9 9.6 FASTST M M 5 MAX(MPH)
MISC ----> 30 150 40 150
================================================================================
NOTES:
# LAST OF SEVERAL OCCURRENCES
COLUMN 17 PEAK WIND IN M.P.H.
PRELIMINARY LOCAL CLIMATOLOGICAL DATA (WS FORM: F-6) , PAGE 2
STATION: Bay City
MONTH: APRIL
YEAR: 2024
LATITUDE: 28 58 N
LONGITUDE: 95 52 W
[TEMPERATURE DATA] [PRECIPITATION DATA] SYMBOLS USED IN COLUMN 16
AVERAGE MONTHLY: 71.4 TOTAL FOR MONTH: 1.19 1 = FOG OR MIST
DPTR FM NORMAL: 0.0 DPTR FM NORMAL: 1.19 2 = FOG REDUCING VISIBILITY
HIGHEST: 83 ON 18, 4 GRTST 24HR 0.87 ON 10-10 TO 1/4 MILE OR LESS
LOWEST: 48 ON 4 3 = THUNDER
SNOW, ICE PELLETS, HAIL 4 = ICE PELLETS
TOTAL MONTH: 0.0 INCH 5 = HAIL
GRTST 24HR 0.0 6 = FREEZING RAIN OR DRIZZLE
GRTST DEPTH: 0 7 = DUSTSTORM OR SANDSTORM:
VSBY 1/2 MILE OR LESS
8 = SMOKE OR HAZE
[NO. OF DAYS WITH] [WEATHER - DAYS WITH] 9 = BLOWING SNOW
X = TORNADO
MAX 32 OR BELOW: 0 0.01 INCH OR MORE: 4
MAX 90 OR ABOVE: 0 0.10 INCH OR MORE: 3
MIN 32 OR BELOW: 0 0.50 INCH OR MORE: 1
MIN 0 OR BELOW: 0 1.00 INCH OR MORE: 0
[HDD (BASE 65) ]
TOTAL THIS MO. 1 CLEAR (SCALE 0-3) 6
DPTR FM NORMAL M PTCLDY (SCALE 4-7) 7
TOTAL FM JUL 1 1290 CLOUDY (SCALE 8-10) 5
DPTR FM NORMAL M
[CDD (BASE 65) ]
TOTAL THIS MO. 120
DPTR FM NORMAL M [PRESSURE DATA]
TOTAL FM JAN 1 211 HIGHEST SLP M ON M
DPTR FM NORMAL M LOWEST SLP M ON M
[REMARKS]