000
CXUS52 KCAE 011400
CF6CAE
PRELIMINARY LOCAL CLIMATOLOGICAL DATA (WS FORM: F-6)
STATION: COLUMBIA METRO AIRPORT SC
MONTH: APRIL
YEAR: 2022
LATITUDE: 33 57 N
LONGITUDE: 81 7 W
TEMPERATURE IN F: :PCPN: SNOW: WIND :SUNSHINE: SKY :PK WND
================================================================================
1 2 3 4 5 6A 6B 7 8 9 10 11 12 13 14 15 16 17 18
12Z AVG MX 2MIN
DY MAX MIN AVG DEP HDD CDD WTR SNW DPTH SPD SPD DIR MIN PSBL S-S WX SPD DR
================================================================================
1 74 46 60 0 5 0 0.00 0.0 0 12.2 26 280 M M 2 35 290
2 70 43 57 -3 8 0 0.00 0.0 0 6.0 18 80 M M 3 24 70
3 75 43 59 -2 6 0 0.00 0.0 0 6.0 18 310 M M 0 18 24 310
4 77 43 60 -1 5 0 0.00 0.0 0 6.2 16 120 M M 4 22 100
5 73 49 61 0 4 0 2.64 0.0 0 6.5 21 240 M M 5 138 29 230
6 72 59 66 4 0 1 1.16 0.0 0 7.0 31 210 M M 7 138 43 200
7 76 52 64 2 1 0 0.23 0.0 0 10.4 29 260 M M 6 13 34 260
8 67 45 56 -6 9 0 0.00 0.0 0 12.5 26 280 M M 5 33 270
9 55 38 47 -15 18 0 0.00 0.0 0 13.3 25 270 M M 5 31 260
10 71 31 51 -12 14 0 0.00 0.0 0 4.2 16 330 M M 0 8 21 280
11 83 42 63 0 2 0 0.00 0.0 0 6.0 17 230 M M 3 22 250
12 85 54 70 7 0 5 0.00 0.0 0 6.9 16 190 M M 5 23 280
13 83 60 72 9 0 7 0.00 0.0 0 8.2 20 170 M M 5 25 160
14 82 64 73 9 0 8 0.00 0.0 0 8.6 18 200 M M 6 25 210
15 77 51 64 0 1 0 0.00 0.0 0 6.9 18 70 M M 3 25 50
16 76 52 64 0 1 0 0.13 0.0 0 4.5 17 260 M M 8 1 20 270
17 82 56 69 5 0 4 0.08 0.0 0 6.7 21 130 M M 6 1 28 140
18 65 49 57 -8 8 0 1.38 0.0 0 9.5 26 90 M M 9 13 29 90
19 66 43 55 -10 10 0 0.00 0.0 0 6.3 20 280 M M 1 25 280
20 70 40 55 -10 10 0 0.00 0.0 0 6.8 15 140 M M 4 20 110
21 78 51 65 -1 0 0 0.00 0.0 0 4.3 13 160 M M 4 21 160
22 83 52 68 2 0 3 0.00 0.0 0 2.7 9 180 M M 3 13 90
23 82 55 69 3 0 4 0.00 0.0 0 4.0 13 100 M M 3 17 130
24 83 54 69 3 0 4 0.00 0.0 0 3.5 14 200 M M 3 20 200
25 85 59 72 5 0 7 0.00 0.0 0 4.6 15 190 M M 3 19 190
26 86 63 75 8 0 10 0.05 0.0 0 7.2 21 280 M M 4 3 29 210
27 78 51 65 -2 0 0 0.00 0.0 0 5.9 14 20 M M 1 18 40
28 78 45 62 -6 3 0 0.00 0.0 0 2.8 13 20 M M 1 1 16 20
29 79 52 66 -2 0 1 0.00 0.0 0 3.5 10 220 M M 5 14 240
30 83 56 70 2 0 5 0.00 0.0 0 6.2 17 190 M M 3 21 190
================================================================================
SM 2294 1498 105 59 5.67 0.0 199.4 M 117
================================================================================
AV 76.5 49.9 6.6 FASTST M M 4 MAX(MPH)
MISC ----> 31 210 43 200
================================================================================
NOTES:
# LAST OF SEVERAL OCCURRENCES
COLUMN 17 PEAK WIND IN M.P.H.
PRELIMINARY LOCAL CLIMATOLOGICAL DATA (WS FORM: F-6) , PAGE 2
STATION: COLUMBIA METRO AIRPORT SC
MONTH: APRIL
YEAR: 2022
LATITUDE: 33 57 N
LONGITUDE: 81 7 W
[TEMPERATURE DATA] [PRECIPITATION DATA] SYMBOLS USED IN COLUMN 16
AVERAGE MONTHLY: 63.2 TOTAL FOR MONTH: 5.67 1 = FOG OR MIST
DPTR FM NORMAL: -0.9 DPTR FM NORMAL: 2.84 2 = FOG REDUCING VISIBILITY
HIGHEST: 86 ON 26 GRTST 24HR 2.64 ON 5- 5 TO 1/4 MILE OR LESS
LOWEST: 31 ON 10 3 = THUNDER
SNOW, ICE PELLETS, HAIL 4 = ICE PELLETS
TOTAL MONTH: 0.0 INCH 5 = HAIL
GRTST 24HR 0.0 6 = FREEZING RAIN OR DRIZZLE
GRTST DEPTH: 0 7 = DUSTSTORM OR SANDSTORM:
VSBY 1/2 MILE OR LESS
8 = SMOKE OR HAZE
[NO. OF DAYS WITH] [WEATHER - DAYS WITH] 9 = BLOWING SNOW
X = TORNADO
MAX 32 OR BELOW: 0 0.01 INCH OR MORE: 7
MAX 90 OR ABOVE: 0 0.10 INCH OR MORE: 5
MIN 32 OR BELOW: 1 0.50 INCH OR MORE: 3
MIN 0 OR BELOW: 0 1.00 INCH OR MORE: 3
[HDD (BASE 65) ]
TOTAL THIS MO. 105 CLEAR (SCALE 0-3) 13
DPTR FM NORMAL -4 PTCLDY (SCALE 4-7) 16
TOTAL FM JUL 1 2086 CLOUDY (SCALE 8-10) 1
DPTR FM NORMAL -369
[CDD (BASE 65) ]
TOTAL THIS MO. 59
DPTR FM NORMAL -23 [PRESSURE DATA]
TOTAL FM JAN 1 108 HIGHEST SLP 30.47 ON 21
DPTR FM NORMAL -1 LOWEST SLP 29.54 ON 7
[REMARKS]
#FINAL-04-22#