000
CXUS54 KLZK 011230
CF6CCA
PRELIMINARY LOCAL CLIMATOLOGICAL DATA (WS FORM: F-6)
STATION: CLINTON
MONTH: APRIL
YEAR: 2023
LATITUDE: 35 32 N
LONGITUDE: 92 22 W
TEMPERATURE IN F: :PCPN: SNOW: WIND :SUNSHINE: SKY :PK WND
================================================================================
1 2 3 4 5 6A 6B 7 8 9 10 11 12 13 14 15 16 17 18
12Z AVG MX 2MIN
DY MAX MIN AVG DEP HDD CDD WTR SNW DPTH SPD SPD DIR MIN PSBL S-S WX SPD DR
================================================================================
1 68 41 55 M 10 0 M M M 6.2 15 300 M M 1 29 300
2 77 32 55 M 10 0 M M M 4.8 15 190 M M 2 1 23 190
3 77 57 67 M 0 2 M M M 4.6 12 160 M M 8 1 16 0
4 82 61 72 M 0 7 M M M 6.8 13 180 M M 7 1 32 170
5 77 50 64 M 1 0 M M M 6.2 15 190 M M 5 25 190
6 59 45 52 M 13 0 M M M 4.6 9 30 M M 3 17 20
7 66 43 55 M 10 0 M M M 3.2 8 60 M M 0 17 30
8 70 37 54 M 11 0 M M M 2.8 9 100 M M 1 15 0
9 61 45 53 M 12 0 M M M 1.2 6 110 M M 8 12 80
10 73 46 60 M 5 0 M M M 1.4 7 120 M M 5 14 150
11 75 43 59 M 6 0 M M M 1.7 9 150 M M 0 15 160
12 77 39 58 M 7 0 M M M 1.6 9 160 M M 0 13 110
13 77 50 64 M 1 0 M M M 1.7 9 80 M M 2 14 99
14 79 46 63 M 2 0 M M M 2.2 9 140 M M 0 17 220
15 81 52 67 M 0 2 M M M 4.5 14 170 M M 7 35 0
16 66 39 53 M 12 0 M M M 8.1 21 290 M M 1 29 280
17 75 32 54 M 11 0 M M M 2.9 10 190 M M 1 20 220
18 81 43 62 M 3 0 M M M 4.3 16 190 M M 0 24 190
19 82 50 66 M 0 1 M M M 5.1 15 210 M M 4 24 210
20 73 63 68 M 0 3 M M M 5.7 16 200 M M 8 13 25 190
21 68 45 57 M 8 0 M M M 2.9 10 350 M M 3 1 21 330
22 68 37 53 M 12 0 M M M 5.3 16 320 M M 4 1 21 310
23 63 39 51 M 14 0 M M M 1.4 10 320 M M 2 16 320
24 64 32 48 M 17 0 M M M 2.8 9 120 M M 1 1 17 120
25 63 48 56 M 9 0 M M M 1.4 6 110 M M 9 1 14 99
26 63 50 57 M 8 0 M M M 0.4 5 99 M M 9 1 M M
27 57 52 55 M 10 0 M M M 0.5 5 300 M M 9 M M
28 66 50 58 M 7 0 M M M 1.2 7 340 M M 10 1 12 99
29 70 46 58 M 7 0 M M M 3.1 14 300 M M 7 20 300
30 70 41 56 M 9 0 M M M 6.1 20 310 M M 1 29 300
================================================================================
SM 2128 1354 215 15 M M 104.6 M 118
================================================================================
AV 70.9 45.1 3.5 FASTST M M 4 MAX(MPH)
MISC ----> 21 290 35 0
================================================================================
NOTES:
# LAST OF SEVERAL OCCURRENCES
COLUMN 17 PEAK WIND IN M.P.H.
PRELIMINARY LOCAL CLIMATOLOGICAL DATA (WS FORM: F-6) , PAGE 2
STATION: CLINTON
MONTH: APRIL
YEAR: 2023
LATITUDE: 35 32 N
LONGITUDE: 92 22 W
[TEMPERATURE DATA] [PRECIPITATION DATA] SYMBOLS USED IN COLUMN 16
AVERAGE MONTHLY: 58.0 TOTAL FOR MONTH: M 1 = FOG OR MIST
DPTR FM NORMAL: 0.0 DPTR FM NORMAL: M 2 = FOG REDUCING VISIBILITY
HIGHEST: 82 ON 19, 4 GRTST 24HR M ON M TO 1/4 MILE OR LESS
LOWEST: 32 ON 17, 2 3 = THUNDER
SNOW, ICE PELLETS, HAIL 4 = ICE PELLETS
TOTAL MONTH: M 5 = HAIL
GRTST 24HR M ON M 6 = FREEZING RAIN OR DRIZZLE
GRTST DEPTH: M ON M 7 = DUSTSTORM OR SANDSTORM:
VSBY 1/2 MILE OR LESS
8 = SMOKE OR HAZE
[NO. OF DAYS WITH] [WEATHER - DAYS WITH] 9 = BLOWING SNOW
X = TORNADO
MAX 32 OR BELOW: 0 0.01 INCH OR MORE: 0
MAX 90 OR ABOVE: 0 0.10 INCH OR MORE: 0
MIN 32 OR BELOW: 3 0.50 INCH OR MORE: 0
MIN 0 OR BELOW: 0 1.00 INCH OR MORE: 0
[HDD (BASE 65) ]
TOTAL THIS MO. 215 CLEAR (SCALE 0-3) 16
DPTR FM NORMAL M PTCLDY (SCALE 4-7) 9
TOTAL FM JUL 1 3339 CLOUDY (SCALE 8-10) 5
DPTR FM NORMAL M
[CDD (BASE 65) ]
TOTAL THIS MO. 15
DPTR FM NORMAL M [PRESSURE DATA]
TOTAL FM JAN 1 21 HIGHEST SLP M ON M
DPTR FM NORMAL M LOWEST SLP M ON M
[REMARKS]
#FINAL-04-23#