000
CXUS54 KLZK 011231
CF6CCA
PRELIMINARY LOCAL CLIMATOLOGICAL DATA (WS FORM: F-6)
STATION: CLINTON
MONTH: MARCH
YEAR: 2024
LATITUDE: 35 32 N
LONGITUDE: 92 22 W
TEMPERATURE IN F: :PCPN: SNOW: WIND :SUNSHINE: SKY :PK WND
================================================================================
1 2 3 4 5 6A 6B 7 8 9 10 11 12 13 14 15 16 17 18
12Z AVG MX 2MIN
DY MAX MIN AVG DEP HDD CDD WTR SNW DPTH SPD SPD DIR MIN PSBL S-S WX SPD DR
================================================================================
1 52 34 43 M 22 0 M M M 0.7 5 220 M M 7 1 M M
2 70 30 50 M 15 0 M M M 1.8 9 150 M M 5 12 13 99
3 73 41 57 M 8 0 M M M 3.5 10 150 M M 7 1 18 180
4 77 59 68 M 0 3 M M M 4.9 13 140 M M 9 138 25 140
5 79 55 67 M 0 2 M M M 4.2 12 150 M M 4 38 17 90
6 64 50 57 M 8 0 M M M 2.8 8 340 M M 9 18 15 340
7 59 46 53 M 12 0 M M M 1.2 7 130 M M 8 13 20 0
8 64 54 59 M 6 0 M M M 2.8 13 160 M M 9 8 16 350
9 57 36 47 M 18 0 M M M 6.8 16 300 M M 5 22 320
10 64 28 46 M 19 0 M M M 1.2 12 290 M M 0 15 290
11 68 30 49 M 16 0 M M M 2.9 12 210 M M 3 20 220
12 72 34 53 M 12 0 M M M 4.1 15 220 M M 2 23 220
13 75 41 58 M 7 0 M M M 2.6 14 230 M M 5 1 20 230
14 77 59 68 M 0 3 M M M 4.8 14 180 M M 9 3 20 150
15 61 43 52 M 13 0 M M M 4.3 12 330 M M 6 12 21 330
16 72 37 55 M 10 0 M M M 1.5 10 190 M M 4 12 15 0
17 64 46 55 M 10 0 M M M 5.3 13 320 M M 5 24 320
18 50 28 39 M 26 0 M M M 6.4 15 300 M M 0 24 310
19 66 25 46 M 19 0 M M M 4.2 17 230 M M 1 8 22 240
20 77 36 57 M 8 0 M M M 1.5 7 99 M M 3 1 17 0
21 63 41 52 M 13 0 M M M 1.7 7 70 M M 7 1 13 70
22 72 52 62 M 3 0 M M M 3.7 10 330 M M 6 8 23 10
23 61 39 50 M 15 0 M M M 6.2 13 10 M M 4 23 350
24 64 39 52 M 13 0 M M M 5.1 14 140 M M 2 21 100
25 64 50 57 M 8 0 M M M 8.0 22 150 M M 10 1 32 150
26 55 36 46 M 19 0 M M M 6.9 17 240 M M 4 28 0
27 61 28 45 M 20 0 M M M 1.4 6 120 M M 2 14 99
28 68 36 52 M 13 0 M M M 2.3 8 180 M M 4 8 15 180
29 75 36 56 M 9 0 M M M 5.5 15 180 M M 2 24 150
30 79 45 62 M 3 0 M M M 5.4 13 220 M M 3 26 220
31 72 57 65 M 0 0 M M M 3.7 12 200 M M 9 20 200
================================================================================
SM 2075 1271 345 8 M M 117.5 M 154
================================================================================
AV 66.9 41.0 3.8 FASTST M M 5 MAX(MPH)
MISC ----> 22 150 32 150
================================================================================
NOTES:
# LAST OF SEVERAL OCCURRENCES
COLUMN 17 PEAK WIND IN M.P.H.
PRELIMINARY LOCAL CLIMATOLOGICAL DATA (WS FORM: F-6) , PAGE 2
STATION: CLINTON
MONTH: MARCH
YEAR: 2024
LATITUDE: 35 32 N
LONGITUDE: 92 22 W
[TEMPERATURE DATA] [PRECIPITATION DATA] SYMBOLS USED IN COLUMN 16
AVERAGE MONTHLY: 54.0 TOTAL FOR MONTH: M 1 = FOG OR MIST
DPTR FM NORMAL: 0.0 DPTR FM NORMAL: M 2 = FOG REDUCING VISIBILITY
HIGHEST: 79 ON 30, 5 GRTST 24HR M ON M TO 1/4 MILE OR LESS
LOWEST: 25 ON 19 3 = THUNDER
SNOW, ICE PELLETS, HAIL 4 = ICE PELLETS
TOTAL MONTH: M 5 = HAIL
GRTST 24HR M ON M 6 = FREEZING RAIN OR DRIZZLE
GRTST DEPTH: M ON M 7 = DUSTSTORM OR SANDSTORM:
VSBY 1/2 MILE OR LESS
8 = SMOKE OR HAZE
[NO. OF DAYS WITH] [WEATHER - DAYS WITH] 9 = BLOWING SNOW
X = TORNADO
MAX 32 OR BELOW: 0 0.01 INCH OR MORE: 0
MAX 90 OR ABOVE: 0 0.10 INCH OR MORE: 0
MIN 32 OR BELOW: 6 0.50 INCH OR MORE: 0
MIN 0 OR BELOW: 0 1.00 INCH OR MORE: 0
[HDD (BASE 65) ]
TOTAL THIS MO. 345 CLEAR (SCALE 0-3) 10
DPTR FM NORMAL M PTCLDY (SCALE 4-7) 15
TOTAL FM JUL 1 3044 CLOUDY (SCALE 8-10) 6
DPTR FM NORMAL M
[CDD (BASE 65) ]
TOTAL THIS MO. 8
DPTR FM NORMAL M [PRESSURE DATA]
TOTAL FM JAN 1 8 HIGHEST SLP M ON M
DPTR FM NORMAL M LOWEST SLP M ON M
[REMARKS]
#FINAL-03-24#