000
CXUS56 KMTR 011100
CF6CCR
PRELIMINARY LOCAL CLIMATOLOGICAL DATA (WS FORM: F-6)
STATION: CONCORD AIRPORT
MONTH: DECEMBER
YEAR: 2021
LATITUDE: 37 58 N
LONGITUDE: 122 3 W
TEMPERATURE IN F: :PCPN: SNOW: WIND :SUNSHINE: SKY :PK WND
================================================================================
1 2 3 4 5 6A 6B 7 8 9 10 11 12 13 14 15 16 17 18
12Z AVG MX 2MIN
DY MAX MIN AVG DEP HDD CDD WTR SNW DPTH SPD SPD DIR MIN PSBL S-S WX SPD DR
================================================================================
1 71 45 58 7 7 0 0.00 M M 3.5 12 50 M M 4 128 16 40
2 68 41 55 4 10 0 0.00 M M 1.9 8 340 M M 1 18 11 350
3 57 46 52 1 13 0 0.00 M M 6.0 9 250 M M 9 18 11 220
4 59 50 55 4 10 0 0.00 M M 5.8 14 300 M M 7 18 16 330
5 57 47 52 2 13 0 0.00 M M 2.7 8 340 M M 7 12 11 350
6 51 44 48 -2 17 0 0.01 M M 1.6 9 10 M M 10 128 12 360
7 62 46 54 4 11 0 T M M 4.0 10 360 M M 4 18 14 360
8 55 46 51 1 14 0 0.01 M M 3.8 12 350 M M 10 18 14 340
9 58 42 50 0 15 0 T M M 5.2 16 280 M M 5 18 280
10 58 37 48 -2 17 0 0.00 M M 3.3 9 20 M M 0 11 20
11 57 34 46 -4 19 0 0.00 M M 3.8 10 200 M M 0 12 210
12 56 46 51 1 14 0 0.26 M M 12.0 26 170 M M 10 1 32 180
13 59 44 52 3 13 0 2.04 M M 9.2 23 300 M M 10 1 30 300
14 52 40 46 -3 19 0 0.14 M M 7.9 17 290 M M 4 1 20 290
15 56 41 49 0 16 0 0.45 M M 12.8 26 180 M M 7 1 34 190
16 57 43 50 1 15 0 0.23 M M 4.0 13 60 M M 7 18 17 60
17 54 36 45 -4 20 0 0.00 M M 2.8 7 340 M M 0 1 10 30
18 50 36 43 -6 22 0 0.00 M M 5.2 13 70 M M 6 128 18 90
19 49 38 44 -5 21 0 0.00 M M 2.1 8 120 M M 10 18 11 110
20 49 38 44 -5 21 0 0.00 M M 4.6 15 70 M M 7 18 20 70
21 49 40 45 -4 20 0 0.28 M M 4.9 14 60 M M 5 18 19 60
22 48 42 45 -4 20 0 0.37 M M 4.1 10 60 M M 10 1 15 130
23 58 48 53 4 12 0 0.71 M M 5.2 14 200 M M 8 1 23 200
24 55 49 52 3 13 0 0.14 M M 9.8 21 250 M M 7 1 29 250
25 54 43 49 0 16 0 0.08 M M 9.2 22 250 M M 8 18 27 240
26 50 38 44 -5 21 0 M M M 8.5 17 210 M M 7 21 210
27 51 41 46 -3 19 0 M M M 9.4 22 270 M M 7 1 28 280
28 47 40 44 -5 21 0 T M M 2.8 7 70 M M 9 9 50
29 45 42 44 -5 21 0 M M M 5.8 15 360 M M 10 1 19 20
30 54 39 47 -2 18 0 0.00 M M 3.8 9 270 M M 4 12 60
31 54 35 45 -4 20 0 0.00 M M 2.8 10 260 M M 1 18 13 270
================================================================================
SM 1700 1297 508 0 4.72 M 168.5 M 194
================================================================================
AV 54.8 41.8 5.4 FASTST M M 6 MAX(MPH)
MISC ----> # 26 170 34 190
================================================================================
NOTES:
# LAST OF SEVERAL OCCURRENCES
COLUMN 17 PEAK WIND IN M.P.H.
PRELIMINARY LOCAL CLIMATOLOGICAL DATA (WS FORM: F-6) , PAGE 2
STATION: CONCORD AIRPORT
MONTH: DECEMBER
YEAR: 2021
LATITUDE: 37 58 N
LONGITUDE: 122 3 W
[TEMPERATURE DATA] [PRECIPITATION DATA] SYMBOLS USED IN COLUMN 16
AVERAGE MONTHLY: 48.3 TOTAL FOR MONTH: 4.72 1 = FOG OR MIST
DPTR FM NORMAL: -1.2 DPTR FM NORMAL: 1.54 2 = FOG REDUCING VISIBILITY
HIGHEST: 71 ON 1 GRTST 24HR 2.04 ON 13-13 TO 1/4 MILE OR LESS
LOWEST: 34 ON 11 3 = THUNDER
SNOW, ICE PELLETS, HAIL 4 = ICE PELLETS
TOTAL MONTH: M 5 = HAIL
GRTST 24HR M ON M 6 = FREEZING RAIN OR DRIZZLE
GRTST DEPTH: M ON M 7 = DUSTSTORM OR SANDSTORM:
VSBY 1/2 MILE OR LESS
8 = SMOKE OR HAZE
[NO. OF DAYS WITH] [WEATHER - DAYS WITH] 9 = BLOWING SNOW
X = TORNADO
MAX 32 OR BELOW: 0 0.01 INCH OR MORE: 12
MAX 90 OR ABOVE: 0 0.10 INCH OR MORE: 9
MIN 32 OR BELOW: 0 0.50 INCH OR MORE: 2
MIN 0 OR BELOW: 0 1.00 INCH OR MORE: 1
[HDD (BASE 65) ]
TOTAL THIS MO. 508 CLEAR (SCALE 0-3) 5
DPTR FM NORMAL 26 PTCLDY (SCALE 4-7) 16
TOTAL FM JUL 1 850 CLOUDY (SCALE 8-10) 10
DPTR FM NORMAL 16
[CDD (BASE 65) ]
TOTAL THIS MO. 0
DPTR FM NORMAL 0 [PRESSURE DATA]
TOTAL FM JAN 1 1238 HIGHEST SLP 30.29 ON 18
DPTR FM NORMAL 161 LOWEST SLP 29.59 ON 13
[REMARKS]
#FINAL-12-21#