000
CXUS56 KMTR 010845
CF6CCR
PRELIMINARY LOCAL CLIMATOLOGICAL DATA (WS FORM: F-6)
STATION: CONCORD AIRPORT
MONTH: NOVEMBER
YEAR: 2020
LATITUDE: 37 58 N
LONGITUDE: 122 3 W
TEMPERATURE IN F: :PCPN: SNOW: WIND :SUNSHINE: SKY :PK WND
================================================================================
1 2 3 4 5 6A 6B 7 8 9 10 11 12 13 14 15 16 17 18
12Z AVG MX 2MIN
DY MAX MIN AVG DEP HDD CDD WTR SNW DPTH SPD SPD DIR MIN PSBL S-S WX SPD DR
================================================================================
1 82 46 64 5 1 0 0.00 M M 3.1 10 20 M M 0 15 30
2 84 47 66 7 0 1 0.00 M M 2.9 9 240 M M 0 12 360
3 78 47 63 5 2 0 0.00 M M 3.1 18 290 M M 0 8 32 290
4 80 49 65 7 0 0 0.00 M M 2.6 8 330 M M 0 13 210
5 86 53 70 12 0 5 0.00 M M 2.8 10 200 M M 0 12 210
6 67 51 59 2 6 0 0.00 M M 10.4 23 270 M M 3 29 290
7 64 48 56 -1 9 0 0.00 M M 7.1 17 230 M M 3 21 240
8 61 38 50 -6 15 0 0.01 M M 9.9 29 290 M M 2 38 270
9 60 34 47 -9 18 0 0.00 M M 3.2 9 20 M M 0 14 10
10 66 38 52 -4 13 0 0.00 M M 3.9 10 240 M M 2 8 13 150
11 59 43 51 -4 14 0 0.00 M M 3.4 10 50 M M 5 8 22 80
12 65 37 51 -4 14 0 0.00 M M 2.9 13 190 M M 0 15 190
13 61 47 54 -1 11 0 0.02 M M 9.3 24 190 M M 5 1 32 170
14 65 42 54 0 11 0 0.00 M M 2.9 12 330 M M 2 12 26 90
15 70 40 55 1 10 0 0.00 M M 3.3 12 330 M M 0 14 340
16 69 48 59 5 6 0 0.00 M M 5.0 14 30 M M 0 8 21 60
17 69 46 58 5 7 0 0.13 M M 11.0 28 180 M M 5 18 33 170
18 64 48 56 3 9 0 0.14 M M 7.3 20 240 M M 5 18 24 220
19 66 38 52 -1 13 0 0.00 M M 2.8 10 340 M M 3 1 11 340
20 66 38 52 0 13 0 0.00 M M 2.5 12 50 M M 0 16 40
21 66 35 51 -1 14 0 0.00 M M 2.3 9 30 M M 0 8 13 30
22 65 37 51 -1 14 0 0.00 M M 5.4 13 200 M M 1 18 60
23 66 47 57 6 8 0 0.00 M M 4.4 12 290 M M 4 15 320
24 70 43 57 6 8 0 0.00 M M 5.3 14 180 M M 0 21 250
25 64 42 53 2 12 0 0.00 M M 7.2 14 270 M M 1 8 25 210
26 65 36 51 1 14 0 0.00 M M 6.3 16 10 M M 0 32 330
27 63 37 50 0 15 0 0.00 M M 2.5 9 360 M M 0 14 70
28 64 34 49 -1 16 0 0.00 M M 3.2 12 30 M M 0 36 200
29 66 34 50 0 15 0 0.00 M M 3.4 10 30 M M 0 15 310
30 66 35 51 1 14 0 0.00 M M 3.7 13 320 M M 0 M M
================================================================================
SM 2037 1258 302 6 0.30 M 143.1 M 41
================================================================================
AV 67.9 41.9 4.8 FASTST M M 1 MAX(MPH)
MISC ----> 29 290 38 270
================================================================================
NOTES:
# LAST OF SEVERAL OCCURRENCES
COLUMN 17 PEAK WIND IN M.P.H.
PRELIMINARY LOCAL CLIMATOLOGICAL DATA (WS FORM: F-6) , PAGE 2
STATION: CONCORD AIRPORT
MONTH: NOVEMBER
YEAR: 2020
LATITUDE: 37 58 N
LONGITUDE: 122 3 W
[TEMPERATURE DATA] [PRECIPITATION DATA] SYMBOLS USED IN COLUMN 16
AVERAGE MONTHLY: 54.9 TOTAL FOR MONTH: 0.30 1 = FOG OR MIST
DPTR FM NORMAL: 0.9 DPTR FM NORMAL: -1.24 2 = FOG REDUCING VISIBILITY
HIGHEST: 86 ON 5 GRTST 24HR 0.26 ON 17-18 TO 1/4 MILE OR LESS
LOWEST: 34 ON 29,28 3 = THUNDER
SNOW, ICE PELLETS, HAIL 4 = ICE PELLETS
TOTAL MONTH: M 5 = HAIL
GRTST 24HR M ON M 6 = FREEZING RAIN OR DRIZZLE
GRTST DEPTH: M ON M 7 = DUSTSTORM OR SANDSTORM:
VSBY 1/2 MILE OR LESS
8 = SMOKE OR HAZE
[NO. OF DAYS WITH] [WEATHER - DAYS WITH] 9 = BLOWING SNOW
X = TORNADO
MAX 32 OR BELOW: 0 0.01 INCH OR MORE: 4
MAX 90 OR ABOVE: 0 0.10 INCH OR MORE: 2
MIN 32 OR BELOW: 0 0.50 INCH OR MORE: 0
MIN 0 OR BELOW: 0 1.00 INCH OR MORE: 0
[HDD (BASE 65) ]
TOTAL THIS MO. 302 CLEAR (SCALE 0-3) 24
DPTR FM NORMAL -28 PTCLDY (SCALE 4-7) 6
TOTAL FM JUL 1 327 CLOUDY (SCALE 8-10) 0
DPTR FM NORMAL -100
[CDD (BASE 65) ]
TOTAL THIS MO. 6
DPTR FM NORMAL 5 [PRESSURE DATA]
TOTAL FM JAN 1 1596 HIGHEST SLP M ON M
DPTR FM NORMAL 710 LOWEST SLP 29.63 ON 6
[REMARKS]
#FINAL-11-20#