000
CXUS56 KMTR 142207
CF6CCR
PRELIMINARY LOCAL CLIMATOLOGICAL DATA (WS FORM: F-6)
STATION: CONCORD AIRPORT
MONTH: JULY
YEAR: 2020
LATITUDE: 37 58 N
LONGITUDE: 122 3 W
TEMPERATURE IN F: :PCPN: SNOW: WIND :SUNSHINE: SKY :PK WND
================================================================================
1 2 3 4 5 6A 6B 7 8 9 10 11 12 13 14 15 16 17 18
12Z AVG MX 2MIN
DY MAX MIN AVG DEP HDD CDD WTR SNW DPTH SPD SPD DIR MIN PSBL S-S WX SPD DR
================================================================================
1 89 59 74 2 0 9 0.00 M M 9.7 17 250 M M 0 25 230
2 81 56 69 -3 0 4 0.00 M M 10.9 21 270 M M 0 25 250
3 85 57 71 -1 0 6 0.00 M M 10.5 17 270 M M 1 23 270
4 96 56 76 4 0 11 0.00 M M 6.2 16 320 M M 0 20 320
5 94 63 79 7 0 14 0.00 M M 10.0 17 190 M M 0 21 200
6 87 58 73 1 0 8 0.00 M M 14.0 25 180 M M 0 32 200
7 90 56 73 1 0 8 0.00 M M 9.5 20 210 M M 0 27 70
8 93 60 77 5 0 12 0.00 M M 10.9 23 200 M M 0 27 210
9 97 60 79 7 0 14 0.00 M M 8.9 21 190 M M 0 26 190
10 98 64 81 9 0 16 0.00 M M 7.9 16 300 M M 0 19 240
11 102 59 81 9 0 16 0.00 M M 6.2 18 300 M M 0 24 300
12 102 60 81 9 0 16 0.00 M M 8.6 18 200 M M 0 22 200
13 85 60 73 1 0 8 0.00 M M 15.3 23 200 M M 0 29 190
14 86 59 73 1 0 8 0.00 M M 10.4 17 230 M M 0 22 210
15 88 59 74 2 0 9 0.00 M M 10.0 17 240 M M 2 22 230
16 85 58 72 0 0 7 0.00 M M 11.8 22 260 M M 1 28 260
17 80 59 70 -2 0 5 0.00 M M 11.3 22 280 M M 0 33 100
18 92 58 75 3 0 10 0.00 M M 10.3 17 270 M M 0 23 260
19 83 59 71 -1 0 6 0.00 M M 10.4 20 270 M M 0 27 190
20 79 59 69 -3 0 4 0.00 M M 11.0 18 270 M M 3 28 100
21 84 57 71 -1 0 6 0.00 M M 9.5 20 270 M M 1 23 260
22 80 59 70 -2 0 5 0.00 M M 11.6 20 250 M M 4 26 270
23 86 59 73 1 0 8 0.00 M M 9.7 17 190 M M 3 29 210
24 85 59 72 0 0 7 0.00 M M 13.8 21 200 M M 0 25 200
25 92 56 74 2 0 9 0.00 M M 10.0 16 250 M M 0 22 70
26 89 59 74 2 0 9 0.00 M M 9.4 18 310 M M 0 22 310
27 91 58 75 3 0 10 0.00 M M 8.1 18 250 M M 0 22 250
28 91 56 74 2 0 9 0.00 M M 8.1 17 320 M M 0 22 320
29 90 56 73 1 0 8 0.00 M M 7.8 18 320 M M 0 M 270
30 89 58 74 2 0 9 0.00 M M 8.1 17 320 M M 0 43 160
31 90 56 73 1 0 8 0.00 M M 10.2 18 190 M M 0 23 190
================================================================================
SM 2759 1812 0 279 0.00 M 310.1 M 15
================================================================================
AV 89.0 58.5 10.0 FASTST M M 0 MAX(MPH)
MISC ----> 25 180 43 160
================================================================================
NOTES:
# LAST OF SEVERAL OCCURRENCES
COLUMN 17 PEAK WIND IN M.P.H.
PRELIMINARY LOCAL CLIMATOLOGICAL DATA (WS FORM: F-6) , PAGE 2
STATION: CONCORD AIRPORT
MONTH: JULY
YEAR: 2020
LATITUDE: 37 58 N
LONGITUDE: 122 3 W
[TEMPERATURE DATA] [PRECIPITATION DATA] SYMBOLS USED IN COLUMN 16
AVERAGE MONTHLY: 73.7 TOTAL FOR MONTH: 0.00 1 = FOG OR MIST
DPTR FM NORMAL: 1.4 DPTR FM NORMAL: 0.00 2 = FOG REDUCING VISIBILITY
HIGHEST: 102 ON 12,11 GRTST 24HR 0.03 ON 22-22 TO 1/4 MILE OR LESS
LOWEST: 56 ON 31,29 3 = THUNDER
SNOW, ICE PELLETS, HAIL 4 = ICE PELLETS
TOTAL MONTH: M 5 = HAIL
GRTST 24HR M ON M 6 = FREEZING RAIN OR DRIZZLE
GRTST DEPTH: M ON M 7 = DUSTSTORM OR SANDSTORM:
VSBY 1/2 MILE OR LESS
8 = SMOKE OR HAZE
[NO. OF DAYS WITH] [WEATHER - DAYS WITH] 9 = BLOWING SNOW
X = TORNADO
MAX 32 OR BELOW: 0 0.01 INCH OR MORE: 0
MAX 90 OR ABOVE: 14 0.10 INCH OR MORE: 0
MIN 32 OR BELOW: 0 0.50 INCH OR MORE: 0
MIN 0 OR BELOW: 0 1.00 INCH OR MORE: 0
[HDD (BASE 65) ]
TOTAL THIS MO. 0 CLEAR (SCALE 0-3) 28
DPTR FM NORMAL -3 PTCLDY (SCALE 4-7) 3
TOTAL FM JUL 1 0 CLOUDY (SCALE 8-10) 0
DPTR FM NORMAL 0
[CDD (BASE 65) ]
TOTAL THIS MO. 279
DPTR FM NORMAL 49 [PRESSURE DATA]
TOTAL FM JAN 1 688 HIGHEST SLP 29.99 ON 31
DPTR FM NORMAL 245 LOWEST SLP 29.71 ON 1
[REMARKS]
#FINAL-07-20#