000
CXUS56 KMTR 011000
CF6CCR
PRELIMINARY LOCAL CLIMATOLOGICAL DATA (WS FORM: F-6)
STATION: CONCORD AIRPORT
MONTH: MARCH
YEAR: 2020
LATITUDE: 37 58 N
LONGITUDE: 122 3 W
TEMPERATURE IN F: :PCPN: SNOW: WIND :SUNSHINE: SKY :PK WND
================================================================================
1 2 3 4 5 6A 6B 7 8 9 10 11 12 13 14 15 16 17 18
12Z AVG MX 2MIN
DY MAX MIN AVG DEP HDD CDD WTR SNW DPTH SPD SPD DIR MIN PSBL S-S WX SPD DR
================================================================================
1 61 46 54 0 11 0 0.00 0.0 0 8.8 21 10 M M 6 25 10
2 73 43 58 4 7 0 0.00 0.0 0 9.4 24 10 M M 0 34 10
3 77 47 62 8 3 0 0.00 0.0 0 3.8 13 40 M M 0 47 210
4 79 46 63 8 2 0 0.00 0.0 0 3.3 12 10 M M 0 15 10
5 66 46 56 1 9 0 0.00 0.0 0 7.9 17 270 M M 1 21 280
6 61 51 56 1 9 0 T 0.0 0 9.1 20 260 M M 9 24 260
7 58 46 52 -3 13 0 0.13 M 0 6.6 15 240 M M 8 1 18 240
8 58 42 50 -5 15 0 T M 0 2.3 10 280 M M 6 12 50
9 67 45 56 1 9 0 0.00 0.0 0 4.1 12 50 M M 1 21 30
10 74 45 60 5 5 0 0.00 M M 4.5 13 190 M M 2 17 80
11 74 49 62 7 3 0 0.00 M M 4.6 14 300 M M 2 19 300
12 76 47 62 7 3 0 0.00 M M 5.3 16 280 M M 0 22 280
13 68 44 56 1 9 0 0.00 M M 11.7 24 210 M M 3 8 33 210
14 53 50 52 -3 13 0 0.33 M M 8.7 21 260 M M 10 18 25 260
15 56 47 52 -3 13 0 0.26 M M 8.1 17 250 M M 10 1 24 250
16 53 41 47 -8 18 0 0.26 M M 4.1 8 60 M M 8 1 M M
17 57 40 49 -7 16 0 0.00 M M 4.3 14 180 M M 6 18 17 180
18 55 46 51 -5 14 0 0.42 M M 3.8 12 220 M M 10 1 14 210
19 63 45 54 -2 11 0 0.00 M M 3.3 12 250 M M 4 1 13 250
20 65 42 54 -2 11 0 0.00 M M 4.2 13 360 M M 1 17 360
21 66 43 55 -1 10 0 0.00 M M 4.0 14 160 M M 3 8 20 140
22 70 44 57 1 8 0 0.00 M M 5.2 14 270 M M 2 19 280
23 60 50 55 -1 10 0 0.00 M M 12.3 23 240 M M 6 29 210
24 60 46 53 -3 12 0 0.10 M M 8.1 23 190 M M 8 31 160
25 59 40 50 -6 15 0 0.00 M M 7.7 21 330 M M 3 26 330
26 61 36 49 -7 16 0 0.00 M M 6.0 18 300 M M 2 23 240
27 62 39 51 -5 14 0 0.00 M M 8.8 21 210 M M 2 27 300
28 59 48 54 -2 11 0 0.17 M M 4.8 13 250 M M 9 1 16 230
29 60 48 54 -2 11 0 0.03 M M 3.8 10 210 M M 8 1 14 320
30 66 48 57 1 8 0 0.00 M M 5.3 15 270 M M 6 19 270
31 68 48 58 2 7 0 0.00 M M 7.5 17 270 M M 4 21 280
================================================================================
SM 1985 1398 316 0 1.70 0.0 191.4 M 140
================================================================================
AV 64.0 45.1 6.2 FASTST M M 5 MAX(MPH)
MISC ----> # 24 10 47 210
================================================================================
NOTES:
# LAST OF SEVERAL OCCURRENCES
COLUMN 17 PEAK WIND IN M.P.H.
PRELIMINARY LOCAL CLIMATOLOGICAL DATA (WS FORM: F-6) , PAGE 2
STATION: CONCORD AIRPORT
MONTH: MARCH
YEAR: 2020
LATITUDE: 37 58 N
LONGITUDE: 122 3 W
[TEMPERATURE DATA] [PRECIPITATION DATA] SYMBOLS USED IN COLUMN 16
AVERAGE MONTHLY: 54.6 TOTAL FOR MONTH: 1.70 1 = FOG OR MIST
DPTR FM NORMAL: -0.8 DPTR FM NORMAL: -0.67 2 = FOG REDUCING VISIBILITY
HIGHEST: 79 ON 4 GRTST 24HR 0.46 ON 14-15 TO 1/4 MILE OR LESS
LOWEST: 36 ON 26 3 = THUNDER
SNOW, ICE PELLETS, HAIL 4 = ICE PELLETS
TOTAL MONTH: 0.0 INCH 5 = HAIL
GRTST 24HR 0.0 6 = FREEZING RAIN OR DRIZZLE
GRTST DEPTH: 0 7 = DUSTSTORM OR SANDSTORM:
VSBY 1/2 MILE OR LESS
8 = SMOKE OR HAZE
[NO. OF DAYS WITH] [WEATHER - DAYS WITH] 9 = BLOWING SNOW
X = TORNADO
MAX 32 OR BELOW: 0 0.01 INCH OR MORE: 8
MAX 90 OR ABOVE: 0 0.10 INCH OR MORE: 7
MIN 32 OR BELOW: 0 0.50 INCH OR MORE: 0
MIN 0 OR BELOW: 0 1.00 INCH OR MORE: 0
[HDD (BASE 65) ]
TOTAL THIS MO. 316 CLEAR (SCALE 0-3) 15
DPTR FM NORMAL 17 PTCLDY (SCALE 4-7) 11
TOTAL FM JUL 1 1722 CLOUDY (SCALE 8-10) 5
DPTR FM NORMAL -442
[CDD (BASE 65) ]
TOTAL THIS MO. 0
DPTR FM NORMAL -2 [PRESSURE DATA]
TOTAL FM JAN 1 0 HIGHEST SLP M ON M
DPTR FM NORMAL -2 LOWEST SLP 29.64 ON 13
[REMARKS]
#FINAL-03-20#