000
CXUS56 KMTR 050524
CF6CCR
PRELIMINARY LOCAL CLIMATOLOGICAL DATA (WS FORM: F-6)
STATION: CONCORD AIRPORT
MONTH: SEPTEMBER
YEAR: 2023
LATITUDE: 37 58 N
LONGITUDE: 122 3 W
TEMPERATURE IN F: :PCPN: SNOW: WIND :SUNSHINE: SKY :PK WND
================================================================================
1 2 3 4 5 6A 6B 7 8 9 10 11 12 13 14 15 16 17 18
12Z AVG MX 2MIN
DY MAX MIN AVG DEP HDD CDD WTR SNW DPTH SPD SPD DIR MIN PSBL S-S WX SPD DR
================================================================================
1 74 61 68 -5 0 3 0.00 M M 15.3 24 200 M M 6 32 190
2 73 63 68 -5 0 3 T M M 5.3 13 220 M M 8 19 260
3 77 63 70 -3 0 5 0.00 M M 8.0 17 240 M M 3 21 260
4 M M M M M M 0.00 M M 8.1 17 180 M M 0 22 200
5 86 M M M M M 0.00 M M 6.3 16 200 M M 0 20 200
6 82 59 71 -2 0 6 0.00 M M 7.6 14 270 M M 0 18 280
7 84 58 71 -2 0 6 0.00 M M 7.1 16 300 M M 0 20 310
8 89 55 72 -1 0 7 0.00 M M 4.8 17 270 M M 0 20 280
9 91 55 73 1 0 8 0.00 M M 6.2 16 280 M M 0 20 320
10 89 54 72 0 0 7 0.00 M M 5.3 14 340 M M 0 17 290
11 91 57 74 2 0 9 0.00 M M 7.9 18 190 M M 0 8 23 180
12 86 60 73 1 0 8 0.00 M M 11.4 22 200 M M 0 28 200
13 89 60 75 3 0 10 0.00 M M 6.3 14 280 M M 0 17 330
14 85 59 72 0 0 7 0.00 M M 6.0 16 270 M M 0 18 270
15 83 62 73 1 0 8 0.00 M M 7.9 15 270 M M 3 19 300
16 75 62 69 -3 0 4 0.00 M M 11.2 17 230 M M 5 21 260
17 74 62 68 -4 0 3 0.00 M M 11.6 20 210 M M 4 24 240
18 80 61 71 0 0 6 0.00 M M 9.2 18 240 M M 0 21 240
19 81 60 71 0 0 6 0.00 M M 8.9 15 270 M M 2 8 20 270
20 77 57 67 -4 0 2 0.00 M M 9.8 18 260 M M 0 8 22 200
21 78 55 67 -4 0 2 0.00 M M 7.7 16 230 M M 0 8 19 250
22 76 54 65 -6 0 0 0.00 M M 5.1 15 330 M M 1 18 19 330
23 75 52 64 -6 1 0 0.00 M M 5.9 15 250 M M 0 20 260
24 75 51 63 -7 2 0 0.00 M M 8.6 17 250 M M 0 26 270
25 77 55 66 -4 0 1 0.00 M M 8.9 20 250 M M 2 27 260
26 80 62 71 1 0 6 0.00 M M 7.5 16 310 M M 4 18 21 320
27 83 55 69 -1 0 4 0.00 M M 9.2 21 280 M M 0 25 270
28 85 57 71 1 0 6 0.00 M M 6.6 12 250 M M 0 19 280
29 76 60 68 -1 0 3 T M M 13.1 23 230 M M 2 28 240
30 72 59 66 -3 0 1 0.01 M M 8.2 15 210 M M 7 19 190
================================================================================
SM 2343 1628 3 131 0.01 M 245.0 M 47
================================================================================
AV 80.8 58.1 8.2 FASTST M M 2 MAX(MPH)
MISC ----> 24 200 32 190
================================================================================
NOTES:
# LAST OF SEVERAL OCCURRENCES
COLUMN 17 PEAK WIND IN M.P.H.
PRELIMINARY LOCAL CLIMATOLOGICAL DATA (WS FORM: F-6) , PAGE 2
STATION: CONCORD AIRPORT
MONTH: SEPTEMBER
YEAR: 2023
LATITUDE: 37 58 N
LONGITUDE: 122 3 W
[TEMPERATURE DATA] [PRECIPITATION DATA] SYMBOLS USED IN COLUMN 16
AVERAGE MONTHLY: 69.5 TOTAL FOR MONTH: 0.01 1 = FOG OR MIST
DPTR FM NORMAL: -2.1 DPTR FM NORMAL: -0.05 2 = FOG REDUCING VISIBILITY
HIGHEST: 91 ON 11, 9 GRTST 24HR 0.01 ON 29-30 TO 1/4 MILE OR LESS
LOWEST: 51 ON 24 3 = THUNDER
SNOW, ICE PELLETS, HAIL 4 = ICE PELLETS
TOTAL MONTH: M 5 = HAIL
GRTST 24HR M ON M 6 = FREEZING RAIN OR DRIZZLE
GRTST DEPTH: M ON M 7 = DUSTSTORM OR SANDSTORM:
VSBY 1/2 MILE OR LESS
8 = SMOKE OR HAZE
[NO. OF DAYS WITH] [WEATHER - DAYS WITH] 9 = BLOWING SNOW
X = TORNADO
MAX 32 OR BELOW: 0 0.01 INCH OR MORE: 1
MAX 90 OR ABOVE: 2 0.10 INCH OR MORE: 0
MIN 32 OR BELOW: 0 0.50 INCH OR MORE: 0
MIN 0 OR BELOW: 0 1.00 INCH OR MORE: 0
[HDD (BASE 65) ]
TOTAL THIS MO. 3 CLEAR (SCALE 0-3) 22
DPTR FM NORMAL -3 PTCLDY (SCALE 4-7) 8
TOTAL FM JUL 1 7 CLOUDY (SCALE 8-10) 0
DPTR FM NORMAL 4
[CDD (BASE 65) ]
TOTAL THIS MO. 131
DPTR FM NORMAL -71 [PRESSURE DATA]
TOTAL FM JAN 1 900 HIGHEST SLP 30.12 ON 26
DPTR FM NORMAL -102 LOWEST SLP 29.67 ON 1
[REMARKS]
#FINAL-09-23#