000
CXUS56 KMTR 010900
CF6CCR
PRELIMINARY LOCAL CLIMATOLOGICAL DATA (WS FORM: F-6)
STATION: CONCORD AIRPORT
MONTH: AUGUST
YEAR: 2023
LATITUDE: 37 58 N
LONGITUDE: 122 3 W
TEMPERATURE IN F: :PCPN: SNOW: WIND :SUNSHINE: SKY :PK WND
================================================================================
1 2 3 4 5 6A 6B 7 8 9 10 11 12 13 14 15 16 17 18
12Z AVG MX 2MIN
DY MAX MIN AVG DEP HDD CDD WTR SNW DPTH SPD SPD DIR MIN PSBL S-S WX SPD DR
================================================================================
1 85 59 72 -2 0 7 0.00 M M 13.7 23 200 M M 1 8 28 180
2 79 59 69 -5 0 4 T M M 15.3 22 190 M M 2 28 190
3 74 57 66 -8 0 1 0.00 M M 18.0 23 190 M M 0 29 190
4 90 58 74 0 0 9 0.00 M M 11.5 18 190 M M 0 24 210
5 96 59 78 4 0 13 0.00 M M 7.9 17 190 M M 0 21 190
6 102 62 82 8 0 17 0.00 M M 4.9 15 280 M M 0 18 270
7 98 65 82 8 0 17 0.00 M M 8.8 21 210 M M 0 8 24 210
8 80 60 70 -4 0 5 0.00 M M 13.0 21 270 M M 0 25 280
9 86 58 72 -2 0 7 0.00 M M 9.3 20 250 M M 1 25 260
10 86 60 73 -1 0 8 0.00 M M 10.4 18 200 M M 0 26 210
11 87 61 74 0 0 9 0.00 M M 10.4 18 200 M M 1 22 200
12 93 59 76 2 0 11 0.00 M M 7.5 17 290 M M 0 22 290
13 97 62 80 6 0 15 T M M 7.7 24 270 M M 0 3 30 270
14 94 67 81 7 0 16 0.00 M M 6.4 18 300 M M 0 22 310
15 98 65 82 8 0 17 0.00 M M 6.0 16 310 M M 1 20 310
16 98 63 81 7 0 16 0.00 M M 7.4 18 320 M M 0 21 310
17 93 64 79 5 0 14 0.00 M M 9.3 18 240 M M 0 22 330
18 83 63 73 -1 0 8 0.00 M M 9.4 16 260 M M 3 20 250
19 88 60 74 0 0 9 0.00 M M 8.4 18 270 M M 0 22 270
20 93 63 78 4 0 13 0.00 M M 6.0 17 310 M M 0 21 310
21 81 66 74 0 0 9 T M M 10.4 21 220 M M 4 26 200
22 87 66 77 3 0 12 0.00 M M 6.5 17 310 M M 3 21 320
23 96 64 80 6 0 15 0.00 M M 4.2 20 290 M M 0 24 280
24 89 63 76 2 0 11 0.00 M M 8.1 18 250 M M 0 8 22 250
25 83 62 73 -1 0 8 0.00 M M 9.2 15 260 M M 3 21 270
26 87 58 73 -1 0 8 0.00 M M 8.0 17 310 M M 0 20 290
27 91 57 74 0 0 9 0.00 M M 7.5 16 280 M M 0 21 290
28 95 59 77 3 0 12 0.00 M M 6.9 16 190 M M 0 19 190
29 92 60 76 2 0 11 0.00 M M 9.2 18 190 M M 0 23 200
30 97 61 79 6 0 14 0.00 M M 4.0 13 280 M M 0 15 290
31 83 60 72 -1 0 7 0.00 M M 10.3 25 200 M M 0 8 31 200
================================================================================
SM 2781 1900 0 332 T M 275.6 M 19
================================================================================
AV 89.7 61.3 8.9 FASTST M M 1 MAX(MPH)
MISC ----> 25 200 31 200
================================================================================
NOTES:
# LAST OF SEVERAL OCCURRENCES
COLUMN 17 PEAK WIND IN M.P.H.
PRELIMINARY LOCAL CLIMATOLOGICAL DATA (WS FORM: F-6) , PAGE 2
STATION: CONCORD AIRPORT
MONTH: AUGUST
YEAR: 2023
LATITUDE: 37 58 N
LONGITUDE: 122 3 W
[TEMPERATURE DATA] [PRECIPITATION DATA] SYMBOLS USED IN COLUMN 16
AVERAGE MONTHLY: 75.5 TOTAL FOR MONTH: T 1 = FOG OR MIST
DPTR FM NORMAL: 1.9 DPTR FM NORMAL: -0.02 2 = FOG REDUCING VISIBILITY
HIGHEST: 102 ON 6 GRTST 24HR T ON 2- 2 TO 1/4 MILE OR LESS
LOWEST: 57 ON 27, 3 3 = THUNDER
SNOW, ICE PELLETS, HAIL 4 = ICE PELLETS
TOTAL MONTH: M 5 = HAIL
GRTST 24HR M ON M 6 = FREEZING RAIN OR DRIZZLE
GRTST DEPTH: M ON M 7 = DUSTSTORM OR SANDSTORM:
VSBY 1/2 MILE OR LESS
8 = SMOKE OR HAZE
[NO. OF DAYS WITH] [WEATHER - DAYS WITH] 9 = BLOWING SNOW
X = TORNADO
MAX 32 OR BELOW: 0 0.01 INCH OR MORE: 0
MAX 90 OR ABOVE: 16 0.10 INCH OR MORE: 0
MIN 32 OR BELOW: 0 0.50 INCH OR MORE: 0
MIN 0 OR BELOW: 0 1.00 INCH OR MORE: 0
[HDD (BASE 65) ]
TOTAL THIS MO. 0 CLEAR (SCALE 0-3) 30
DPTR FM NORMAL -1 PTCLDY (SCALE 4-7) 1
TOTAL FM JUL 1 4 CLOUDY (SCALE 8-10) 0
DPTR FM NORMAL 2
[CDD (BASE 65) ]
TOTAL THIS MO. 332
DPTR FM NORMAL 63 [PRESSURE DATA]
TOTAL FM JAN 1 769 HIGHEST SLP M ON M
DPTR FM NORMAL -31 LOWEST SLP 29.53 ON 20
[REMARKS]
#FINAL-08-23#